000
CDUS44 KSHV 250753
CLITXK


CLIMATE REPORT
NATIONAL WEATHER SERVICE SHREVEPORT, LA
249 AM CDT WED APR 25 2018


...................................

...THE TEXARKANA CLIMATE SUMMARY FOR APRIL 24 2018...

CLIMATE NORMAL PERIOD 1981 TO 2010
CLIMATE RECORD PERIOD 1896 TO 2018


WEATHER ITEM   OBSERVED TIME   RECORD YEAR NORMAL DEPARTURE LAST
                VALUE   (LST)  VALUE       VALUE  FROM      YEAR
                                                  NORMAL
..................................................................
TEMPERATURE (F)
 YESTERDAY
  MAXIMUM         79    509 PM  95    1965  77      2       77
  MINIMUM         50    541 AM  38    1903  55     -5       44
  AVERAGE         65                        66     -1       61

PRECIPITATION (IN)
  YESTERDAY        0.00          3.43 1964   0.14  -0.14     0.00
  MONTH TO DATE    2.31                      3.04  -0.73     3.28
  SINCE DEC 1     29.58                     19.68   9.90    21.02
  SINCE JAN 1     22.99                     14.63   8.36    14.60

SNOWFALL (IN)
  YESTERDAY        0.0
  MONTH TO DATE    0.0
  SINCE MAR 1      0.0
  SINCE JUL 1      2.0
  SNOW DEPTH       0

DEGREE DAYS
 HEATING
  YESTERDAY        0                         2     -2        4
  MONTH TO DATE  178                        99     79       34
  SINCE MAR 1    397                       399     -2      233
  SINCE JUL 1   2512                      2593    -81     1684

 COOLING
  YESTERDAY        0                         3     -3        0
  MONTH TO DATE   16                        53    -37       76
  SINCE MAR 1     44                        72    -28      125
  SINCE JAN 1     58                        76    -18      157
..................................................................


WIND (MPH)
  HIGHEST WIND SPEED    13   HIGHEST WIND DIRECTION     W (290)
  HIGHEST GUST SPEED    17   HIGHEST GUST DIRECTION     N (350)
  AVERAGE WIND SPEED     4.3


SKY COVER
  POSSIBLE SUNSHINE  MM
  AVERAGE SKY COVER 0.0


WEATHER CONDITIONS
 THE FOLLOWING WEATHER WAS RECORDED YESTERDAY.
  NO SIGNIFICANT WEATHER WAS OBSERVED.


RELATIVE HUMIDITY (PERCENT)
 HIGHEST   100           100 AM
 LOWEST     35           400 PM
 AVERAGE    68

..........................................................


THE TEXARKANA CLIMATE NORMALS FOR TODAY
                         NORMAL    RECORD    YEAR
 MAXIMUM TEMPERATURE (F)   78        91      1900
 MINIMUM TEMPERATURE (F)   55        33      1898


SUNRISE AND SUNSET
APRIL 25 2018.........SUNRISE   634 AM CDT   SUNSET   754 PM CDT
APRIL 26 2018.........SUNRISE   633 AM CDT   SUNSET   755 PM CDT


-  INDICATES NEGATIVE NUMBERS.
R  INDICATES RECORD WAS SET OR TIED.
MM INDICATES DATA IS MISSING.
T  INDICATES TRACE AMOUNT.




$$
