000
CXUS53 KDLH 240627
CF6ASX
PRELIMINARY LOCAL CLIMATOLOGICAL DATA (WS FORM: F-6)
STATION: ASHLAND
MONTH: APRIL
YEAR: 2024
LATITUDE: 46 32 N
LONGITUDE: 90 55 W
TEMPERATURE IN F: :PCPN: SNOW: WIND :SUNSHINE: SKY :PK WND
================================================================================
1 2 3 4 5 6A 6B 7 8 9 10 11 12 13 14 15 16 17 18
12Z AVG MX 2MIN
DY MAX MIN AVG DEP HDD CDD WTR SNW DPTH SPD SPD DIR MIN PSBL S-S WX SPD DR
================================================================================
1 38 24 31 -3 34 0 M M M 8.2 15 40 M M 5 19 20
2 39 31 35 1 30 0 M M M 12.5 29 30 M M 10 1 42 30
3 39 33 36 1 29 0 M M M 21.4 33 10 M M 9 18 50 20
4 43 27 35 0 30 0 M M M 11.6 22 20 M M 6 32 10
5 44 20 32 -3 33 0 0.00 M M 5.3 16 30 M M 0 22 10
6 49 23 36 0 29 0 0.00 M M 6.1 20 50 M M 2 12 25 50
7 60 29 45 9 20 0 T M M 8.3 20 130 M M 4 1 30 160
8 48 40 44 8 21 0 0.18 M M 6.0 17 220 M M 10 1 25 210
9 61 40 51 14 14 0 0.05 M M 7.9 20 260 M M 10 1 27 250
10 71 38 55 18 10 0 0.00 M M 7.0 22 310 M M 4 33 300
11 62 36 49 11 16 0 0.00 M M 7.4 15 10 M M 3 23 10
12 57 30 44 6 21 0 0.00 M M 10.9 22 310 M M 4 33 280
13 71 27 49 11 16 0 T M M 7.0 28 20 M M 2 35 50
14 69 31 50 11 15 0 0.00 M M 6.6 21 310 M M 1 34 290
15 61 38 50 11 15 0 0.00 M M 7.2 13 60 M M 0 19 60
16 56 38 47 7 18 0 0.32 M M 12.8 24 50 M M 3 1 32 50
17 44 40 42 2 23 0 0.51 M M 9.6 18 40 M M 10 1 26 30
18 57 38 48 8 17 0 0.00 M M 13.5 25 250 M M 4 36 260
19 40 32 36 -5 29 0 T M M 14.1 26 250 M M 9 37 240
20 48 32 40 -1 25 0 0.00 M M 12.3 22 260 M M 7 30 290
21 61 32 47 5 18 0 0.00 M M 9.5 23 280 M M 0 35 280
22 69 35 52 10 13 0 T M M 12.3 28 200 M M 2 39 200
23 59 26 43 0 22 0 0.05 M M 10.2 31 30 M M 4 1 43 30
================================================================================
SM 1246 740 498 0 1.11 M 227.7 M 109
================================================================================
AV 54.2 32.2 9.9 FASTST M M 5 MAX(MPH)
MISC ----> 33 10 50 20
================================================================================
NOTES:
# LAST OF SEVERAL OCCURRENCES
COLUMN 17 PEAK WIND IN M.P.H.
PRELIMINARY LOCAL CLIMATOLOGICAL DATA (WS FORM: F-6) , PAGE 2
STATION: ASHLAND
MONTH: APRIL
YEAR: 2024
LATITUDE: 46 32 N
LONGITUDE: 90 55 W
[TEMPERATURE DATA] [PRECIPITATION DATA] SYMBOLS USED IN COLUMN 16
AVERAGE MONTHLY: 43.2 TOTAL FOR MONTH: 1.11 1 = FOG OR MIST
DPTR FM NORMAL: 5.1 DPTR FM NORMAL: -0.49 2 = FOG REDUCING VISIBILITY
HIGHEST: 71 ON 13,10 GRTST 24HR 0.83 ON 16-17 TO 1/4 MILE OR LESS
LOWEST: 20 ON 5 3 = THUNDER
SNOW, ICE PELLETS, HAIL 4 = ICE PELLETS
TOTAL MONTH: M 5 = HAIL
GRTST 24HR M ON M 6 = FREEZING RAIN OR DRIZZLE
GRTST DEPTH: M ON M 7 = DUSTSTORM OR SANDSTORM:
VSBY 1/2 MILE OR LESS
8 = SMOKE OR HAZE
[NO. OF DAYS WITH] [WEATHER - DAYS WITH] 9 = BLOWING SNOW
X = TORNADO
MAX 32 OR BELOW: 0 0.01 INCH OR MORE: 5
MAX 90 OR ABOVE: 0 0.10 INCH OR MORE: 3
MIN 32 OR BELOW: 13 0.50 INCH OR MORE: 1
MIN 0 OR BELOW: 0 1.00 INCH OR MORE: 0
[HDD (BASE 65) ]
TOTAL THIS MO. 498 CLEAR (SCALE 0-3) 8
DPTR FM NORMAL -118 PTCLDY (SCALE 4-7) 9
TOTAL FM JUL 1 6603 CLOUDY (SCALE 8-10) 6
DPTR FM NORMAL -1457
[CDD (BASE 65) ]
TOTAL THIS MO. 0
DPTR FM NORMAL 0 [PRESSURE DATA]
TOTAL FM JAN 1 0 HIGHEST SLP M ON M
DPTR FM NORMAL 0 LOWEST SLP 29.53 ON 23
[REMARKS]