000
CXUS54 KFWD 250730
CF6F44
PRELIMINARY LOCAL CLIMATOLOGICAL DATA (WS FORM: F-6)
STATION: ATHENS
MONTH: APRIL
YEAR: 2024
LATITUDE: 32 9 N
LONGITUDE: 95 50 W
TEMPERATURE IN F: :PCPN: SNOW: WIND :SUNSHINE: SKY :PK WND
================================================================================
1 2 3 4 5 6A 6B 7 8 9 10 11 12 13 14 15 16 17 18
12Z AVG MX 2MIN
DY MAX MIN AVG DEP HDD CDD WTR SNW DPTH SPD SPD DIR MIN PSBL S-S WX SPD DR
================================================================================
1 82 70 76 M 0 11 0.04 M M 10.0 17 190 M M 7 18 25 190
2 70 54 62 M 3 0 0.02 M M 5.8 14 340 M M 6 23 330
3 70 43 57 M 8 0 0.00 M M 4.1 14 340 M M 0 25 330
4 79 39 59 M 6 0 0.00 M M 1.2 7 240 M M 0 M M
5 84 50 67 M 0 2 0.00 M M 3.2 9 180 M M 0 30 180
6 81 55 68 M 0 3 0.00 M M 11.8 21 180 M M 3 29 180
7 77 54 66 M 0 1 0.00 M M 3.4 9 320 M M 4 17 320
8 81 54 68 M 0 3 1.40 M M 3.2 8 110 M M 7 13 23 0
9 68 61 65 M 0 0 2.45 M M 7.1 18 70 M M 10 3 36 70
10 64 55 60 M 5 0 1.24 M M 5.8 12 300 M M 10 3 32 300
11 72 50 61 M 4 0 0.00 M M 5.8 10 340 M M 0 20 350
12 79 45 62 M 3 0 0.00 M M 2.4 9 160 M M 0 M M
13 81 52 67 M 0 2 0.00 M M 7.1 18 180 M M 0 26 170
14 79 63 71 M 0 6 0.00 M M 7.6 13 190 M M 5 20 190
15 79 66 73 M 0 8 0.00 M M 8.6 15 150 M M 9 24 150
16 75 68 72 M 0 7 0.04 M M 5.7 15 150 M M 10 138 29 190
17 82 68 75 M 0 10 0.00 M M 4.7 9 140 M M 7 1 23 130
18 86 70 78 M 0 13 M M M 3.2 9 190 M M 8 1 17 210
19 73 61 67 M 0 2 0.00 M M 6.0 12 360 M M 9 1 20 360
20 64 46 55 M 10 0 1.22 M M 9.0 20 360 M M 10 1 25 40
21 66 48 57 M 8 0 0.00 M M 7.1 14 360 M M 5 21 360
22 70 41 56 M 9 0 0.00 M M 3.1 9 180 M M 0 16 180
23 77 52 65 M 0 0 M M M 6.9 13 180 M M 4 23 200
24 82 68 75 M 0 10 0.00 M M 3.7 8 180 M M 7 M M
================================================================================
SM 1821 1333 56 78 6.41 M 136.4 M 121
================================================================================
AV 75.9 55.5 5.7 FASTST M M 5 MAX(MPH)
MISC ----> 21 180 36 70
================================================================================
NOTES:
# LAST OF SEVERAL OCCURRENCES
COLUMN 17 PEAK WIND IN M.P.H.
PRELIMINARY LOCAL CLIMATOLOGICAL DATA (WS FORM: F-6) , PAGE 2
STATION: ATHENS
MONTH: APRIL
YEAR: 2024
LATITUDE: 32 9 N
LONGITUDE: 95 50 W
[TEMPERATURE DATA] [PRECIPITATION DATA] SYMBOLS USED IN COLUMN 16
AVERAGE MONTHLY: 65.7 TOTAL FOR MONTH: 6.41 1 = FOG OR MIST
DPTR FM NORMAL: 0.0 DPTR FM NORMAL: 6.41 2 = FOG REDUCING VISIBILITY
HIGHEST: 86 ON 18 GRTST 24HR 2.45 ON 9- 9 TO 1/4 MILE OR LESS
LOWEST: 39 ON 4 3 = THUNDER
SNOW, ICE PELLETS, HAIL 4 = ICE PELLETS
TOTAL MONTH: M 5 = HAIL
GRTST 24HR M ON M 6 = FREEZING RAIN OR DRIZZLE
GRTST DEPTH: M ON M 7 = DUSTSTORM OR SANDSTORM:
VSBY 1/2 MILE OR LESS
8 = SMOKE OR HAZE
[NO. OF DAYS WITH] [WEATHER - DAYS WITH] 9 = BLOWING SNOW
X = TORNADO
MAX 32 OR BELOW: 0 0.01 INCH OR MORE: 7
MAX 90 OR ABOVE: 0 0.10 INCH OR MORE: 4
MIN 32 OR BELOW: 0 0.50 INCH OR MORE: 4
MIN 0 OR BELOW: 0 1.00 INCH OR MORE: 4
[HDD (BASE 65) ]
TOTAL THIS MO. 56 CLEAR (SCALE 0-3) 8
DPTR FM NORMAL M PTCLDY (SCALE 4-7) 10
TOTAL FM JUL 1 1953 CLOUDY (SCALE 8-10) 6
DPTR FM NORMAL M
[CDD (BASE 65) ]
TOTAL THIS MO. 78
DPTR FM NORMAL M [PRESSURE DATA]
TOTAL FM JAN 1 152 HIGHEST SLP M ON M
DPTR FM NORMAL M LOWEST SLP M ON M
[REMARKS]