000
CXUS54 KFWD 250730
CF6T35
PRELIMINARY LOCAL CLIMATOLOGICAL DATA (WS FORM: F-6)
STATION: CAMERON
MONTH: APRIL
YEAR: 2024
LATITUDE: 30 52 N
LONGITUDE: 96 58 W
TEMPERATURE IN F: :PCPN: SNOW: WIND :SUNSHINE: SKY :PK WND
================================================================================
1 2 3 4 5 6A 6B 7 8 9 10 11 12 13 14 15 16 17 18
12Z AVG MX 2MIN
DY MAX MIN AVG DEP HDD CDD WTR SNW DPTH SPD SPD DIR MIN PSBL S-S WX SPD DR
================================================================================
1 82 70 76 M 0 11 0.01 M M 12.2 22 180 M M 7 8 29 180
2 71 51 61 M 4 0 0.01 M M 10.6 20 340 M M 2 26 330
3 80 47 64 M 1 0 0.00 M M 7.4 17 320 M M 0 24 320
4 85 46 66 M 0 1 0.00 M M 4.3 10 190 M M 0 M M
5 87 58 73 M 0 8 0.00 M M 10.4 15 170 M M 0 25 170
6 80 61 71 M 0 6 0.00 M M 12.2 21 190 M M 7 26 190
7 79 61 70 M 0 5 0.00 M M 4.5 10 350 M M 3 8 16 20
8 82 62 72 M 0 7 0.15 M M 4.5 10 150 M M 8 13 M M
9 73 64 69 M 0 4 1.01 M M 6.7 17 330 M M 9 13 32 210
10 70 56 63 M 2 0 0.22 M M 12.9 24 290 M M 7 13 33 290
11 78 52 65 M 0 0 0.00 M M 6.4 14 330 M M 0 21 340
12 81 51 66 M 0 1 0.00 M M 5.6 13 180 M M 0 18 180
13 82 56 69 M 0 4 0.00 M M 9.5 18 180 M M 0 23 180
14 83 64 74 M 0 9 0.00 M M 9.0 14 180 M M 5 21 170
15 82 70 76 M 0 11 0.00 M M 11.4 16 160 M M 8 29 160
16 80 69 75 M 0 10 0.13 M M 6.2 13 160 M M 9 1 20 160
17 82 72 77 M 0 12 0.00 M M 4.8 13 150 M M 8 1 21 150
18 89 73 81 M 0 16 M M M 6.5 15 180 M M 7 1 18 180
19 74 65 70 M 0 5 0.00 M M 6.3 10 360 M M 8 17 360
20 70 51 61 M 4 0 1.49 M M 8.2 18 350 M M 10 13 24 10
21 68 50 59 M 6 0 0.00 M M 10.0 15 10 M M 5 1 28 360
22 73 47 60 M 5 0 0.00 M M 4.7 10 180 M M 0 16 170
23 75 54 65 M 0 0 M M M 7.6 13 170 M M 6 21 190
24 83 66 75 M 0 10 M M M 5.4 10 170 M M 8 1 16 170
================================================================================
SM 1889 1416 22 120 3.02 M 187.3 M 117
================================================================================
AV 78.7 59.0 7.8 FASTST M M 5 MAX(MPH)
MISC ----> 24 290 33 290
================================================================================
NOTES:
# LAST OF SEVERAL OCCURRENCES
COLUMN 17 PEAK WIND IN M.P.H.
PRELIMINARY LOCAL CLIMATOLOGICAL DATA (WS FORM: F-6) , PAGE 2
STATION: CAMERON
MONTH: APRIL
YEAR: 2024
LATITUDE: 30 52 N
LONGITUDE: 96 58 W
[TEMPERATURE DATA] [PRECIPITATION DATA] SYMBOLS USED IN COLUMN 16
AVERAGE MONTHLY: 68.9 TOTAL FOR MONTH: 3.02 1 = FOG OR MIST
DPTR FM NORMAL: 0.0 DPTR FM NORMAL: 3.02 2 = FOG REDUCING VISIBILITY
HIGHEST: 89 ON 18 GRTST 24HR 1.49 ON 20-20 TO 1/4 MILE OR LESS
LOWEST: 46 ON 4 3 = THUNDER
SNOW, ICE PELLETS, HAIL 4 = ICE PELLETS
TOTAL MONTH: M 5 = HAIL
GRTST 24HR M ON M 6 = FREEZING RAIN OR DRIZZLE
GRTST DEPTH: M ON M 7 = DUSTSTORM OR SANDSTORM:
VSBY 1/2 MILE OR LESS
8 = SMOKE OR HAZE
[NO. OF DAYS WITH] [WEATHER - DAYS WITH] 9 = BLOWING SNOW
X = TORNADO
MAX 32 OR BELOW: 0 0.01 INCH OR MORE: 7
MAX 90 OR ABOVE: 0 0.10 INCH OR MORE: 5
MIN 32 OR BELOW: 0 0.50 INCH OR MORE: 2
MIN 0 OR BELOW: 0 1.00 INCH OR MORE: 2
[HDD (BASE 65) ]
TOTAL THIS MO. 22 CLEAR (SCALE 0-3) 9
DPTR FM NORMAL M PTCLDY (SCALE 4-7) 9
TOTAL FM JUL 1 1476 CLOUDY (SCALE 8-10) 6
DPTR FM NORMAL M
[CDD (BASE 65) ]
TOTAL THIS MO. 120
DPTR FM NORMAL M [PRESSURE DATA]
TOTAL FM JAN 1 226 HIGHEST SLP M ON M
DPTR FM NORMAL M LOWEST SLP M ON M
[REMARKS]