000
CXUS51 KBGM 011814 CCA
CLMSYR
CLIMATE REPORT...CORRECTED
NATIONAL WEATHER SERVICE BINGHAMTON,NY
113 PM EST FRI MAR 01 2024
...................................
...THE SYRACUSE NY CLIMATE SUMMARY FOR THE MONTH OF FEBRUARY 2024...
CLIMATE NORMAL PERIOD 1991 TO 2020
CLIMATE RECORD PERIOD 1902 TO 2024
WEATHER OBSERVED NORMAL DEPART LAST YEAR`S
VALUE DATE(S) VALUE FROM VALUE DATE(S)
NORMAL
................................................................
TEMPERATURE (F)
RECORD
HIGH 75 02/21/2018
LOW -26 02/18/1979
HIGHEST 71 02/27 33 38 69 02/15
LOWEST 7 02/20 16 -9 -13 02/04
AVG. MAXIMUM 43.4 33.6 9.8 41.9
AVG. MINIMUM 25.5 17.5 8.0 21.4
MEAN 34.5R 25.5 9.0 31.6
DAYS MAX >= 90 0 0.0 0.0 0
DAYS MAX <= 32 6 12.6 -6.6 5
DAYS MIN <= 32 22 25.7 -3.7 25
DAYS MIN <= 0 0 2.3 -2.3 2
PRECIPITATION (INCHES)
RECORD
MAXIMUM 5.38 1951
MINIMUM 0.63 1987
TOTALS 1.39 2.46 -1.07 2.58
DAILY AVG. 0.05 NAN NAN 0.09
DAYS >= .01 13 16.6 -3.6 17
DAYS >= .10 5 6.8 -1.8 6
DAYS >= .50 0 1.1 -1.1 2
DAYS >= 1.00 0 0.2 -0.2 0
GREATEST
24 HR. TOTAL 0.56 02/28 TO 02/29
SNOWFALL (INCHES)
RECORDS
TOTAL 72.6 1958
24 HR TOTAL 20.8 02/04/1961 TO 02/04/1961
SNOW DEPTH 48 02/01/1966
02/21/1958
02/20/1958
TOTALS 17.7 30.3 -12.6 21.6
SINCE 7/1 45.6 104.9 -59.3 51.9
SNOWDEPTH AVG. 1 2
DAYS >= TRACE 10 15.2 -5.2 16
DAYS >= 1.0 4 8.5 -4.5 7
GREATEST
SNOW DEPTH 11 02/29 7 02/04
24 HR TOTAL 11.1 02/28 TO 02/29 6.0
DEGREE DAYS
HEATING TOTAL 878 1104 -226 928
SINCE 7/1 3876 4828 -952 4029
COOLING TOTAL 0 0 0 0
SINCE 1/1 0 0 0 0
................................................................
WIND (MPH)
AVERAGE WIND SPEED 8.9
RESULTANT WIND SPEED/DIRECTION 4/260
HIGHEST WIND SPEED/DIRECTION 40/250 DATE 02/28
HIGHEST GUST SPEED/DIRECTION 58/250 DATE 02/16
SKY COVER
POSSIBLE SUNSHINE (PERCENT) MM
AVERAGE SKY COVER 0.70
NUMBER OF DAYS FAIR 2
NUMBER OF DAYS PC 11
NUMBER OF DAYS CLOUDY 16
AVERAGE RH (PERCENT) 61
WEATHER CONDITIONS. NUMBER OF DAYS WITH
THUNDERSTORM 0 MIXED PRECIP 0
HEAVY RAIN 1 RAIN 1
LIGHT RAIN 9 FREEZING RAIN 0
LT FREEZING RAIN 0 HAIL 1
HEAVY SNOW 4 SNOW 5
LIGHT SNOW 10 SLEET 3
FOG 7 FOG W/VIS <= 1/4 MILE 1
HAZE 8
- INDICATES NEGATIVE NUMBERS.
R INDICATES RECORD WAS SET OR TIED.
MM INDICATES DATA IS MISSING.
T INDICATES TRACE AMOUNT.
&&
REPLACED MISSING 2023 DATA WITH ACTUAL
CORRECTED GREATEST SNOW DEPTH AND GREATEST 24 HOUR SNOWFALL
WARMEST FEBRUARY OLD RECORD 33.7F IN 1981
$$
TAC