000
CXUS54 KJAN 050046
CLSGLH
CLIMATE REPORT
NATIONAL WEATHER SERVICE JACKSON MS
646 PM CST MON MAR 04 2024
...................................
...THE GREENVILLE CLIMATE SUMMARY FOR THE SEASON, FROM
12/1/2023 TO 2/29/2024...
CLIMATE NORMAL PERIOD: 1991 TO 2020
CLIMATE RECORD PERIOD: 1903 TO 2024
WEATHER OBSERVED NORMAL DEPART LAST YEAR`S
VALUE DATE(S) VALUE FROM VALUE DATE(S)
NORMAL
................................................................
TEMPERATURE (F)
RECORD
HIGH 91 02/09/1950
LOW -2 02/02/1951
HIGHEST 85 02/27 MM MM 81 01/02
12/07
LOWEST 8 01/16 MM MM 10 12/23
AVG. MAXIMUM 59.4 55.4 4.0 61.0
AVG. MINIMUM 38.7 36.7 2.0 42.7
MEAN 49.0 46.1 2.9 51.9
DAYS MAX >= 90 0 0.0 0.0 0
DAYS MAX <= 32 3 1.7 1.3 1
DAYS MIN <= 32 25 34.2 -9.2 MM
DAYS MIN <= 0 0 0.0 0.0 MM
PRECIPITATION (INCHES)
RECORD
MAXIMUM 43.49 1932
MINIMUM 4.89 1981
TOTALS 15.44 14.31 1.13 14.52
DAILY AVG. 0.17 NAN NAN 0.16
DAYS >= .01 28 29.1 -1.1 36
DAYS >= .10 23 20.0 3.0 23
DAYS >= .50 11 10.4 0.6 11
DAYS >= 1.00 7 4.7 2.3 3
SNOWFALL (INCHES)
TOTALS 0.0
DEGREE DAYS
HEATING TOTAL 1466 1723 -257 1238
SINCE 7/1 1820 2217 -397 MM
COOLING TOTAL 21 11 10 74
SINCE 1/1 19 7 12 MM
FREEZE DATES
RECORD
EARLIEST MM
LATEST MM
................................................................
WIND (MPH)
AVERAGE WIND SPEED 9.0
HIGHEST WIND SPEED/DIRECTION 39/340 DATE 02/16
HIGHEST GUST SPEED/DIRECTION 56/250 DATE 01/12
SKY COVER
POSSIBLE SUNSHINE (PERCENT) MM
AVERAGE SKY COVER 0.35
NUMBER OF DAYS FAIR 51
NUMBER OF DAYS PC 22
NUMBER OF DAYS CLOUDY 18
AVERAGE RH (PERCENT) 68
WEATHER CONDITIONS. NUMBER OF DAYS WITH
THUNDERSTORM 6 MIXED PRECIP 0
HEAVY RAIN 14 RAIN 19
LIGHT RAIN 29 FREEZING RAIN 0
LT FREEZING RAIN 0 HAIL 0
HEAVY SNOW 0 SNOW 1
LIGHT SNOW 2 SLEET 0
FOG 33 FOG W/VIS <= 1/4 MILE 9
HAZE 14
- INDICATES NEGATIVE NUMBERS.
R INDICATES RECORD WAS SET OR TIED.
MM INDICATES DATA IS MISSING.
T INDICATES TRACE AMOUNT.
$$