000
CXUS54 KMAF 011110
CF6SNK
PRELIMINARY LOCAL CLIMATOLOGICAL DATA (WS FORM: F-6)
STATION: SNYDER WINSTON FIELD
MONTH: MAY
YEAR: 2023
LATITUDE: 32 41 N
LONGITUDE: 100 57 W
TEMPERATURE IN F: :PCPN: SNOW: WIND :SUNSHINE: SKY :PK WND
================================================================================
1 2 3 4 5 6A 6B 7 8 9 10 11 12 13 14 15 16 17 18
12Z AVG MX 2MIN
DY MAX MIN AVG DEP HDD CDD WTR SNW DPTH SPD SPD DIR MIN PSBL S-S WX SPD DR
================================================================================
1 78 53 66 M 0 1 M M M 12.1 17 70 M M 0 25 50
2 83 55 69 M 0 4 M M M 7.5 13 140 M M 1 3 21 130
3 85 59 72 M 0 7 M M M 7.4 17 160 M M 1 24 160
4 89 68 79 M 0 14 M M M 10.7 22 230 M M 2 32 230
5 95 61 78 M 0 13 M M M 7.7 18 250 M M 0 25 210
6 95 61 78 M 0 13 M M M 9.3 17 260 M M 0 24 260
7 92 60 76 M 0 11 M M M 9.5 20 110 M M 3 32 70
8 97 64 81 M 0 16 M M M 10.3 21 160 M M 0 32 140
9 91 63 77 M 0 12 M M M 11.6 18 140 M M 0 26 170
10 87 59 73 M 0 8 M M M 10.3 18 120 M M 1 23 120
11 89 66 78 M 0 13 M M M 11.1 18 210 M M 1 28 250
12 90 59 75 M 0 10 0.70 M M 8.3 17 80 M M 4 3 22 80
13 69 58 64 M 1 0 0.08 M M 6.5 12 350 M M 10 18 350
14 74 60 67 M 0 2 0.33 M M 4.3 10 40 M M 8 M M
15 76 61 69 M 0 4 M M M 8.8 16 10 M M 4 21 10
16 81 62 72 M 0 7 M M M 4.1 9 20 M M 3 M M
17 84 62 73 M 0 8 0.64 M M 5.0 13 70 M M 2 3 44 160
18 83 62 73 M 0 8 0.08 M M 7.7 18 180 M M 2 3 23 180
19 85 61 73 M 0 8 0.08 M M 8.5 20 20 M M 4 32 340
20 73 56 65 M 0 0 0.02 M M 9.5 18 40 M M 2 23 40
21 77 59 68 M 0 3 M M M 6.8 14 160 M M 1 M M
22 85 60 73 M 0 8 0.14 M M 8.5 17 100 M M 2 3 29 0
23 87 60 74 M 0 9 M M M 8.1 15 170 M M 0 21 180
24 79 69 74 M 0 9 M M M 10.4 17 140 M M 6 22 140
25 80 60 70 M 0 5 0.32 M M 8.9 18 10 M M 4 3 35 10
26 77 59 68 M 0 3 1.69 M M 9.4 18 140 M M 6 3 29 320
27 76 63 70 M 0 5 M M M 11.2 17 90 M M 6 3 24 110
28 83 62 73 M 0 8 0.25 M M 7.5 15 310 M M 3 1 24 160
29 82 59 71 M 0 6 0.03 M M 5.9 13 340 M M 1 16 340
30 88 63 76 M 0 11 M M M 7.2 10 130 M M 0 17 140
31 86 65 76 M 0 11 M M M 11.4 18 130 M M 1 24 140
================================================================================
SM 2596 1889 1 237 4.36 M 265.5 M 78
================================================================================
AV 83.7 60.9 8.6 FASTST M M 3 MAX(MPH)
MISC ----> 22 230 44 160
================================================================================
NOTES:
# LAST OF SEVERAL OCCURRENCES
COLUMN 17 PEAK WIND IN M.P.H.
PRELIMINARY LOCAL CLIMATOLOGICAL DATA (WS FORM: F-6) , PAGE 2
STATION: SNYDER WINSTON FIELD
MONTH: MAY
YEAR: 2023
LATITUDE: 32 41 N
LONGITUDE: 100 57 W
[TEMPERATURE DATA] [PRECIPITATION DATA] SYMBOLS USED IN COLUMN 16
AVERAGE MONTHLY: 72.3 TOTAL FOR MONTH: 4.36 1 = FOG OR MIST
DPTR FM NORMAL: 0.0 DPTR FM NORMAL: M 2 = FOG REDUCING VISIBILITY
HIGHEST: 97 ON 8 GRTST 24HR 1.69 ON 26-26 TO 1/4 MILE OR LESS
LOWEST: 53 ON 1 3 = THUNDER
SNOW, ICE PELLETS, HAIL 4 = ICE PELLETS
TOTAL MONTH: M 5 = HAIL
GRTST 24HR M ON M 6 = FREEZING RAIN OR DRIZZLE
GRTST DEPTH: M ON M 7 = DUSTSTORM OR SANDSTORM:
VSBY 1/2 MILE OR LESS
8 = SMOKE OR HAZE
[NO. OF DAYS WITH] [WEATHER - DAYS WITH] 9 = BLOWING SNOW
X = TORNADO
MAX 32 OR BELOW: 0 0.01 INCH OR MORE: 12
MAX 90 OR ABOVE: 6 0.10 INCH OR MORE: 7
MIN 32 OR BELOW: 0 0.50 INCH OR MORE: 3
MIN 0 OR BELOW: 0 1.00 INCH OR MORE: 1
[HDD (BASE 65) ]
TOTAL THIS MO. 1 CLEAR (SCALE 0-3) 21
DPTR FM NORMAL M PTCLDY (SCALE 4-7) 9
TOTAL FM JUL 1 2531 CLOUDY (SCALE 8-10) 1
DPTR FM NORMAL M
[CDD (BASE 65) ]
TOTAL THIS MO. 237
DPTR FM NORMAL M [PRESSURE DATA]
TOTAL FM JAN 1 324 HIGHEST SLP M ON M
DPTR FM NORMAL M LOWEST SLP M ON M
[REMARKS]
#FINAL-05-23#