000
CXUS54 KMOB 191120
CF6BFM
PRELIMINARY LOCAL CLIMATOLOGICAL DATA (WS FORM: F-6)
STATION: BROOKLEY APRT
MONTH: APRIL
YEAR: 2024
LATITUDE: 30 37 N
LONGITUDE: 88 4 W
TEMPERATURE IN F: :PCPN: SNOW: WIND :SUNSHINE: SKY :PK WND
================================================================================
1 2 3 4 5 6A 6B 7 8 9 10 11 12 13 14 15 16 17 18
12Z AVG MX 2MIN
DY MAX MIN AVG DEP HDD CDD WTR SNW DPTH SPD SPD DIR MIN PSBL S-S WX SPD DR
================================================================================
1 78 69 74 9 0 9 0.00 0.0 0 8.0 15 150 M M 9 1 22 160
2 77 71 74 9 0 9 0.15 0.0 0 8.7 15 220 M M 10 1238 29 170
3 78 50 64 -2 1 0 0.00 0.0 0 11.4 26 330 M M 2 33 340
4 77 47 62 -4 3 0 0.00 0.0 0 6.7 18 310 M M 0 27 320
5 83 46 65 -1 0 0 0.00 0.0 0 5.2 17 310 M M 0 28 320
6 74 51 63 -3 2 0 0.00 0.0 0 5.2 14 170 M M 0 8 19 170
7 76 53 65 -1 0 0 0.00 0.0 0 8.1 16 150 M M 1 1 22 150
8 76 65 71 4 0 6 0.02 0.0 0 10.6 17 110 M M 7 22 110
9 76 67 72 5 0 7 0.00 0.0 0 14.0 23 130 M M 9 30 130
10 73 64 69 2 0 4 2.89 0.0 0 15.0 39 130 M M 10 13 55 130
11 73 57 65 -2 0 0 0.00 0.0 0 9.3 28 310 M M 5 42 300
12 81 54 68 1 0 3 0.00 0.0 0 7.7 20 340 M M 0 27 340
13 82 48 65 -3 0 0 0.00 0.0 0 4.7 16 180 M M 0 22 170
14 80 53 67 -1 0 2 0.00 M M 5.3 14 160 M M 0 1 21 160
15 79 56 68 0 0 3 0.00 0.0 0 6.8 15 160 M M 2 1 22 160
16 79 66 73 5 0 8 0.00 0.0 0 10.9 18 170 M M 3 27 170
17 79 70 75 7 0 10 T 0.0 0 8.2 17 160 M M 8 26 160
18 81 69 75 6 0 10 0.00 0.0 0 6.7 16 120 M M 6 18 23 170
================================================================================
SM 1402 1056 6 71 3.06 0.0 152.5 M 72
================================================================================
AV 77.9 58.7 8.5 FASTST M M 4 MAX(MPH)
MISC ----> 39 130 55 130
================================================================================
NOTES:
# LAST OF SEVERAL OCCURRENCES
COLUMN 17 PEAK WIND IN M.P.H.
PRELIMINARY LOCAL CLIMATOLOGICAL DATA (WS FORM: F-6) , PAGE 2
STATION: BROOKLEY APRT
MONTH: APRIL
YEAR: 2024
LATITUDE: 30 37 N
LONGITUDE: 88 4 W
[TEMPERATURE DATA] [PRECIPITATION DATA] SYMBOLS USED IN COLUMN 16
AVERAGE MONTHLY: 68.3 TOTAL FOR MONTH: 3.06 1 = FOG OR MIST
DPTR FM NORMAL: 1.4 DPTR FM NORMAL: 0.14 2 = FOG REDUCING VISIBILITY
HIGHEST: 83 ON 5 GRTST 24HR 2.89 ON 10-10 TO 1/4 MILE OR LESS
LOWEST: 46 ON 5 3 = THUNDER
SNOW, ICE PELLETS, HAIL 4 = ICE PELLETS
TOTAL MONTH: 0.0 INCH 5 = HAIL
GRTST 24HR 0.0 6 = FREEZING RAIN OR DRIZZLE
GRTST DEPTH: 0 7 = DUSTSTORM OR SANDSTORM:
VSBY 1/2 MILE OR LESS
8 = SMOKE OR HAZE
[NO. OF DAYS WITH] [WEATHER - DAYS WITH] 9 = BLOWING SNOW
X = TORNADO
MAX 32 OR BELOW: 0 0.01 INCH OR MORE: 3
MAX 90 OR ABOVE: 0 0.10 INCH OR MORE: 2
MIN 32 OR BELOW: 0 0.50 INCH OR MORE: 1
MIN 0 OR BELOW: 0 1.00 INCH OR MORE: 1
[HDD (BASE 65) ]
TOTAL THIS MO. 6 CLEAR (SCALE 0-3) 9
DPTR FM NORMAL -26 PTCLDY (SCALE 4-7) 4
TOTAL FM JUL 1 1225 CLOUDY (SCALE 8-10) 5
DPTR FM NORMAL -171
[CDD (BASE 65) ]
TOTAL THIS MO. 71
DPTR FM NORMAL 6 [PRESSURE DATA]
TOTAL FM JAN 1 125 HIGHEST SLP M ON M
DPTR FM NORMAL -16 LOWEST SLP 29.60 ON 10
[REMARKS]