000
CXUS51 KCAR 180700
CF6CAR
PRELIMINARY LOCAL CLIMATOLOGICAL DATA (WS FORM: F-6)
STATION: CARIBOU ME
MONTH: APRIL
YEAR: 2024
LATITUDE: 46 52 N
LONGITUDE: 68 1 W
TEMPERATURE IN F: :PCPN: SNOW: WIND :SUNSHINE: SKY :PK WND
================================================================================
1 2 3 4 5 6A 6B 7 8 9 10 11 12 13 14 15 16 17 18
12Z AVG MX 2MIN
DY MAX MIN AVG DEP HDD CDD WTR SNW DPTH SPD SPD DIR MIN PSBL S-S WX SPD DR
================================================================================
1 46 15 31 0 34 0 0.00 0.0 4 3.6 8 350 M M 1 12 350
2 46 23 35 3 30 0 0.00 0.0 2 6.0 17 10 M M 0 23 360
3 43 27 35 3 30 0 0.00 0.0 2 10.1 20 90 M M 5 30 110
4 37 28 33 0 32 0 0.30 1.3 1 14.0 29 70 M M 9 12 38 80
5 39 32 36 3 29 0 0.04 T 2 16.1 26 60 M M 10 1 37 50
6 40 32 36 2 29 0 T T 1 11.7 21 30 M M 10 1 33 20
7 51 31 41 7 24 0 T T T 9.7 17 360 M M 4 28 30
8 61 27 44 9 21 0 0.00 0.0 T 7.3 21 300 M M 0 31 310
9 50 29 40 5 25 0 0.00 0.0 0 6.8 15 360 M M 0 21 340
10 55 27 41 5 24 0 0.03 0.0 0 8.3 17 170 M M 4 25 180
11 46 38 42 6 23 0 0.15 0.0 0 11.9 21 170 M M 10 1 31 180
12 58 43 51 14 14 0 0.12 0.0 0 15.0 24 170 M M 10 1 39 160
13 63 42 53 16 12 0 0.01 0.0 0 12.3 29 140 M M 8 40 130
14 51 37 44 6 21 0 T 0.0 0 6.0 15 250 M M 9 26 250
15 51 34 43 5 22 0 0.06 0.0 0 3.2 15 300 M M 7 23 310
16 46 32 39 0 26 0 0.02 0.0 0 7.7 16 300 M M 9 26 280
17 47 29 38 -1 27 0 0.00 0.0 0 10.3 20 330 M M 6 29 330
================================================================================
SM 830 526 423 0 0.73 1.3 160.0 M 102
================================================================================
AV 48.8 30.9 9.4 FASTST M M 6 MAX(MPH)
MISC ----> # 29 70 40 130
================================================================================
NOTES:
# LAST OF SEVERAL OCCURRENCES
COLUMN 17 PEAK WIND IN M.P.H.
PRELIMINARY LOCAL CLIMATOLOGICAL DATA (WS FORM: F-6) , PAGE 2
STATION: CARIBOU ME
MONTH: APRIL
YEAR: 2024
LATITUDE: 46 52 N
LONGITUDE: 68 1 W
[TEMPERATURE DATA] [PRECIPITATION DATA] SYMBOLS USED IN COLUMN 16
AVERAGE MONTHLY: 39.9 TOTAL FOR MONTH: 0.73 1 = FOG OR MIST
DPTR FM NORMAL: 4.6 DPTR FM NORMAL: -0.94 2 = FOG REDUCING VISIBILITY
HIGHEST: 63 ON 13 GRTST 24HR 0.34 ON 4- 5 TO 1/4 MILE OR LESS
LOWEST: 15 ON 1 3 = THUNDER
SNOW, ICE PELLETS, HAIL 4 = ICE PELLETS
TOTAL MONTH: 1.3 INCHES 5 = HAIL
GRTST 24HR 1.3 ON 4- 4 6 = FREEZING RAIN OR DRIZZLE
GRTST DEPTH: 4 ON 1 7 = DUSTSTORM OR SANDSTORM:
VSBY 1/2 MILE OR LESS
8 = SMOKE OR HAZE
[NO. OF DAYS WITH] [WEATHER - DAYS WITH] 9 = BLOWING SNOW
X = TORNADO
MAX 32 OR BELOW: 0 0.01 INCH OR MORE: 8
MAX 90 OR ABOVE: 0 0.10 INCH OR MORE: 3
MIN 32 OR BELOW: 12 0.50 INCH OR MORE: 0
MIN 0 OR BELOW: 0 1.00 INCH OR MORE: 0
[HDD (BASE 65) ]
TOTAL THIS MO. 423 CLEAR (SCALE 0-3) 4
DPTR FM NORMAL -83 PTCLDY (SCALE 4-7) 6
TOTAL FM JUL 1 7059 CLOUDY (SCALE 8-10) 7
DPTR FM NORMAL -1150
[CDD (BASE 65) ]
TOTAL THIS MO. 0
DPTR FM NORMAL 0 [PRESSURE DATA]
TOTAL FM JAN 1 0 HIGHEST SLP M ON M
DPTR FM NORMAL 0 LOWEST SLP 29.30 ON 13
[REMARKS]