000
CXUS54 KOUN 190810
CF6CSM
PRELIMINARY LOCAL CLIMATOLOGICAL DATA (WS FORM: F-6)
STATION: CLINTON
MONTH: APRIL
YEAR: 2024
LATITUDE: 35 20 N
LONGITUDE: 99 12 W
TEMPERATURE IN F: :PCPN: SNOW: WIND :SUNSHINE: SKY :PK WND
================================================================================
1 2 3 4 5 6A 6B 7 8 9 10 11 12 13 14 15 16 17 18
12Z AVG MX 2MIN
DY MAX MIN AVG DEP HDD CDD WTR SNW DPTH SPD SPD DIR MIN PSBL S-S WX SPD DR
================================================================================
1 75 47 61 6 4 0 0.41 M M 9.6 53 280 M M 6 13 67 280
2 60 40 50 -5 15 0 T M M 16.5 30 350 M M 7 40 350
3 68 39 54 -1 11 0 0.00 M M 11.5 23 350 M M 0 30 340
4 75 40 58 3 7 0 0.00 M M 9.7 16 110 M M 0 24 100
5 84 46 65 9 0 0 0.00 M M 15.2 29 170 M M 0 42 190
6 78 46 62 6 3 0 0.00 0.0 M 21.1 40 250 M M 2 53 240
7 72 39 56 0 9 0 0.00 M M 11.2 24 270 M M 0 33 250
8 68 37 53 -3 12 0 0.00 M M 13.3 23 10 M M 1 8 30 360
9 56 46 51 -5 14 0 0.95 M M 14.8 25 340 M M 7 138 35 350
10 71 45 58 1 7 0 T M M 14.4 29 350 M M 4 40 10
11 68 45 57 0 8 0 0.00 M M 11.7 24 350 M M 0 35 360
12 75 42 59 2 6 0 0.00 M M 14.1 24 200 M M 0 37 200
13 79 53 66 9 0 1 0.00 M M 17.0 26 190 M M 0 37 190
14 90 56 73 15 0 8 0.00 0.0 M 13.1 20 200 M M 0 29 190
15 77 63 70 12 0 5 T 0.0 M 18.1 33 170 M M 4 1 53 150
16 83 51 67 9 0 2 T 0.0 M 14.3 26 270 M M 3 37 190
17 87 47 67 9 0 2 0.00 0.0 M 13.3 28 150 M M 1 41 150
18 68 46 57 -1 8 0 0.00 M M 19.5 36 340 M M 5 1 48 340
================================================================================
SM 1334 828 104 18 1.36 0.0 258.4 M 40
================================================================================
AV 74.1 46.0 14.4 FASTST M M 2 MAX(MPH)
MISC ----> 53 280 67 280
================================================================================
NOTES:
# LAST OF SEVERAL OCCURRENCES
COLUMN 17 PEAK WIND IN M.P.H.
PRELIMINARY LOCAL CLIMATOLOGICAL DATA (WS FORM: F-6) , PAGE 2
STATION: CLINTON
MONTH: APRIL
YEAR: 2024
LATITUDE: 35 20 N
LONGITUDE: 99 12 W
[TEMPERATURE DATA] [PRECIPITATION DATA] SYMBOLS USED IN COLUMN 16
AVERAGE MONTHLY: 60.1 TOTAL FOR MONTH: 1.36 1 = FOG OR MIST
DPTR FM NORMAL: 3.5 DPTR FM NORMAL: -0.10 2 = FOG REDUCING VISIBILITY
HIGHEST: 90 ON 14 GRTST 24HR 0.95 ON 9- 9 TO 1/4 MILE OR LESS
LOWEST: 37 ON 8 3 = THUNDER
SNOW, ICE PELLETS, HAIL 4 = ICE PELLETS
TOTAL MONTH: 0.0 INCH 5 = HAIL
GRTST 24HR 0.0 6 = FREEZING RAIN OR DRIZZLE
GRTST DEPTH: M ON M 7 = DUSTSTORM OR SANDSTORM:
VSBY 1/2 MILE OR LESS
8 = SMOKE OR HAZE
[NO. OF DAYS WITH] [WEATHER - DAYS WITH] 9 = BLOWING SNOW
X = TORNADO
MAX 32 OR BELOW: 0 0.01 INCH OR MORE: 2
MAX 90 OR ABOVE: 1 0.10 INCH OR MORE: 2
MIN 32 OR BELOW: 0 0.50 INCH OR MORE: 1
MIN 0 OR BELOW: 0 1.00 INCH OR MORE: 0
[HDD (BASE 65) ]
TOTAL THIS MO. 104 CLEAR (SCALE 0-3) 11
DPTR FM NORMAL -62 PTCLDY (SCALE 4-7) 7
TOTAL FM JUL 1 3246 CLOUDY (SCALE 8-10) 0
DPTR FM NORMAL -370
[CDD (BASE 65) ]
TOTAL THIS MO. 18
DPTR FM NORMAL 2 [PRESSURE DATA]
TOTAL FM JAN 1 21 HIGHEST SLP M ON M
DPTR FM NORMAL -1 LOWEST SLP 29.50 ON 1
[REMARKS]