000
CXUS54 KSHV 231300
CF6ELD
PRELIMINARY LOCAL CLIMATOLOGICAL DATA (WS FORM: F-6)
STATION: EL DORADO
MONTH: APRIL
YEAR: 2024
LATITUDE: 33 13 N
LONGITUDE: 92 49 W
TEMPERATURE IN F: :PCPN: SNOW: WIND :SUNSHINE: SKY :PK WND
================================================================================
1 2 3 4 5 6A 6B 7 8 9 10 11 12 13 14 15 16 17 18
12Z AVG MX 2MIN
DY MAX MIN AVG DEP HDD CDD WTR SNW DPTH SPD SPD DIR MIN PSBL S-S WX SPD DR
================================================================================
1 83 64 74 14 0 9 0.00 0.0 0 9.2 21 150 M M 6 29 160
2 80 53 67 6 0 2 0.12 0.0 0 10.5 24 300 M M 6 13 37 240
3 68 42 55 -6 10 0 T 0.0 0 9.5 24 280 M M 0 40 300
4 76 38 57 -4 8 0 0.00 0.0 0 6.8 21 310 M M 0 32 310
5 79 40 60 -1 5 0 0.00 0.0 0 4.1 10 120 M M 0 15 140
6 79 51 65 3 0 0 0.00 0.0 0 9.0 16 120 M M 1 23 120
7 85 64 75 13 0 10 T 0.0 0 8.2 18 200 M M 7 27 190
8 80 60 70 8 0 5 2.13 0.0 0 5.7 30 300 M M 8 123 47 270
9 67 58 63 1 2 0 3.66 0.0 0 9.5 36 80 M M M 13 46 80
10 74 59 67 5 0 2 1.90 0.0 0 6.8 26 70 M M 9 13 36 330
11 73 47 60 -3 5 0 0.01 0.0 0 10.2 22 280 M M 4 36 290
12 78 42 60 -3 5 0 0.00 0.0 0 2.3 14 290 M M 0 20 230
13 84 48 66 3 0 1 0.00 0.0 0 6.0 18 200 M M 0 25 230
14 83 57 70 7 0 5 0.00 0.0 0 8.2 18 200 M M 2 30 180
15 80 61 71 7 0 6 0.00 0.0 0 7.1 17 160 M M 2 23 150
16 81 64 73 9 0 8 T 0.0 0 9.7 23 180 M M 6 3 36 180
17 85 68 77 13 0 12 0.02 0.0 0 5.1 12 150 M M 5 1 16 180
18 80 67 74 10 0 9 T 0.0 0 5.4 12 170 M M 7 13 16 190
19 69 55 62 -3 3 0 0.01 0.0 0 5.9 15 360 M M 7 1 20 360
20 58 47 53 -12 12 0 1.14 0.0 0 8.7 22 60 M M 10 13 32 40
21 67 44 56 -9 9 0 0.01 0.0 0 8.0 18 50 M M 3 29 360
22 70 38 54 -11 11 0 0.00 0.0 0 2.6 10 110 M M 0 16 110
================================================================================
SM 1679 1167 70 69 9.00 0.0 158.5 M 83
================================================================================
AV 76.3 53.0 7.2 FASTST M M 4 MAX(MPH)
MISC ----> 36 80 47 270
================================================================================
NOTES:
# LAST OF SEVERAL OCCURRENCES
COLUMN 17 PEAK WIND IN M.P.H.
PRELIMINARY LOCAL CLIMATOLOGICAL DATA (WS FORM: F-6) , PAGE 2
STATION: EL DORADO
MONTH: APRIL
YEAR: 2024
LATITUDE: 33 13 N
LONGITUDE: 92 49 W
[TEMPERATURE DATA] [PRECIPITATION DATA] SYMBOLS USED IN COLUMN 16
AVERAGE MONTHLY: 64.7 TOTAL FOR MONTH: 9.00 1 = FOG OR MIST
DPTR FM NORMAL: 1.9 DPTR FM NORMAL: 5.00 2 = FOG REDUCING VISIBILITY
HIGHEST: 85 ON 17, 7 GRTST 24HR 4.79 ON 8- 9 TO 1/4 MILE OR LESS
LOWEST: 38 ON 22, 4 3 = THUNDER
SNOW, ICE PELLETS, HAIL 4 = ICE PELLETS
TOTAL MONTH: 0.0 INCH 5 = HAIL
GRTST 24HR 0.0 6 = FREEZING RAIN OR DRIZZLE
GRTST DEPTH: 0 7 = DUSTSTORM OR SANDSTORM:
VSBY 1/2 MILE OR LESS
8 = SMOKE OR HAZE
[NO. OF DAYS WITH] [WEATHER - DAYS WITH] 9 = BLOWING SNOW
X = TORNADO
MAX 32 OR BELOW: 0 0.01 INCH OR MORE: 9
MAX 90 OR ABOVE: 0 0.10 INCH OR MORE: 5
MIN 32 OR BELOW: 0 0.50 INCH OR MORE: 4
MIN 0 OR BELOW: 0 1.00 INCH OR MORE: 4
[HDD (BASE 65) ]
TOTAL THIS MO. 70 CLEAR (SCALE 0-3) 10
DPTR FM NORMAL -26 PTCLDY (SCALE 4-7) 8
TOTAL FM JUL 1 2310 CLOUDY (SCALE 8-10) 4
DPTR FM NORMAL -215
[CDD (BASE 65) ]
TOTAL THIS MO. 69
DPTR FM NORMAL 20 [PRESSURE DATA]
TOTAL FM JAN 1 113 HIGHEST SLP M ON M
DPTR FM NORMAL 31 LOWEST SLP 29.51 ON 10
[REMARKS]