000
CXUS55 KBYZ 241000
CF6LVM
PRELIMINARY LOCAL CLIMATOLOGICAL DATA (WS FORM: F-6)
STATION: LIVINGSTON MT
MONTH: APRIL
YEAR: 2024
LATITUDE: 45 41 N
LONGITUDE: 110 26 W
TEMPERATURE IN F: :PCPN: SNOW: WIND :SUNSHINE: SKY :PK WND
================================================================================
1 2 3 4 5 6A 6B 7 8 9 10 11 12 13 14 15 16 17 18
12Z AVG MX 2MIN
DY MAX MIN AVG DEP HDD CDD WTR SNW DPTH SPD SPD DIR MIN PSBL S-S WX SPD DR
================================================================================
1 55 25 40 0 25 0 0.00 M M 13.7 24 240 M M 2 33 260
2 67 32 50 10 15 0 0.00 M M 17.0 32 220 M M 0 43 220
3 70 47 59 19 6 0 T M M 18.8 39 210 M M 3 52 220
4 72 38 55 15 10 0 0.00 M M 9.5 25 80 M M 1 35 90
5 64 36 50 10 15 0 0.14 M M 13.3 35 80 M M 4 3 46 90
6 41 34 38 -2 27 0 0.17 M M 14.1 26 250 M M 9 12 35 240
7 41 34 38 -3 27 0 0.01 M M 20.1 29 250 M M 10 38 270
8 51 34 43 2 22 0 T M M 18.8 28 240 M M 5 1 39 240
9 57 37 47 6 18 0 0.03 M M 17.2 36 230 M M 7 51 230
10 54 30 42 1 23 0 T M M 9.5 29 320 M M 5 39 330
11 65 26 46 5 19 0 0.00 M M 6.1 18 220 M M 0 28 210
12 76 34 55 14 10 0 0.00 M M 16.6 54 210 M M 1 72 210
13 75 43 59 17 6 0 T M M 14.0 38 230 M M 1 55 240
14 78 33 56 14 9 0 T M M 4.8 16 130 M M 2 8 24 240
15 64 45 55 13 10 0 T M M 12.2 33 210 M M 8 43 210
16 60 34 47 5 18 0 0.34 M M 14.9 31 280 M M 5 1 46 280
17 39 25 32 -10 33 0 0.05 M M 14.7 26 340 M M 9 1 35 350
18 42 20 31 -11 34 0 0.00 M M 10.0 20 240 M M 3 35 240
19 42 26 34 -9 31 0 0.00 M M 11.0 24 90 M M 7 31 90
20 49 19 34 -9 31 0 0.00 M M 9.1 20 80 M M 0 26 90
21 71 21 46 3 19 0 0.00 M M 14.9 44 270 M M 3 56 270
22 59 29 44 1 21 0 0.00 M M 14.8 31 270 M M 0 44 270
23 62 21 42 -2 23 0 0.00 M M 8.2 17 70 M M 0 25 70
================================================================================
SM 1354 723 452 0 0.74 M 303.3 M 85
================================================================================
AV 58.9 31.4 13.2 FASTST M M 4 MAX(MPH)
MISC ----> 54 210 72 210
================================================================================
NOTES:
# LAST OF SEVERAL OCCURRENCES
COLUMN 17 PEAK WIND IN M.P.H.
PRELIMINARY LOCAL CLIMATOLOGICAL DATA (WS FORM: F-6) , PAGE 2
STATION: LIVINGSTON MT
MONTH: APRIL
YEAR: 2024
LATITUDE: 45 41 N
LONGITUDE: 110 26 W
[TEMPERATURE DATA] [PRECIPITATION DATA] SYMBOLS USED IN COLUMN 16
AVERAGE MONTHLY: 45.2 TOTAL FOR MONTH: 0.74 1 = FOG OR MIST
DPTR FM NORMAL: 3.7 DPTR FM NORMAL: -0.53 2 = FOG REDUCING VISIBILITY
HIGHEST: 78 ON 14 GRTST 24HR 0.34 ON 16-16 TO 1/4 MILE OR LESS
LOWEST: 19 ON 20 3 = THUNDER
SNOW, ICE PELLETS, HAIL 4 = ICE PELLETS
TOTAL MONTH: M 5 = HAIL
GRTST 24HR M ON M 6 = FREEZING RAIN OR DRIZZLE
GRTST DEPTH: M ON M 7 = DUSTSTORM OR SANDSTORM:
VSBY 1/2 MILE OR LESS
8 = SMOKE OR HAZE
[NO. OF DAYS WITH] [WEATHER - DAYS WITH] 9 = BLOWING SNOW
X = TORNADO
MAX 32 OR BELOW: 0 0.01 INCH OR MORE: 6
MAX 90 OR ABOVE: 0 0.10 INCH OR MORE: 3
MIN 32 OR BELOW: 11 0.50 INCH OR MORE: 0
MIN 0 OR BELOW: 0 1.00 INCH OR MORE: 0
[HDD (BASE 65) ]
TOTAL THIS MO. 452 CLEAR (SCALE 0-3) 13
DPTR FM NORMAL -90 PTCLDY (SCALE 4-7) 7
TOTAL FM JUL 1 5988 CLOUDY (SCALE 8-10) 3
DPTR FM NORMAL -618
[CDD (BASE 65) ]
TOTAL THIS MO. 0
DPTR FM NORMAL 0 [PRESSURE DATA]
TOTAL FM JAN 1 0 HIGHEST SLP M ON M
DPTR FM NORMAL 0 LOWEST SLP 29.32 ON 5
[REMARKS]