000
CXUS53 KIWX 280810
CF6SBN
PRELIMINARY LOCAL CLIMATOLOGICAL DATA (WS FORM: F-6)
STATION: SOUTH BEND
MONTH: MARCH
YEAR: 2024
LATITUDE: 41 42 N
LONGITUDE: 86 19 W
TEMPERATURE IN F: :PCPN: SNOW: WIND :SUNSHINE: SKY :PK WND
================================================================================
1 2 3 4 5 6A 6B 7 8 9 10 11 12 13 14 15 16 17 18
12Z AVG MX 2MIN
DY MAX MIN AVG DEP HDD CDD WTR SNW DPTH SPD SPD DIR MIN PSBL S-S WX SPD DR
================================================================================
1 45 28 37 5 28 0 T 0.0 0 9.2 15 150 M M 4 19 140
2 54 39 47 15 18 0 0.00 0.0 0 6.9 13 170 M M 6 18 17 170
3 69 42 56 24 9 0 0.00 0.0 0 16.1 26 160 M M 3 18 35 170
4 74 50 62 30 3 0 0.00 0.0 0 12.1 25 190 M M 3 35 200
5 66 44 55 22 10 0 0.31 0.0 0 7.1 24 300 M M 9 123 33 300
6 55 40 48 15 17 0 0.00 0.0 0 8.8 17 20 M M 8 1 22 40
7 52 34 43 9 22 0 0.00 0.0 0 9.4 17 120 M M 5 23 130
8 55 43 49 15 16 0 0.98 0.0 0 10.2 22 300 M M 10 18 28 270
9 43 32 38 4 27 0 0.01 0.0 0 15.0 23 320 M M 9 1 33 330
10 40 27 34 -1 31 0 0.01 0.1 T 15.9 28 320 M M 7 18 39 310
11 62 24 43 8 22 0 0.00 0.0 0 M M M M M 0 M M
12 69 44 57 22 8 0 0.00 0.0 0 14.6 23 240 M M 0 33 200
13 73 47 60 24 5 0 0.00 0.0 0 5.3 14 220 M M 3 20 220
14 67 46 57 21 8 0 1.44 0.0 0 12.0 26 180 M M 9 13 33 180
15 50 33 42 6 23 0 0.00 0.0 0 9.7 20 20 M M 4 30 20
16 61 33 47 10 18 0 0.00 0.0 0 16.1 31 290 M M 4 44 240
17 40 30 35 -2 30 0 T T 0 13.7 24 330 M M 7 34 320
18 34 26 30 -7 35 0 0.03 0.3 0 11.7 25 310 M M 8 18 31 310
19 54 27 41 3 24 0 0.00 0.0 0 13.8 32 250 M M 2 48 240
20 40 21 31 -7 34 0 T T 0 12.3 28 320 M M 4 40 310
21 40 32 36 -2 29 0 0.00 0.0 0 4.0 12 260 M M 3 20 290
22 47 31 39 0 26 0 0.02 T 0 10.9 21 360 M M 8 1 27 350
23 40 26 33 -6 32 0 0.00 0.0 0 9.6 18 20 M M 6 33 10
24 47 26 37 -3 28 0 0.00 0.0 0 15.4 28 130 M M 4 39 110
25 69 38 54 14 11 0 0.02 0.0 0 17.9 28 150 M M 2 42 150
26 60 37 49 9 16 0 0.25 0.0 0 19.6 33 150 M M 10 18 49 230
27 43 30 37 -4 28 0 T T 0 12.7 22 250 M M 7 29 250
================================================================================
SM 1449 930 558 0 3.07 0.4 310.0 M 145
================================================================================
AV 53.7 34.4 11.9 FASTST M M 5 MAX(MPH)
MISC ----> 33 150 49 230
================================================================================
NOTES:
# LAST OF SEVERAL OCCURRENCES
COLUMN 17 PEAK WIND IN M.P.H.
PRELIMINARY LOCAL CLIMATOLOGICAL DATA (WS FORM: F-6) , PAGE 2
STATION: SOUTH BEND
MONTH: MARCH
YEAR: 2024
LATITUDE: 41 42 N
LONGITUDE: 86 19 W
[TEMPERATURE DATA] [PRECIPITATION DATA] SYMBOLS USED IN COLUMN 16
AVERAGE MONTHLY: 44.1 TOTAL FOR MONTH: 3.07 1 = FOG OR MIST
DPTR FM NORMAL: 8.0 DPTR FM NORMAL: 1.03 2 = FOG REDUCING VISIBILITY
HIGHEST: 74 ON 4 GRTST 24HR 1.44 ON 14-14 TO 1/4 MILE OR LESS
LOWEST: 21 ON 20 3 = THUNDER
SNOW, ICE PELLETS, HAIL 4 = ICE PELLETS
TOTAL MONTH: 0.4 INCH 5 = HAIL
GRTST 24HR 0.3 ON 18-18 6 = FREEZING RAIN OR DRIZZLE
GRTST DEPTH: T 7 = DUSTSTORM OR SANDSTORM:
VSBY 1/2 MILE OR LESS
8 = SMOKE OR HAZE
[NO. OF DAYS WITH] [WEATHER - DAYS WITH] 9 = BLOWING SNOW
X = TORNADO
MAX 32 OR BELOW: 0 0.01 INCH OR MORE: 9
MAX 90 OR ABOVE: 0 0.10 INCH OR MORE: 4
MIN 32 OR BELOW: 13 0.50 INCH OR MORE: 2
MIN 0 OR BELOW: 0 1.00 INCH OR MORE: 1
[HDD (BASE 65) ]
TOTAL THIS MO. 558 CLEAR (SCALE 0-3) 7
DPTR FM NORMAL -226 PTCLDY (SCALE 4-7) 13
TOTAL FM JUL 1 4397 CLOUDY (SCALE 8-10) 7
DPTR FM NORMAL -1121
[CDD (BASE 65) ]
TOTAL THIS MO. 0
DPTR FM NORMAL 0 [PRESSURE DATA]
TOTAL FM JAN 1 0 HIGHEST SLP M ON M
DPTR FM NORMAL 0 LOWEST SLP 29.48 ON 26
[REMARKS]