000
CXUS53 KLSX 271400
CF6SET
PRELIMINARY LOCAL CLIMATOLOGICAL DATA (WS FORM: F-6)
STATION: ST_CHARLES MO
MONTH: MARCH
YEAR: 2024
LATITUDE: 38 55 N
LONGITUDE: 90 26 W
TEMPERATURE IN F: :PCPN: SNOW: WIND :SUNSHINE: SKY :PK WND
================================================================================
1 2 3 4 5 6A 6B 7 8 9 10 11 12 13 14 15 16 17 18
12Z AVG MX 2MIN
DY MAX MIN AVG DEP HDD CDD WTR SNW DPTH SPD SPD DIR MIN PSBL S-S WX SPD DR
================================================================================
1 49 29 39 -1 26 0 0.07 M 0 5.6 10 110 M M 6 1 13 150
2 66 28 47 7 18 0 0.00 0.0 0 10.4 20 160 M M 0 12 26 150
3 77 40 59 18 6 0 0.00 0.0 0 14.3 32 170 M M 0 1 44 170
4 79 47 63 22 2 0 0.00 0.0 0 12.7 30 190 M M 2 1 42 170
5 67 49 58 17 7 0 0.05 0.0 0 8.6 16 50 M M 9 3 19 40
6 60 38 49 7 16 0 0.00 0.0 0 8.4 17 50 M M 2 22 40
7 57 35 46 4 19 0 0.25 M M 9.2 17 100 M M 8 18 23 120
8 59 45 52 10 13 0 0.31 0.0 M 9.2 18 320 M M 10 1 24 300
9 51 38 45 2 20 0 0.00 0.0 0 12.8 23 300 M M 3 1 34 310
10 54 28 41 -2 24 0 0.00 0.0 0 6.7 15 350 M M 0 20 260
11 71 30 51 7 14 0 0.00 0.0 0 7.7 21 220 M M 0 29 220
12 76 35 56 12 9 0 0.00 0.0 0 8.0 20 190 M M 0 30 250
13 79 47 63 19 2 0 T 0.0 0 10.1 21 180 M M 4 26 170
14 78 51 65 20 0 0 0.48 0.0 0 11.6 23 300 M M 4 138 34 300
15 63 40 52 7 13 0 0.00 0.0 0 9.7 21 10 M M 4 28 20
16 68 35 52 7 13 0 0.00 0.0 0 10.6 29 270 M M 1 1 46 270
17 51 31 41 -5 24 0 0.00 0.0 0 12.3 24 350 M M 2 33 310
18 41 27 34 -12 31 0 0.00 0.0 0 12.3 24 320 M M 1 53 310
19 69 21 45 -1 20 0 0.00 0.0 0 10.8 28 260 M M 0 36 260
20 58 35 47 0 18 0 0.00 0.0 0 8.3 16 10 M M 0 22 340
21 54 32 43 -4 22 0 0.00 0.0 0 10.0 18 110 M M 5 28 110
22 67 33 50 2 15 0 0.02 0.0 0 11.5 32 360 M M 6 1 53 350
23 50 35 43 -5 22 0 0.00 0.0 0 10.3 21 10 M M 4 30 350
24 64 39 52 4 13 0 0.00 0.0 0 15.1 24 140 M M 1 43 130
25 65 50 58 9 7 0 0.83 M M 14.4 49 170 M M 9 1 M 170
26 52 38 45 -4 20 0 0.05 M M 16.3 29 260 M M 9 1 47 260
================================================================================
SM 1625 956 394 0 2.06 0.0 276.9 M 90
================================================================================
AV 62.5 36.8 10.6 FASTST M M 3 MAX(MPH)
MISC ----> 49 170 # 53 310
================================================================================
NOTES:
# LAST OF SEVERAL OCCURRENCES
COLUMN 17 PEAK WIND IN M.P.H.
PRELIMINARY LOCAL CLIMATOLOGICAL DATA (WS FORM: F-6) , PAGE 2
STATION: ST_CHARLES MO
MONTH: MARCH
YEAR: 2024
LATITUDE: 38 55 N
LONGITUDE: 90 26 W
[TEMPERATURE DATA] [PRECIPITATION DATA] SYMBOLS USED IN COLUMN 16
AVERAGE MONTHLY: 49.6 TOTAL FOR MONTH: 2.06 1 = FOG OR MIST
DPTR FM NORMAL: 5.2 DPTR FM NORMAL: -0.37 2 = FOG REDUCING VISIBILITY
HIGHEST: 79 ON 13, 4 GRTST 24HR 0.88 ON 25-26 TO 1/4 MILE OR LESS
LOWEST: 21 ON 19 3 = THUNDER
SNOW, ICE PELLETS, HAIL 4 = ICE PELLETS
TOTAL MONTH: 0.0 INCH 5 = HAIL
GRTST 24HR 0.0 6 = FREEZING RAIN OR DRIZZLE
GRTST DEPTH: 0 7 = DUSTSTORM OR SANDSTORM:
VSBY 1/2 MILE OR LESS
8 = SMOKE OR HAZE
[NO. OF DAYS WITH] [WEATHER - DAYS WITH] 9 = BLOWING SNOW
X = TORNADO
MAX 32 OR BELOW: 0 0.01 INCH OR MORE: 8
MAX 90 OR ABOVE: 0 0.10 INCH OR MORE: 4
MIN 32 OR BELOW: 8 0.50 INCH OR MORE: 1
MIN 0 OR BELOW: 0 1.00 INCH OR MORE: 0
[HDD (BASE 65) ]
TOTAL THIS MO. 394 CLEAR (SCALE 0-3) 13
DPTR FM NORMAL -141 PTCLDY (SCALE 4-7) 8
TOTAL FM JUL 1 3656 CLOUDY (SCALE 8-10) 5
DPTR FM NORMAL -590
[CDD (BASE 65) ]
TOTAL THIS MO. 0
DPTR FM NORMAL 0 [PRESSURE DATA]
TOTAL FM JAN 1 0 HIGHEST SLP M ON M
DPTR FM NORMAL 0 LOWEST SLP 29.41 ON 25
[REMARKS]