000
CXUS53 KICT 281410
CF6SLN
PRELIMINARY LOCAL CLIMATOLOGICAL DATA (WS FORM: F-6)
STATION: SALINA KS
MONTH: MARCH
YEAR: 2024
LATITUDE: 38 47 N
LONGITUDE: 97 39 W
TEMPERATURE IN F: :PCPN: SNOW: WIND :SUNSHINE: SKY :PK WND
================================================================================
1 2 3 4 5 6A 6B 7 8 9 10 11 12 13 14 15 16 17 18
12Z AVG MX 2MIN
DY MAX MIN AVG DEP HDD CDD WTR SNW DPTH SPD SPD DIR MIN PSBL S-S WX SPD DR
================================================================================
1 45 32 39 -1 26 0 0.00 M M 12.3 20 170 M M 8 18 28 170
2 72 26 49 9 16 0 0.00 M M 10.8 24 180 M M 3 128 39 200
3 73 50 62 22 3 0 0.00 M M 14.0 23 190 M M 0 37 190
4 61 35 48 7 17 0 0.00 M M 13.1 28 350 M M 3 32 210
5 60 31 46 5 19 0 0.00 M M 9.5 20 360 M M 0 31 320
6 65 26 46 4 19 0 0.00 M M 6.7 21 140 M M 0 27 140
7 55 35 45 3 20 0 0.65 M M 8.2 23 110 M M 7 13 33 120
8 46 31 39 -3 26 0 T M M 18.1 28 350 M M 10 16 33 360
9 56 27 42 -1 23 0 0.00 M M 9.1 18 320 M M 1 26 330
10 70 27 49 6 16 0 0.00 M M 10.0 21 190 M M 0 29 190
11 72 40 56 12 9 0 0.00 M M 15.8 25 200 M M 0 34 190
12 68 43 56 12 9 0 0.00 M M 9.6 24 190 M M 0 34 190
13 72 37 55 11 10 0 0.00 M M 8.5 36 330 M M 1 3 46 330
14 62 43 53 8 12 0 0.00 M M 13.8 25 350 M M 6 1 31 360
15 62 39 51 6 14 0 0.00 M M 9.8 21 30 M M 3 29 40
16 67 35 51 6 14 0 0.00 M M 10.0 22 360 M M 2 31 350
17 52 30 41 -5 24 0 0.00 M M 13.2 28 340 M M 0 39 340
18 49 18 34 -12 31 0 0.00 M M 8.3 17 310 M M 0 25 330
19 72 33 53 7 12 0 0.00 M M 8.7 18 210 M M 0 24 200
20 59 32 46 -1 19 0 0.00 M M 9.5 22 40 M M 0 29 40
21 67 36 52 5 13 0 0.00 M M 8.8 14 130 M M 0 18 19 110
22 53 33 43 -5 22 0 0.00 M M 17.3 33 10 M M 2 18 42 10
23 51 31 41 -7 24 0 0.00 M M 12.2 21 150 M M 6 28 130
24 57 42 50 2 15 0 0.04 M M 24.1 44 160 M M 8 1 54 170
25 54 27 41 -8 24 0 T M M 20.0 29 310 M M 8 18 39 320
26 41 22 32 -17 33 0 0.00 M M 17.1 31 320 M M 4 39 330
27 56 13 35 -14 30 0 0.00 M M 5.8 14 190 M M 1 21 190
================================================================================
SM 1617 874 500 0 0.69 M 324.3 M 73
================================================================================
AV 59.9 32.4 12.0 FASTST M M 3 MAX(MPH)
MISC ----> 44 160 54 170
================================================================================
NOTES:
# LAST OF SEVERAL OCCURRENCES
COLUMN 17 PEAK WIND IN M.P.H.
PRELIMINARY LOCAL CLIMATOLOGICAL DATA (WS FORM: F-6) , PAGE 2
STATION: SALINA KS
MONTH: MARCH
YEAR: 2024
LATITUDE: 38 47 N
LONGITUDE: 97 39 W
[TEMPERATURE DATA] [PRECIPITATION DATA] SYMBOLS USED IN COLUMN 16
AVERAGE MONTHLY: 46.1 TOTAL FOR MONTH: 0.69 1 = FOG OR MIST
DPTR FM NORMAL: 1.5 DPTR FM NORMAL: -0.82 2 = FOG REDUCING VISIBILITY
HIGHEST: 73 ON 3 GRTST 24HR 0.65 ON 7- 7 TO 1/4 MILE OR LESS
LOWEST: 13 ON 27 3 = THUNDER
SNOW, ICE PELLETS, HAIL 4 = ICE PELLETS
TOTAL MONTH: M 5 = HAIL
GRTST 24HR M ON M 6 = FREEZING RAIN OR DRIZZLE
GRTST DEPTH: M ON M 7 = DUSTSTORM OR SANDSTORM:
VSBY 1/2 MILE OR LESS
8 = SMOKE OR HAZE
[NO. OF DAYS WITH] [WEATHER - DAYS WITH] 9 = BLOWING SNOW
X = TORNADO
MAX 32 OR BELOW: 0 0.01 INCH OR MORE: 2
MAX 90 OR ABOVE: 0 0.10 INCH OR MORE: 1
MIN 32 OR BELOW: 14 0.50 INCH OR MORE: 1
MIN 0 OR BELOW: 0 1.00 INCH OR MORE: 0
[HDD (BASE 65) ]
TOTAL THIS MO. 500 CLEAR (SCALE 0-3) 18
DPTR FM NORMAL -56 PTCLDY (SCALE 4-7) 6
TOTAL FM JUL 1 3931 CLOUDY (SCALE 8-10) 3
DPTR FM NORMAL -497
[CDD (BASE 65) ]
TOTAL THIS MO. 0
DPTR FM NORMAL 0 [PRESSURE DATA]
TOTAL FM JAN 1 0 HIGHEST SLP M ON M
DPTR FM NORMAL 0 LOWEST SLP 29.21 ON 25
[REMARKS]