000
CXUS55 KREV 010857
CLMTVL
CLIMATE REPORT
NATIONAL WEATHER SERVICE RENO NV
1257 AM PST FRI MAR 01 2024
...................................
...THE SOUTH LAKE TAHOE CA CLIMATE SUMMARY FOR THE MONTH OF FEBRUARY 2024...
THE AVERAGE TEMPERATURE FOR FEBRUARY 2024 AT THE SOUTH LAKE TAHOE AIRPORT
WAS 30.9 DEGREES, WHICH IS 0.4 DEGREES BELOW NORMAL. THE HIGHEST
TEMPERATURE FOR FEBRUARY WAS 50 DEGREES, WHICH OCCURRED ON THE 25TH AND
28TH. THE LOWEST TEMPERATURE FOR THE MONTH WAS 9 DEGREES, WHICH OCCURRED
ON THE 11TH.
FOR FEBRUARY 2024, 3.54 INCHES OF PRECIPITATION WERE RECORDED AT THE
SOUTH LAKE TAHOE AIRPORT. THIS IS 0.21 INCHES BELOW NORMAL FOR THE
MONTH.
THE AVERAGE WIND SPEED FOR FEBRUARY 2024 WAS 6.3 MPH. THE PEAK WIND
GUST FOR THE MONTH WAS 63 MPH FROM THE SOUTH ON THE 29TH.
CLIMATE NORMAL PERIOD 1991 TO 2020
CLIMATE RECORD PERIOD 1968 TO 2024
WEATHER OBSERVED NORMAL DEPART LAST YEAR`S
VALUE DATE(S) VALUE FROM VALUE
NORMAL
..............................................................
TEMPERATURE (F)
RECORD
HIGH 65 02/13/2015
LOW -29 02/07/1989
HIGHEST 50 02/25 62 -12
02/28
LOWEST 9 02/11 -29 38
AVG. MAXIMUM 40.6 43.4 -2.8
AVG. MINIMUM 21.2 19.3 1.9
MEAN 30.9 31.3 -0.4
DAYS MAX >= 90 0 0.0 0.0
DAYS MAX <= 32 1 3.0 -2.0
DAYS MIN <= 32 28 26.7 1.3
DAYS MIN <= 0 0 1.0 -1.0
PRECIPITATION (INCHES)
RECORD
MAXIMUM 12.68 2017
MINIMUM 0.07 2020
TOTALS 3.54
DAILY AVG. 0.12 NAN NAN
DAYS >= .01 15 8.7 6.3
DAYS >= .10 8 5.8 2.2
DAYS >= .50 2 1.9 0.1
DAYS >= 1.00 1 0.9 0.1
GREATEST
24 HR. TOTAL 1.58 02/18 TO 02/19
STORM TOTAL 1.53
(MM/DD(HH))
DEGREE DAYS
HEATING TOTAL 983 942 41
SINCE 7/1 4916 5177 -261
COOLING TOTAL 0 0 0
SINCE 1/1 0 0 0
..............................................................
WIND (MPH)
AVERAGE WIND SPEED 6.3
HIGHEST WIND SPEED/DIRECTION 35/190 DATE 02/29
HIGHEST GUST SPEED/DIRECTION 63/180 DATE 02/29
AVERAGE RH (PERCENT) 70
WEATHER CONDITIONS. NUMBER OF DAYS WITH
THUNDERSTORM 0 MIXED PRECIP 0
HEAVY RAIN 0 RAIN 1
LIGHT RAIN 6 FREEZING RAIN 0
LT FREEZING RAIN 0 HAIL 0
HEAVY SNOW 5 SNOW 9
LIGHT SNOW 17 SLEET 0
FOG 17 FOG W/VIS <= 1/4 MILE 8
HAZE 6
- INDICATES NEGATIVE NUMBERS.
R INDICATES RECORD WAS SET OR TIED.
MM INDICATES DATA IS MISSING.
T INDICATES TRACE AMOUNT.
$$