000
CXUS54 KJAN 050046
CLSGWO
CLIMATE REPORT
NATIONAL WEATHER SERVICE JACKSON MS
646 PM CST MON MAR 04 2024
...................................
...THE GREENWOOD CLIMATE SUMMARY FOR THE SEASON, FROM
12/1/2023 TO 2/29/2024...
CLIMATE NORMAL PERIOD: 1991 TO 2020
CLIMATE RECORD PERIOD: 1948 TO 2024
WEATHER OBSERVED NORMAL DEPART LAST YEAR`S
VALUE DATE(S) VALUE FROM VALUE DATE(S)
NORMAL
................................................................
TEMPERATURE (F)
RECORD
HIGH 85 12/10/2021
LOW -4 02/03/1951
HIGHEST 83 02/27 MM MM 84 02/23
LOWEST 9 01/17 MM MM 9 12/23
AVG. MAXIMUM 60.8 56.7 4.1 63.3
AVG. MINIMUM 38.0 36.5 1.5 43.2
MEAN 49.4 46.6 2.8 53.3
DAYS MAX >= 90 0 0.0 0.0 MM
DAYS MAX <= 32 3 1.4 1.6 MM
DAYS MIN <= 32 31 37.8 -6.8 MM
DAYS MIN <= 0 0 0.0 0.0 MM
PRECIPITATION (INCHES)
RECORD
MAXIMUM 28.37 1983
MINIMUM 6.01 1981
TOTALS 14.45 14.89 -0.44 13.77
DAILY AVG. 0.16 NAN NAN 0.16
DAYS >= .01 29 29.8 -0.8 MM
DAYS >= .10 21 20.2 0.8 MM
DAYS >= .50 9 10.7 -1.7 MM
DAYS >= 1.00 4 4.9 -0.9 MM
SNOWFALL (INCHES)
TOTALS 0.0
DEGREE DAYS
HEATING TOTAL 1421 1673 -252 1117
SINCE 7/1 1775 2175 -400 MM
COOLING TOTAL 14 14 0 91
SINCE 1/1 11 8 3 MM
FREEZE DATES
RECORD
EARLIEST MM
LATEST MM
................................................................
WIND (MPH)
AVERAGE WIND SPEED 6.5
HIGHEST WIND SPEED/DIRECTION 41/180 DATE 01/12
HIGHEST GUST SPEED/DIRECTION 54/180 DATE 01/12
SKY COVER
POSSIBLE SUNSHINE (PERCENT) MM
AVERAGE SKY COVER 0.35
NUMBER OF DAYS FAIR 49
NUMBER OF DAYS PC 23
NUMBER OF DAYS CLOUDY 19
AVERAGE RH (PERCENT) 66
WEATHER CONDITIONS. NUMBER OF DAYS WITH
THUNDERSTORM 7 MIXED PRECIP 0
HEAVY RAIN 15 RAIN 20
LIGHT RAIN 34 FREEZING RAIN 0
LT FREEZING RAIN 0 HAIL 0
HEAVY SNOW 0 SNOW 0
LIGHT SNOW 2 SLEET 0
FOG 37 FOG W/VIS <= 1/4 MILE 6
HAZE 8
- INDICATES NEGATIVE NUMBERS.
R INDICATES RECORD WAS SET OR TIED.
MM INDICATES DATA IS MISSING.
T INDICATES TRACE AMOUNT.
$$