000
CDUS42 KTBW 220838
CLITPA


CLIMATE REPORT
NATIONAL WEATHER SERVICE TAMPA BAY FL
436 AM EDT SUN APR 22 2018


...................................

...THE TAMPA CLIMATE SUMMARY FOR APRIL 21 2018...

CLIMATE NORMAL PERIOD 1981 TO 2010
CLIMATE RECORD PERIOD 1890 TO 2018


WEATHER ITEM   OBSERVED TIME   RECORD YEAR NORMAL DEPARTURE LAST
                VALUE   (LST)  VALUE       VALUE  FROM      YEAR
                                                  NORMAL
..................................................................
TEMPERATURE (F)
 YESTERDAY
  MAXIMUM         90    358 PM  91    1925  82      8       89
  MINIMUM         67    454 AM  48    1953  64      3       67
  AVERAGE         79                        73      6       78

PRECIPITATION (IN)
  YESTERDAY        0.00          2.46 1959   0.06  -0.06     0.00
  MONTH TO DATE    2.16                      1.50   0.66     0.59
  SINCE MAR 1      2.51                      4.53  -2.02     1.58
  SINCE JAN 1     10.22                      9.57   0.65     4.54

DEGREE DAYS
 HEATING
  YESTERDAY        0                         0      0        0
  MONTH TO DATE    0                         9     -9        0
  SINCE MAR 1     67                        65      2       28
  SINCE JUL 1    338                       536   -198      164

 COOLING
  YESTERDAY       14                         8      6       13
  MONTH TO DATE  198                       138     60      233
  SINCE MAR 1    306                       264     42      424
  SINCE JAN 1    623                       377    246      677
..................................................................


WIND (MPH)
  RESULTANT WIND SPEED   8   RESULTANT WIND DIRECTION   E (90)
  HIGHEST WIND SPEED    18   HIGHEST WIND DIRECTION    SE (120)
  HIGHEST GUST SPEED    28   HIGHEST GUST DIRECTION    SE (150)
  AVERAGE WIND SPEED     8.7


SKY COVER
  POSSIBLE SUNSHINE  MM
  AVERAGE SKY COVER 0.7


WEATHER CONDITIONS
 THE FOLLOWING WEATHER WAS RECORDED YESTERDAY.
  THUNDERSTORM


RELATIVE HUMIDITY (PERCENT)
 HIGHEST    87           300 AM
 LOWEST     34           300 PM
 AVERAGE    61

..........................................................


THE TAMPA CLIMATE NORMALS FOR TODAY
                         NORMAL    RECORD    YEAR
 MAXIMUM TEMPERATURE (F)   82        91      1970
 MINIMUM TEMPERATURE (F)   64        49      1993
                                             1953
                                             1950


SUNRISE AND SUNSET
APRIL 22 2018.........SUNRISE   658 AM EDT   SUNSET   759 PM EDT
APRIL 23 2018.........SUNRISE   657 AM EDT   SUNSET   800 PM EDT


-  INDICATES NEGATIVE NUMBERS.
R  INDICATES RECORD WAS SET OR TIED.
MM INDICATES DATA IS MISSING.
T  INDICATES TRACE AMOUNT.




$$


&&
------------------------------------------------------------------
******************** SUPPLEMENTAL DATA ***************************

...RUSKIN                HIGH 89    LOW 66    PCPN 0.00
...SARASOTA/BRADENTON    HIGH 87    LOW 68    PCPN 0.31
...ST. PETERSBURG        HIGH 86    LOW 69    PCPN TRACE
...GULF WATER TEMPERATURE AT CLEARWATER BEACH 75 DEGREES
