000
CXUS56 KTFX 211205
CF6GTF
PRELIMINARY LOCAL CLIMATOLOGICAL DATA (WS FORM: F-6)

                                          STATION:   GREAT FALLS MT
                                          MONTH:     AUGUST
                                          YEAR:      2018
                                          LATITUDE:   47 28 N
                                          LONGITUDE: 111 22 W

  TEMPERATURE IN F:       :PCPN:    SNOW:  WIND      :SUNSHINE: SKY     :PK WND
================================================================================
1   2   3   4   5  6A  6B    7    8   9   10  11  12  13   14  15   16   17  18
                                     12Z  AVG MX 2MIN
DY MAX MIN AVG DEP HDD CDD  WTR  SNW DPTH SPD SPD DIR MIN PSBL S-S WX    SPD DR
================================================================================

 1  99  56  78   9   0  13 0.00  0.0    0  6.1 16 220   M    M   0        23 220
 2  96  60  78   9   0  13 0.00  0.0    0 11.0 28 250   M    M   0        36 240
 3  89  52  71   2   0   6 0.00  0.0    0 11.7 30 250   M    M   1        42 240
 4  81  51  66  -3   0   1 0.00  0.0    0  8.2 18  40   M    M   2        24  50
 5  81  47  64  -5   1   0    T  0.0    0  6.2 23 300   M    M   2 3      30 310
 6  89  51  70   1   0   5 0.00  0.0    0  8.2 17 210   M    M   1        24 220
 7  93  56  75   6   0  10 0.00  0.0    0  8.5 18 290   M    M   1        24 280
 8  96  54  75   7   0  10 0.00  0.0    0  7.7 15 300   M    M   0        22 260
 9 101  55  78  10   0  13 0.00  0.0    0  6.1 16 290   M    M   0        23 320
10 105  57  81  13   0  16 0.00  0.0    0  6.8 14 230   M    M   0        19 220
11 101  58  80  12   0  15    T  0.0    0 11.2 25 120   M    M   1 38     35 130
12  93  56  75   7   0  10 0.00  0.0    0 10.2 25 270   M    M   0 8      33 270
13  75  49  62  -6   3   0 0.00  0.0    0  6.6 13  70   M    M   3        17  70
14  85  47  66  -1   0   1 0.00  0.0    0  5.6 13 310   M    M   0 8      18 230
15  93  48  71   4   0   6 0.00  0.0    0  8.7 17 310   M    M   0 8      24 260
16  93  54  74   7   0   9 0.00  0.0    0  6.3 13 220   M    M   0 8      17 320
17  92  53  73   7   0   8 0.00  0.0    0  6.2 16 220   M    M   0 8      22 230
18  80  57  69   3   0   4    T  0.0    0 12.7 23 350   M    M   7 8      31 350
19  77  44  61  -5   4   0 0.00  0.0    0  8.7 21  40   M    M   8 8      27  30
20  60  48  54 -12  11   0 0.18  0.0    0  8.0 17  40   M    M  10 18     23  50
================================================================================
SM 1779 1053        19 140  0.18     0.0 164.7          M       36
================================================================================
AV 89.0 52.7                               8.2 FASTST   M    M   2    MAX(MPH)
                                 MISC ---->  # 30 250               # 42  240
================================================================================
NOTES:
# LAST OF SEVERAL OCCURRENCES

COLUMN 17 PEAK WIND IN M.P.H.

PRELIMINARY LOCAL CLIMATOLOGICAL DATA (WS FORM: F-6) , PAGE 2

                                          STATION:  GREAT FALLS MT
                                          MONTH:    AUGUST
                                          YEAR:     2018
                                          LATITUDE:   47 28 N
                                          LONGITUDE: 111 22 W

[TEMPERATURE DATA]      [PRECIPITATION DATA]       SYMBOLS USED IN COLUMN 16

AVERAGE MONTHLY: 70.8   TOTAL FOR MONTH:   0.18    1 = FOG OR MIST
DPTR FM NORMAL:   3.0   DPTR FM NORMAL:   -0.78    2 = FOG REDUCING VISIBILITY
HIGHEST:   105 ON 10    GRTST 24HR  0.18 ON 20-20      TO 1/4 MILE OR LESS
LOWEST:     44 ON 19                               3 = THUNDER
                        SNOW, ICE PELLETS, HAIL    4 = ICE PELLETS
                        TOTAL MONTH:   0.0 INCH    5 = HAIL
                        GRTST 24HR     0.0         6 = FREEZING RAIN OR DRIZZLE
                        GRTST DEPTH:   0           7 = DUSTSTORM OR SANDSTORM:
                                                       VSBY 1/2 MILE OR LESS
                                                   8 = SMOKE OR HAZE
[NO. OF DAYS WITH]      [WEATHER - DAYS WITH]      9 = BLOWING SNOW
                                                   X = TORNADO
MAX 32 OR BELOW:   0    0.01 INCH OR MORE:   1
MAX 90 OR ABOVE:  11    0.10 INCH OR MORE:   1
MIN 32 OR BELOW:   0    0.50 INCH OR MORE:   0
MIN  0 OR BELOW:   0    1.00 INCH OR MORE:   0

[HDD (BASE 65) ]
TOTAL THIS MO.    19    CLEAR  (SCALE 0-3)  17
DPTR FM NORMAL   -12    PTCLDY (SCALE 4-7)   1
TOTAL FM JUL 1    51    CLOUDY (SCALE 8-10)  2
DPTR FM NORMAL   -30

[CDD (BASE 65) ]
TOTAL THIS MO.   140
DPTR FM NORMAL    53    [PRESSURE DATA]
TOTAL FM JAN 1   362    HIGHEST SLP M ON M
DPTR FM NORMAL   112    LOWEST  SLP 29.72 ON  2

[REMARKS]
