000
CDUS45 KTFX 191012
CLIGTF


CLIMATE REPORT
NATIONAL WEATHER SERVICE GREAT FALLS MT
410 AM MDT THU APR 19 2018


...................................

...THE GREAT FALLS MT CLIMATE SUMMARY FOR APRIL 18 2018...

CLIMATE NORMAL PERIOD 1981 TO 2010
CLIMATE RECORD PERIOD 1886 TO 2018


WEATHER ITEM   OBSERVED TIME   RECORD YEAR NORMAL DEPARTURE LAST
                VALUE   (LST)  VALUE       VALUE  FROM      YEAR
                                                  NORMAL
..................................................................
TEMPERATURE (F)
 YESTERDAY
  MAXIMUM         52    406 PM  86    1936  56     -4       63
  MINIMUM         28    500 AM   6    1951  31     -3       35
  AVERAGE         40                        44     -4       49

PRECIPITATION (IN)
  YESTERDAY        0.00          1.22 1993   0.04  -0.04      T
  MONTH TO DATE    1.47                      0.80   0.67     2.26
  SINCE OCT 1      7.08                      4.69   2.39     7.02
  SINCE JAN 1      4.22                      2.69   1.53     4.09

SNOWFALL (IN)
  YESTERDAY        0.0           2.5  2007   0.3   -0.3      0.0
  MONTH TO DATE   20.2                       5.6   14.6      5.0
  SINCE MAR 1     32.6                      17.5   15.1     10.6
  SINCE JUL 1    104.9                      57.5   47.4     48.4
  SNOW DEPTH       0

DEGREE DAYS
 HEATING
  YESTERDAY       25                        21      4       16
  MONTH TO DATE  600                       425    175      385
  SINCE MAR 1   1697                      1378    319     1224
  SINCE JUL 1   7586                      6883    703     6922

 COOLING
  YESTERDAY        0                         0      0        0
  MONTH TO DATE    0                         0      0        0
  SINCE MAR 1      0                         0      0        0
  SINCE JAN 1      0                         0      0        0
..................................................................


WIND (MPH)
  HIGHEST WIND SPEED    20   HIGHEST WIND DIRECTION    SW (220)
  HIGHEST GUST SPEED    26   HIGHEST GUST DIRECTION    SW (230)
  AVERAGE WIND SPEED    10.2


SKY COVER
  AVERAGE SKY COVER 0.1


WEATHER CONDITIONS
 THE FOLLOWING WEATHER WAS RECORDED YESTERDAY.
  NO SIGNIFICANT WEATHER WAS OBSERVED.


RELATIVE HUMIDITY (PERCENT)
 HIGHEST    69           200 AM
 LOWEST     22           500 PM
 AVERAGE    46

..........................................................


THE GREAT FALLS MT CLIMATE NORMALS FOR TODAY
                         NORMAL    RECORD    YEAR
 MAXIMUM TEMPERATURE (F)   57        83      1962
 MINIMUM TEMPERATURE (F)   31         6      1951


SUNRISE AND SUNSET
APRIL 19 2018.........SUNRISE   629 AM MDT   SUNSET   821 PM MDT
APRIL 20 2018.........SUNRISE   627 AM MDT   SUNSET   822 PM MDT


-  INDICATES NEGATIVE NUMBERS.
R  INDICATES RECORD WAS SET OR TIED.
MM INDICATES DATA IS MISSING.
T  INDICATES TRACE AMOUNT.




$$
