000
CDUS43 KMKX 190711
CLIMKE


CLIMATE REPORT
NATIONAL WEATHER SERVICE IN MILWAUKEE
206 AM CDT THU APR 19 2018


...................................

...THE MILWAUKEE WI CLIMATE SUMMARY FOR APRIL 18 2018...

CLIMATE NORMAL PERIOD 1981 TO 2010
CLIMATE RECORD PERIOD 1871 TO 2018


WEATHER ITEM   OBSERVED TIME   RECORD YEAR NORMAL DEPARTURE LAST
                VALUE   (LST)  VALUE       VALUE  FROM      YEAR
                                                  NORMAL
..................................................................
TEMPERATURE (F)
 YESTERDAY
  MAXIMUM         36   1159 PM  88    2002  55    -19       73
  MINIMUM         33    637 PM  23    1983  38     -5       40
  AVERAGE         35                        46    -11       57

PRECIPITATION (IN)
  YESTERDAY        0.43          1.63 1877   0.12   0.31      T
  MONTH TO DATE    2.92                      2.18   0.74     3.27
  SINCE MAR 1      3.58                      4.45  -0.87     6.99
  SINCE JAN 1      8.40                      7.86   0.54    11.00

SNOWFALL (IN)
  YESTERDAY        3.2           6.4  1912   0.0    3.2      0.0
  MONTH TO DATE   10.0                       1.6    8.4      0.0
  SINCE MAR 1     14.0                       8.6    5.4     13.6
  SINCE JUL 1     46.7                      46.4    0.3     37.6
  SNOW DEPTH       2

DEGREE DAYS
 HEATING
  YESTERDAY       30                        19     11        8
  MONTH TO DATE  549                       391    158      256
  SINCE MAR 1   1473                      1320    153     1143
  SINCE JUL 1   6085                      6300   -215     5142

 COOLING
  YESTERDAY        0                         0      0        0
  MONTH TO DATE    0                         0      0        2
  SINCE MAR 1      0                         0      0        2
  SINCE JAN 1      0                         0      0        2
..................................................................


WIND (MPH)
  HIGHEST WIND SPEED    25   HIGHEST WIND DIRECTION    NE (50)
  HIGHEST GUST SPEED    33   HIGHEST GUST DIRECTION    NE (50)
  AVERAGE WIND SPEED    12.6


SKY COVER
  POSSIBLE SUNSHINE  MM
  AVERAGE SKY COVER 1.0


WEATHER CONDITIONS
 THE FOLLOWING WEATHER WAS RECORDED YESTERDAY.
  THUNDERSTORM
  LIGHT RAIN
  SNOW
  LIGHT SNOW
  SLEET
  FOG
  FOG W/VISIBILITY <= 1/4 MILE
  HAZE


RELATIVE HUMIDITY (PERCENT)
 HIGHEST   100           900 PM
 LOWEST     64          1200 AM
 AVERAGE    82

..........................................................


THE MILWAUKEE WI CLIMATE NORMALS FOR TODAY
                         NORMAL    RECORD    YEAR
 MAXIMUM TEMPERATURE (F)   55        86      1985
 MINIMUM TEMPERATURE (F)   39        23      1897


SUNRISE AND SUNSET
APRIL 19 2018.........SUNRISE   603 AM CDT   SUNSET   739 PM CDT
APRIL 20 2018.........SUNRISE   602 AM CDT   SUNSET   740 PM CDT


-  INDICATES NEGATIVE NUMBERS.
R  INDICATES RECORD WAS SET OR TIED.
MM INDICATES DATA IS MISSING.
T  INDICATES TRACE AMOUNT.




$$
