046
CDUS43 KMKX 130647
CLIMKE


CLIMATE REPORT
NATIONAL WEATHER SERVICE IN MILWAUKEE
1243 AM CST THU DEC 13 2018


...................................

...THE MILWAUKEE WI CLIMATE SUMMARY FOR DECEMBER 12 2018...

CLIMATE NORMAL PERIOD 1981 TO 2010
CLIMATE RECORD PERIOD 1871 TO 2018


WEATHER ITEM   OBSERVED TIME   RECORD YEAR NORMAL DEPARTURE LAST
                VALUE   (LST)  VALUE       VALUE  FROM      YEAR
                                                  NORMAL
..................................................................
TEMPERATURE (F)
 YESTERDAY
  MAXIMUM         40   1215 PM  58    1991  34      6       26
  MINIMUM         30    537 PM  -7    1962  21      9       17
  AVERAGE         35                        27      8       22

PRECIPITATION (IN)
  YESTERDAY        0.03          0.77 1903   0.07  -0.04      T
  MONTH TO DATE    1.35                      0.91   0.44     0.17
  SINCE DEC 1      1.35                      0.91   0.44     0.17
  SINCE JAN 1     44.02                     33.63  10.39    33.80

SNOWFALL (IN)
  YESTERDAY        T             8.0  1903   0.3   -0.3       T
  MONTH TO DATE    0.2                       3.6   -3.4      1.2
  SINCE DEC 1      0.2                       3.6   -3.4      1.2
  SINCE JUL 1      6.8                       6.3    0.5      1.4
  SNOW DEPTH       0

DEGREE DAYS
 HEATING
  YESTERDAY       30                        38     -8       43
  MONTH TO DATE  427                       428     -1      381
  SINCE DEC 1    427                       428     -1      381
  SINCE JUL 1   1857                      1793     64     1486

 COOLING
  YESTERDAY        0                         0      0        0
  MONTH TO DATE    0                         0      0        0
  SINCE DEC 1      0                         0      0        0
  SINCE JAN 1    929                       641    288      772
..................................................................


WIND (MPH)
  HIGHEST WIND SPEED    20   HIGHEST WIND DIRECTION    SE (150)
  HIGHEST GUST SPEED    26   HIGHEST GUST DIRECTION    SE (140)
  AVERAGE WIND SPEED    11.4


SKY COVER
  POSSIBLE SUNSHINE  MM
  AVERAGE SKY COVER 1.0


WEATHER CONDITIONS
 THE FOLLOWING WEATHER WAS RECORDED YESTERDAY.
  LIGHT RAIN
  FOG
  HAZE


RELATIVE HUMIDITY (PERCENT)
 HIGHEST    85           500 AM
 LOWEST     70          1200 PM
 AVERAGE    78

..........................................................


THE MILWAUKEE WI CLIMATE NORMALS FOR TODAY
                         NORMAL    RECORD    YEAR
 MAXIMUM TEMPERATURE (F)   33        60      2015
 MINIMUM TEMPERATURE (F)   21       -14      1903


SUNRISE AND SUNSET
DECEMBER 13 2018......SUNRISE   714 AM CST   SUNSET   417 PM CST
DECEMBER 14 2018......SUNRISE   715 AM CST   SUNSET   418 PM CST


-  INDICATES NEGATIVE NUMBERS.
R  INDICATES RECORD WAS SET OR TIED.
MM INDICATES DATA IS MISSING.
T  INDICATES TRACE AMOUNT.




$$
