000
CXUS54 KFWD 010730
CF60F2
PRELIMINARY LOCAL CLIMATOLOGICAL DATA (WS FORM: F-6)
STATION: BOWIE
MONTH: MARCH
YEAR: 2024
LATITUDE: 33 36 N
LONGITUDE: 97 47 W
TEMPERATURE IN F: :PCPN: SNOW: WIND :SUNSHINE: SKY :PK WND
================================================================================
1 2 3 4 5 6A 6B 7 8 9 10 11 12 13 14 15 16 17 18
12Z AVG MX 2MIN
DY MAX MIN AVG DEP HDD CDD WTR SNW DPTH SPD SPD DIR MIN PSBL S-S WX SPD DR
================================================================================
1 68 32 50 1 15 0 0.00 M M 6.1 12 160 M M 3 12 18 160
2 84 45 65 16 0 0 0.00 M M 8.2 18 210 M M 0 28 220
3 82 57 70 21 0 5 0.00 M M 11.5 16 190 M M 2 1 23 170
4 83 59 71 21 0 6 0.00 M M 9.6 17 220 M M 1 22 190
5 74 49 62 12 3 0 0.00 M M 6.7 10 30 M M 1 21 10
6 78 46 62 12 3 0 0.00 M M 5.2 9 170 M M 0 17 170
7 68 57 63 13 2 0 1.61 M M 11.6 22 190 M M 5 3 33 190
8 58 38 48 -3 17 0 0.03 M M 10.6 24 340 M M 9 1 29 340
9 56 37 47 -4 18 0 0.00 M M 11.8 18 340 M M 3 23 340
10 64 31 48 -3 17 0 0.00 M M 2.1 6 170 M M 0 M M
11 70 41 56 4 9 0 0.00 M M 6.3 13 160 M M 0 8 25 210
12 78 51 65 13 0 0 0.00 M M 10.0 16 190 M M 0 23 230
13 83 58 71 19 0 6 0.00 M M 11.7 17 200 M M 1 1 25 190
14 82 66 74 22 0 9 0.00 M M 9.6 18 180 M M 7 28 180
15 66 48 57 4 8 0 0.00 M M 8.9 15 10 M M 5 23 360
16 59 47 53 0 12 0 0.71 M M 4.1 8 10 M M 8 M M
17 65 50 58 5 7 0 0.00 M M 6.4 10 50 M M 6 18 40
18 57 36 47 -7 18 0 0.00 M M 5.4 13 360 M M 1 20 20
19 69 32 51 -3 14 0 0.00 M M 5.5 13 190 M M 0 21 190
20 71 45 58 4 7 0 0.00 M M 5.0 10 160 M M 0 17 150
21 69 54 62 8 3 0 0.42 M M 4.9 10 180 M M 8 25 180
22 70 52 61 6 4 0 0.00 M M 7.3 14 360 M M 7 12 18 10
23 65 41 53 -2 12 0 0.00 M M 4.9 9 140 M M 0 M M
24 67 57 62 7 3 0 0.61 M M 14.8 28 180 M M 5 36 180
25 67 38 53 -3 12 0 0.00 M M 11.3 23 320 M M 2 29 320
26 55 33 44 -12 21 0 0.00 M M 8.2 23 330 M M 0 29 330
27 62 36 49 -7 16 0 0.00 M M 4.2 10 120 M M 2 17 120
28 71 36 54 -2 11 0 0.00 M M 4.4 10 170 M M 0 17 170
29 77 55 66 9 0 1 0.00 M M 14.1 22 180 M M 0 32 200
30 80 58 69 12 0 4 0.00 M M 9.9 13 160 M M 1 18 200
31 73 64 69 12 0 4 0.00 M M 10.1 14 170 M M 4 21 170
================================================================================
SM 2171 1449 232 35 3.38 M 250.3 M 81
================================================================================
AV 70.0 46.7 8.1 FASTST M M 3 MAX(MPH)
MISC ----> 28 180 36 180
================================================================================
NOTES:
# LAST OF SEVERAL OCCURRENCES
COLUMN 17 PEAK WIND IN M.P.H.
PRELIMINARY LOCAL CLIMATOLOGICAL DATA (WS FORM: F-6) , PAGE 2
STATION: BOWIE
MONTH: MARCH
YEAR: 2024
LATITUDE: 33 36 N
LONGITUDE: 97 47 W
[TEMPERATURE DATA] [PRECIPITATION DATA] SYMBOLS USED IN COLUMN 16
AVERAGE MONTHLY: 58.4 TOTAL FOR MONTH: 3.38 1 = FOG OR MIST
DPTR FM NORMAL: 5.4 DPTR FM NORMAL: 0.30 2 = FOG REDUCING VISIBILITY
HIGHEST: 84 ON 2 GRTST 24HR 1.61 ON 7- 7 TO 1/4 MILE OR LESS
LOWEST: 31 ON 10 3 = THUNDER
SNOW, ICE PELLETS, HAIL 4 = ICE PELLETS
TOTAL MONTH: M 5 = HAIL
GRTST 24HR M ON M 6 = FREEZING RAIN OR DRIZZLE
GRTST DEPTH: M ON M 7 = DUSTSTORM OR SANDSTORM:
VSBY 1/2 MILE OR LESS
8 = SMOKE OR HAZE
[NO. OF DAYS WITH] [WEATHER - DAYS WITH] 9 = BLOWING SNOW
X = TORNADO
MAX 32 OR BELOW: 0 0.01 INCH OR MORE: 5
MAX 90 OR ABOVE: 0 0.10 INCH OR MORE: 4
MIN 32 OR BELOW: 3 0.50 INCH OR MORE: 3
MIN 0 OR BELOW: 0 1.00 INCH OR MORE: 1
[HDD (BASE 65) ]
TOTAL THIS MO. 232 CLEAR (SCALE 0-3) 20
DPTR FM NORMAL -152 PTCLDY (SCALE 4-7) 8
TOTAL FM JUL 1 2335 CLOUDY (SCALE 8-10) 3
DPTR FM NORMAL -557
[CDD (BASE 65) ]
TOTAL THIS MO. 35
DPTR FM NORMAL 22 [PRESSURE DATA]
TOTAL FM JAN 1 50 HIGHEST SLP M ON M
DPTR FM NORMAL 35 LOWEST SLP M ON M
[REMARKS]
#FINAL-03-24#