000
CXUS55 KBOU 010823
CF620V
PRELIMINARY LOCAL CLIMATOLOGICAL DATA (WS FORM: F-6)
STATION: Kremmling
MONTH: MARCH
YEAR: 2020
LATITUDE: 40 3 N
LONGITUDE: 106 22 W
TEMPERATURE IN F: :PCPN: SNOW: WIND :SUNSHINE: SKY :PK WND
================================================================================
1 2 3 4 5 6A 6B 7 8 9 10 11 12 13 14 15 16 17 18
12Z AVG MX 2MIN
DY MAX MIN AVG DEP HDD CDD WTR SNW DPTH SPD SPD DIR MIN PSBL S-S WX SPD DR
================================================================================
1 37 1 19 M 46 0 M M M 1.9 7 240 M M 5 M M
2 34 12 23 M 42 0 M M M 4.9 14 330 M M 6 22 330
3 30 0 15 M 50 0 M M M 1.2 7 130 M M 1 M M
4 28 0 14 M 51 0 M M M 0.8 7 120 M M 3 128 M M
5 34 1 18 M 47 0 M M M 0.5 5 270 M M 0 16 150
6 32 0 16 M 49 0 M M M 0.0 M M M M 1 2 M M
7 37 5 21 M 44 0 M M M 0.3 5 70 M M 3 1 M M
8 48 25 37 M 28 0 M M M 4.2 15 240 M M 4 23 240
9 45 28 37 M 28 0 M M M 6.2 15 260 M M 5 22 230
10 37 27 32 M 33 0 M M M 3.7 9 110 M M 8 M M
11 48 19 34 M 31 0 M M M 4.7 16 250 M M 6 1 22 250
12 50 30 40 M 25 0 M M M 7.8 16 250 M M 6 21 270
13 43 25 34 M 31 0 M M M 3.9 20 210 M M 6 36 210
14 48 30 39 M 26 0 M M M 6.5 15 260 M M 8 22 220
15 54 23 39 M 26 0 M M M 4.1 15 250 M M 1 24 250
16 54 23 39 M 26 0 M M M 2.0 9 230 M M 0 17 230
17 59 27 43 M 22 0 M M M 4.5 17 250 M M 0 23 250
18 54 21 38 M 27 0 M M M 3.2 16 270 M M 5 29 270
19 37 28 33 M 32 0 M M M 4.4 17 210 M M 9 21 210
20 37 23 30 M 35 0 M M M 2.4 10 40 M M 8 17 330
21 46 18 32 M 33 0 M M M 2.9 9 250 M M 5 M M
22 41 25 33 M 32 0 M M M 6.0 14 280 M M 8 23 280
23 41 21 31 M 34 0 M M M 2.6 8 250 M M 8 16 360
24 50 30 40 M 25 0 M M M 9.2 21 250 M M 5 30 250
25 48 32 40 M 25 0 M M M 12.0 23 240 M M 3 30 250
26 54 30 42 M 23 0 M M M 11.7 23 250 M M 1 36 220
27 41 19 30 M 35 0 M M M 5.0 20 220 M M 6 28 260
28 36 19 28 M 37 0 M M M 6.2 13 260 M M 8 17 260
29 45 18 32 M 33 0 M M M 3.9 8 260 M M 6 M M
30 46 30 38 M 27 0 M M M 3.4 14 340 M M 8 18 340
31 55 30 43 M 22 0 0.00 0.0 0 10.5 22 240 M M 7 30 240
================================================================================
SM 1349 620 1025 0 0.00 0.0 140.6 M 150
================================================================================
AV 43.5 20.0 4.5 FASTST M M 5 MAX(MPH)
MISC ----> # 23 240 # 36 210
================================================================================
NOTES:
# LAST OF SEVERAL OCCURRENCES
COLUMN 17 PEAK WIND IN M.P.H.
PRELIMINARY LOCAL CLIMATOLOGICAL DATA (WS FORM: F-6) , PAGE 2
STATION: Kremmling
MONTH: MARCH
YEAR: 2020
LATITUDE: 40 3 N
LONGITUDE: 106 22 W
[TEMPERATURE DATA] [PRECIPITATION DATA] SYMBOLS USED IN COLUMN 16
AVERAGE MONTHLY: 31.8 TOTAL FOR MONTH: 0.00 1 = FOG OR MIST
DPTR FM NORMAL: M DPTR FM NORMAL: M 2 = FOG REDUCING VISIBILITY
HIGHEST: 59 ON 17 GRTST 24HR 0.00 ON 31-31 TO 1/4 MILE OR LESS
LOWEST: 0 ON 6, 4 3 = THUNDER
SNOW, ICE PELLETS, HAIL 4 = ICE PELLETS
TOTAL MONTH: 0.0 INCH 5 = HAIL
GRTST 24HR 0.0 6 = FREEZING RAIN OR DRIZZLE
GRTST DEPTH: 0 7 = DUSTSTORM OR SANDSTORM:
VSBY 1/2 MILE OR LESS
8 = SMOKE OR HAZE
[NO. OF DAYS WITH] [WEATHER - DAYS WITH] 9 = BLOWING SNOW
X = TORNADO
MAX 32 OR BELOW: 3 0.01 INCH OR MORE: 0
MAX 90 OR ABOVE: 0 0.10 INCH OR MORE: 0
MIN 32 OR BELOW: 31 0.50 INCH OR MORE: 0
MIN 0 OR BELOW: 3 1.00 INCH OR MORE: 0
[HDD (BASE 65) ]
TOTAL THIS MO. 1025 CLEAR (SCALE 0-3) 8
DPTR FM NORMAL M PTCLDY (SCALE 4-7) 19
TOTAL FM JUL 1 7857 CLOUDY (SCALE 8-10) 4
DPTR FM NORMAL M
[CDD (BASE 65) ]
TOTAL THIS MO. 0
DPTR FM NORMAL M [PRESSURE DATA]
TOTAL FM JAN 1 0 HIGHEST SLP M ON M
DPTR FM NORMAL M LOWEST SLP M ON M
[REMARKS]
#FINAL-03-20#