000
CXUS53 KUNR 010930
CF62WX
PRELIMINARY LOCAL CLIMATOLOGICAL DATA (WS FORM: F-6)
STATION: BUFFALO SD
MONTH: JUNE
YEAR: 2023
LATITUDE: 45 35 N
LONGITUDE: 103 33 W
TEMPERATURE IN F: :PCPN: SNOW: WIND :SUNSHINE: SKY :PK WND
================================================================================
1 2 3 4 5 6A 6B 7 8 9 10 11 12 13 14 15 16 17 18
12Z AVG MX 2MIN
DY MAX MIN AVG DEP HDD CDD WTR SNW DPTH SPD SPD DIR MIN PSBL S-S WX SPD DR
================================================================================
1 84 56 70 10 0 5 0.19 M M 10.9 46 120 M M M 60 120
2 80 59 70 10 0 5 0.00 M M 13.8 30 130 M M M 38 130
3 83 61 72 12 0 7 0.00 M M 11.1 23 140 M M M 29 140
4 86 60 73 12 0 8 0.00 M M 9.4 21 160 M M M 27 150
5 87 60 74 13 0 9 0.00 M M 9.4 21 150 M M M 26 160
6 89 59 74 13 0 9 0.00 M M 10.4 23 140 M M M 31 120
7 92 60 76 14 0 11 0.00 M M 5.5 16 170 M M M 22 130
8 94 60 77 15 0 12 0.07 M M 8.0 22 140 M M M 28 20
9 83 62 73 11 0 8 0.39 M M 7.8 30 140 M M M 41 140
10 71 51 61 -1 4 0 0.22 M M 13.0 23 50 M M M 29 60
11 74 47 61 -2 4 0 0.00 M M 9.4 17 150 M M M 26 100
12 78 49 64 1 1 0 0.00 M M 7.3 20 160 M M M 28 150
13 81 50 66 2 0 1 0.00 M M 4.1 12 110 M M M 17 110
14 86 54 70 6 0 5 0.09 M M 11.4 22 360 M M M 35 330
15 67 57 62 -2 3 0 0.65 M M 12.3 26 340 M M M 33 340
16 68 51 60 -4 5 0 0.00 M M 11.5 21 330 M M M 29 330
17 80 46 63 -2 2 0 0.00 M M 7.5 20 320 M M M 24 320
18 87 55 71 6 0 6 0.00 M M 12.8 31 330 M M M 41 230
19 86 57 72 7 0 7 0.00 M M 9.9 23 300 M M M 31 310
20 78 56 67 1 0 2 0.02 M M 14.7 30 250 M M M 44 270
21 65 55 60 -6 5 0 1.18 M M 9.8 22 50 M M M 26 10
22 71 54 63 -3 2 0 0.50 M M 11.2 22 20 M M M 27 340
23 74 51 63 -4 2 0 0.96 M M 13.2 38 70 M M M 50 70
24 67 51 59 -8 6 0 0.00 M M 14.2 28 320 M M M 34 30
25 78 52 65 -2 0 0 0.00 M M 7.1 17 310 M M M 22 320
26 80 56 68 0 0 3 0.08 M M 10.4 36 330 M M M 46 330
27 77 56 67 -1 0 2 0.03 M M 9.3 39 330 M M M 51 330
28 82 53 68 0 0 3 0.00 M M 7.3 24 330 M M M 30 330
29 84 59 72 3 0 7 0.00 M M 7.5 18 330 M M M 22 340
30 86 61 74 5 0 9 0.42 M M 6.8 25 330 M M M 36 310
================================================================================
SM 2398 1658 34 119 4.80 M 297.0 M M
================================================================================
AV 79.9 55.3 9.9 FASTST M M M MAX(MPH)
MISC ----> 46 120 60 120
================================================================================
NOTES:
# LAST OF SEVERAL OCCURRENCES
COLUMN 17 PEAK WIND IN M.P.H.
PRELIMINARY LOCAL CLIMATOLOGICAL DATA (WS FORM: F-6) , PAGE 2
STATION: BUFFALO SD
MONTH: JUNE
YEAR: 2023
LATITUDE: 45 35 N
LONGITUDE: 103 33 W
[TEMPERATURE DATA] [PRECIPITATION DATA] SYMBOLS USED IN COLUMN 16
AVERAGE MONTHLY: 67.6 TOTAL FOR MONTH: 4.80 1 = FOG OR MIST
DPTR FM NORMAL: 3.3 DPTR FM NORMAL: 2.69 2 = FOG REDUCING VISIBILITY
HIGHEST: 94 ON 8 GRTST 24HR 1.42 ON 22-23 TO 1/4 MILE OR LESS
LOWEST: 46 ON 17 3 = THUNDER
SNOW, ICE PELLETS, HAIL 4 = ICE PELLETS
TOTAL MONTH: M 5 = HAIL
GRTST 24HR M ON M 6 = FREEZING RAIN OR DRIZZLE
GRTST DEPTH: M ON M 7 = DUSTSTORM OR SANDSTORM:
VSBY 1/2 MILE OR LESS
8 = SMOKE OR HAZE
[NO. OF DAYS WITH] [WEATHER - DAYS WITH] 9 = BLOWING SNOW
X = TORNADO
MAX 32 OR BELOW: 0 0.01 INCH OR MORE: 13
MAX 90 OR ABOVE: 2 0.10 INCH OR MORE: 8
MIN 32 OR BELOW: 0 0.50 INCH OR MORE: 4
MIN 0 OR BELOW: 0 1.00 INCH OR MORE: 1
[HDD (BASE 65) ]
TOTAL THIS MO. 34 CLEAR (SCALE 0-3) 0
DPTR FM NORMAL -63 PTCLDY (SCALE 4-7) 0
TOTAL FM JUL 1 7399 CLOUDY (SCALE 8-10) 30
DPTR FM NORMAL -269
[CDD (BASE 65) ]
TOTAL THIS MO. 119
DPTR FM NORMAL 43 [PRESSURE DATA]
TOTAL FM JAN 1 155 HIGHEST SLP 30.13 ON 22
DPTR FM NORMAL 69 LOWEST SLP 29.41 ON 18
[REMARKS]
#FINAL-06-23#