000
CXUS53 KUNR 011030
CF62WX
PRELIMINARY LOCAL CLIMATOLOGICAL DATA (WS FORM: F-6)
STATION: BUFFALO SD
MONTH: NOVEMBER
YEAR: 2020
LATITUDE: 45 35 N
LONGITUDE: 103 33 W
TEMPERATURE IN F: :PCPN: SNOW: WIND :SUNSHINE: SKY :PK WND
================================================================================
1 2 3 4 5 6A 6B 7 8 9 10 11 12 13 14 15 16 17 18
12Z AVG MX 2MIN
DY MAX MIN AVG DEP HDD CDD WTR SNW DPTH SPD SPD DIR MIN PSBL S-S WX SPD DR
================================================================================
1 60 22 41 2 24 0 0.00 M M 9.2 23 280 M M M 28 280
2 76 36 56 17 9 0 0.00 M M 9.1 21 270 M M M 28 260
3 72 43 58 20 7 0 0.00 M M 10.3 21 290 M M M 26 260
4 74 41 58 20 7 0 0.00 M M 10.2 28 300 M M M 36 290
5 78 40 59 22 6 0 0.00 M M 7.9 22 250 M M M 27 220
6 69 38 54 17 11 0 0.00 M M 8.1 18 40 M M M 23 40
7 59 32 46 10 19 0 0.00 M M 10.5 20 140 M M M 24 160
8 47 19 33 -3 32 0 0.07 M M 21.0 39 280 M M M 47 270
9 29 16 23 -12 42 0 0.00 M M 17.6 33 290 M M M 40 280
10 42 16 29 -6 36 0 0.00 M M 10.6 29 280 M M M 36 290
11 36 12 24 -10 41 0 0.00 M M 18.7 35 270 M M M 43 280
12 37 9 23 -11 42 0 0.00 M M 10.1 24 280 M M M 30 270
13 53 17 35 2 30 0 0.00 M M 9.2 21 150 M M M 27 150
14 46 31 39 7 26 0 0.00 M M 23.0 45 290 M M M 57 290
15 46 21 34 2 31 0 0.00 M M 14.1 28 290 M M M 35 290
16 50 28 39 8 26 0 0.00 M M 14.3 31 310 M M M 41 310
17 57 31 44 13 21 0 0.00 M M 9.8 21 140 M M M 26 150
18 70 37 54 24 11 0 0.00 M M 8.2 21 310 M M M 27 320
19 53 31 42 12 23 0 0.00 M M 12.7 40 320 M M M 53 300
20 46 19 33 4 32 0 0.00 M M 7.9 23 290 M M M 33 280
21 51 20 36 7 29 0 0.00 M M 8.8 26 290 M M M 32 290
22 47 20 34 6 31 0 0.00 M M 10.8 25 300 M M M 33 300
23 42 16 29 1 36 0 0.00 M M 6.6 18 290 M M M 21 290
24 45 19 32 5 33 0 0.00 M M 11.3 20 290 M M M 24 310
25 52 20 36 9 29 0 0.01 M M 8.6 29 320 M M M 36 320
26 42 20 31 5 34 0 0.00 M M 15.3 33 280 M M M 42 280
27 52 20 36 10 29 0 0.00 M M 14.2 31 280 M M M 38 280
28 61 25 43 18 22 0 0.00 M M 16.4 32 310 M M M 45 310
29 39 14 27 2 38 0 0.00 M M 10.3 26 310 M M M 34 320
30 59 18 39 14 26 0 0.00 M M 6.1 15 290 M M M 19 210
================================================================================
SM 1590 731 783 0 0.08 M 350.9 M M
================================================================================
AV 53.0 24.4 11.7 FASTST M M M MAX(MPH)
MISC ----> 45 290 57 290
================================================================================
NOTES:
# LAST OF SEVERAL OCCURRENCES
COLUMN 17 PEAK WIND IN M.P.H.
PRELIMINARY LOCAL CLIMATOLOGICAL DATA (WS FORM: F-6) , PAGE 2
STATION: BUFFALO SD
MONTH: NOVEMBER
YEAR: 2020
LATITUDE: 45 35 N
LONGITUDE: 103 33 W
[TEMPERATURE DATA] [PRECIPITATION DATA] SYMBOLS USED IN COLUMN 16
AVERAGE MONTHLY: 38.7 TOTAL FOR MONTH: 0.08 1 = FOG OR MIST
DPTR FM NORMAL: 7.0 DPTR FM NORMAL: -0.23 2 = FOG REDUCING VISIBILITY
HIGHEST: 78 ON 5 GRTST 24HR 0.07 ON 8- 8 TO 1/4 MILE OR LESS
LOWEST: 9 ON 12 3 = THUNDER
SNOW, ICE PELLETS, HAIL 4 = ICE PELLETS
TOTAL MONTH: M 5 = HAIL
GRTST 24HR M ON M 6 = FREEZING RAIN OR DRIZZLE
GRTST DEPTH: M ON M 7 = DUSTSTORM OR SANDSTORM:
VSBY 1/2 MILE OR LESS
8 = SMOKE OR HAZE
[NO. OF DAYS WITH] [WEATHER - DAYS WITH] 9 = BLOWING SNOW
X = TORNADO
MAX 32 OR BELOW: 1 0.01 INCH OR MORE: 2
MAX 90 OR ABOVE: 0 0.10 INCH OR MORE: 0
MIN 32 OR BELOW: 24 0.50 INCH OR MORE: 0
MIN 0 OR BELOW: 0 1.00 INCH OR MORE: 0
[HDD (BASE 65) ]
TOTAL THIS MO. 783 CLEAR (SCALE 0-3) 0
DPTR FM NORMAL -214 PTCLDY (SCALE 4-7) 0
TOTAL FM JUL 1 1695 CLOUDY (SCALE 8-10) 30
DPTR FM NORMAL -203
[CDD (BASE 65) ]
TOTAL THIS MO. 0
DPTR FM NORMAL 0 [PRESSURE DATA]
TOTAL FM JAN 1 738 HIGHEST SLP 30.57 ON 29
DPTR FM NORMAL 225 LOWEST SLP 29.15 ON 8
[REMARKS]
#FINAL-11-20#