000
CXUS53 KUNR 011526
CLM2WX
CLIMATE REPORT
NATIONAL WEATHER SERVICE RAPID CITY SD
926 AM MDT SAT APR 01 2023
...................................
...THE BUFFALO SD CLIMATE SUMMARY FOR THE MONTH OF MARCH 2023...
CLIMATE NORMAL PERIOD 1991 TO 2020
CLIMATE RECORD PERIOD 9999 TO 9999
WEATHER OBSERVED NORMAL DEPART LAST YEAR`S
VALUE DATE(S) VALUE FROM VALUE DATE(S)
NORMAL
................................................................
TEMPERATURE (F)
HIGHEST 53 03/14 69 03/20
03/24
LOWEST 0 03/08 -5 03/11
AVG. MAXIMUM 34.0 44.9 -10.9 48.0
AVG. MINIMUM 15.2 22.1 -6.9 21.4
MEAN 24.6 33.5 -8.9 34.7
DAYS MAX >= 90 0 0
DAYS MAX <= 32 12 8
DAYS MIN <= 32 31 27
DAYS MIN <= 0 1 2
PRECIPITATION (INCHES)
TOTALS 0.83 0.53 0.30 0.07
DAILY AVG. 0.03 0.02 0.01 0.00
DAYS >= .01 9 3
DAYS >= .10 3 0
DAYS >= .50 0 0
DAYS >= 1.00 0 0
GREATEST
24 HR. TOTAL 0.27 03/20 TO 03/21 0.04
DEGREE DAYS
HEATING TOTAL 1243 977 266 934
SINCE 7/1 6548 6573 -25 MM
COOLING TOTAL 0 0 0 0
SINCE 1/1 0 0 0 MM
................................................................
WIND (MPH)
AVERAGE WIND SPEED 11.9
HIGHEST WIND SPEED/DIRECTION 53/300 DATE 03/11
HIGHEST GUST SPEED/DIRECTION 66/300 DATE 03/11
AVERAGE RH (PERCENT) 73
- INDICATES NEGATIVE NUMBERS.
R INDICATES RECORD WAS SET OR TIED.
MM INDICATES DATA IS MISSING.
T INDICATES TRACE AMOUNT.
$$