000
CXUS55 KBOU 010900
CF633V
PRELIMINARY LOCAL CLIMATOLOGICAL DATA (WS FORM: F-6)
STATION: WALDEN
MONTH: JUNE
YEAR: 2023
LATITUDE: 40 45 N
LONGITUDE: 106 16 W
TEMPERATURE IN F: :PCPN: SNOW: WIND :SUNSHINE: SKY :PK WND
================================================================================
1 2 3 4 5 6A 6B 7 8 9 10 11 12 13 14 15 16 17 18
12Z AVG MX 2MIN
DY MAX MIN AVG DEP HDD CDD WTR SNW DPTH SPD SPD DIR MIN PSBL S-S WX SPD DR
================================================================================
1 61 34 48 M 17 0 M M M 6.1 14 250 M M 7 23 120
2 52 41 47 M 18 0 M M M 9.4 16 210 M M 9 21 210
3 57 39 48 M 17 0 M M M 4.8 9 160 M M 7 M M
4 54 41 48 M 17 0 M M M 2.2 13 140 M M 7 M M
5 64 34 49 M 16 0 M M M 5.4 15 310 M M 2 23 310
6 68 36 52 M 13 0 M M M 6.1 20 300 M M 0 28 300
7 66 37 52 M 13 0 M M M 5.3 20 130 M M 5 24 250
8 63 39 51 M 14 0 M M M 2.8 10 330 M M 3 21 330
9 70 41 56 M 9 0 M M M 5.2 24 10 M M 2 31 10
10 63 37 50 M 15 0 M M M 5.3 27 340 M M 2 36 260
11 64 34 49 M 16 0 M M M 5.8 21 40 M M 4 36 180
12 59 39 49 M 16 0 M M M 5.8 14 80 M M 5 30 280
13 54 39 47 M 18 0 M M M 2.4 9 120 M M 7 M M
14 64 34 49 M 16 0 M M M 9.1 30 240 M M 4 43 240
15 59 43 51 M 14 0 M M M 7.9 18 280 M M 9 24 250
16 59 41 50 M 15 0 M M M 5.1 16 160 M M 7 16 360
17 57 36 47 M 18 0 M M M 8.4 20 280 M M 4 26 270
18 68 37 53 M 12 0 M M M 12.4 23 250 M M 3 31 250
19 73 43 58 M 7 0 M M M 13.4 22 200 M M 0 31 190
20 72 43 58 M 7 0 M M M 11.3 18 210 M M 0 30 210
21 73 34 54 M 11 0 M M M 7.6 16 210 M M 1 26 210
22 73 39 56 M 9 0 M M M 5.0 13 330 M M 1 16 280
23 70 36 53 M 12 0 M M M 11.9 25 230 M M 1 37 200
24 68 32 50 M 15 0 M M M 10.4 18 240 M M 2 24 260
25 73 32 53 M 12 0 M M M 6.5 18 250 M M 0 24 270
26 75 34 55 M 10 0 M M M 10.5 22 240 M M 0 29 240
27 73 39 56 M 9 0 M M M 13.0 28 250 M M 1 39 250
28 73 32 53 M 12 0 M M M 10.8 21 350 M M 0 30 240
29 73 34 54 M 11 0 M M M 8.7 36 330 M M 1 50 330
30 64 34 49 M 16 0 M M M 6.9 21 340 M M 3 28 340
================================================================================
SM 1962 1114 405 0 M M 225.7 M 97
================================================================================
AV 65.4 37.1 7.5 FASTST M M 3 MAX(MPH)
MISC ----> 36 330 50 330
================================================================================
NOTES:
# LAST OF SEVERAL OCCURRENCES
COLUMN 17 PEAK WIND IN M.P.H.
PRELIMINARY LOCAL CLIMATOLOGICAL DATA (WS FORM: F-6) , PAGE 2
STATION: WALDEN
MONTH: JUNE
YEAR: 2023
LATITUDE: 40 45 N
LONGITUDE: 106 16 W
[TEMPERATURE DATA] [PRECIPITATION DATA] SYMBOLS USED IN COLUMN 16
AVERAGE MONTHLY: 51.3 TOTAL FOR MONTH: M 1 = FOG OR MIST
DPTR FM NORMAL: 0.0 DPTR FM NORMAL: M 2 = FOG REDUCING VISIBILITY
HIGHEST: 75 ON 26 GRTST 24HR M ON M TO 1/4 MILE OR LESS
LOWEST: 32 ON 24,25 3 = THUNDER
SNOW, ICE PELLETS, HAIL 4 = ICE PELLETS
TOTAL MONTH: M 5 = HAIL
GRTST 24HR M ON M 6 = FREEZING RAIN OR DRIZZLE
GRTST DEPTH: M ON M 7 = DUSTSTORM OR SANDSTORM:
VSBY 1/2 MILE OR LESS
8 = SMOKE OR HAZE
[NO. OF DAYS WITH] [WEATHER - DAYS WITH] 9 = BLOWING SNOW
X = TORNADO
MAX 32 OR BELOW: 0 0.01 INCH OR MORE: 0
MAX 90 OR ABOVE: 0 0.10 INCH OR MORE: 0
MIN 32 OR BELOW: 3 0.50 INCH OR MORE: 0
MIN 0 OR BELOW: 0 1.00 INCH OR MORE: 0
[HDD (BASE 65) ]
TOTAL THIS MO. 405 CLEAR (SCALE 0-3) 17
DPTR FM NORMAL M PTCLDY (SCALE 4-7) 11
TOTAL FM JUL 1 10648 CLOUDY (SCALE 8-10) 2
DPTR FM NORMAL M
[CDD (BASE 65) ]
TOTAL THIS MO. 0
DPTR FM NORMAL M [PRESSURE DATA]
TOTAL FM JAN 1 0 HIGHEST SLP M ON M
DPTR FM NORMAL M LOWEST SLP M ON M
[REMARKS]
#FINAL-06-23#