000
CXUS54 KEWX 011010
CF63T5
PRELIMINARY LOCAL CLIMATOLOGICAL DATA (WS FORM: F-6)
STATION: LA GRANGE
MONTH: FEBRUARY
YEAR: 2020
LATITUDE: 29 54 N
LONGITUDE: 96 57 W
TEMPERATURE IN F: :PCPN: SNOW: WIND :SUNSHINE: SKY :PK WND
================================================================================
1 2 3 4 5 6A 6B 7 8 9 10 11 12 13 14 15 16 17 18
12Z AVG MX 2MIN
DY MAX MIN AVG DEP HDD CDD WTR SNW DPTH SPD SPD DIR MIN PSBL S-S WX SPD DR
================================================================================
1 73 34 54 M 11 0 0.00 M M 3.0 12 280 M M 1 M M
2 77 44 61 M 4 0 0.00 M M 8.0 15 200 M M 0 18 200
3 76 56 66 M 0 1 0.00 M M 12.9 23 190 M M 6 33 190
4 78 51 65 M 0 0 0.00 M M 8.2 14 360 M M 7 22 360
5 51 38 45 M 20 0 0.01 M M 14.0 20 340 M M 10 1 27 330
6 54 33 44 M 21 0 0.00 M M 9.4 20 300 M M 3 28 300
7 75 32 54 M 11 0 0.00 M M 4.5 14 240 M M 0 25 240
8 73 42 58 M 7 0 0.00 M M 5.7 12 160 M M 6 17 150
9 74 60 67 M 0 2 0.00 M M 10.0 14 160 M M 10 138 21 170
10 M M M M M M 0.06 M M 7.9 16 350 M M 10 18 22 350
11 49 45 47 M 18 0 0.06 M M 8.1 12 360 M M 10 1 20 360
12 57 42 50 M 15 0 0.48 M M 4.8 16 300 M M 8 1 21 300
13 55 40 48 M 17 0 0.00 M M 6.7 14 350 M M 3 12 20 360
14 60 33 47 M 18 0 0.00 M M 3.4 9 30 M M 0 8 M M
15 70 38 54 M 11 0 0.00 M M 3.6 12 180 M M 8 8 18 200
16 65 52 59 M 6 0 0.00 M M 4.2 13 170 M M 6 12 M M
17 71 65 68 M 0 3 0.00 M M 8.9 16 180 M M 9 18 22 180
18 79 53 66 M 0 1 0.00 M M 7.0 18 350 M M 9 18 25 350
19 53 49 51 M 14 0 0.23 M M 7.1 12 20 M M 10 1 18 30
20 50 44 47 M 18 0 0.10 M M 10.0 16 10 M M 8 1 25 10
21 55 37 46 M 19 0 0.00 M M 5.7 10 20 M M 2 16 20
22 64 36 50 M 15 0 0.00 M M 4.6 13 170 M M 2 17 170
23 71 54 63 M 2 0 0.00 M M 7.0 13 160 M M 10 20 150
24 71 51 61 M 4 0 0.13 M M 4.7 10 310 M M 4 20 310
25 66 43 55 M 10 0 0.00 M M 6.9 12 350 M M 2 21 10
26 56 34 45 M 20 0 0.00 M M 14.1 30 330 M M 3 39 330
27 61 28 45 M 20 0 0.00 M M 3.1 8 180 M M 0 M M
28 73 32 53 M 12 0 0.00 M M 2.8 10 260 M M 0 18 260
29 76 40 58 M 7 0 0.00 M M 7.4 17 160 M M 1 23 190
================================================================================
SM 1833 1206 300 7 1.07 M 203.7 M 148
================================================================================
AV 65.5 43.1 7.0 FASTST M M 5 MAX(MPH)
MISC ----> # 30 330 # 39 330
================================================================================
NOTES:
# LAST OF SEVERAL OCCURRENCES
COLUMN 17 PEAK WIND IN M.P.H.
PRELIMINARY LOCAL CLIMATOLOGICAL DATA (WS FORM: F-6) , PAGE 2
STATION: LA GRANGE
MONTH: FEBRUARY
YEAR: 2020
LATITUDE: 29 54 N
LONGITUDE: 96 57 W
[TEMPERATURE DATA] [PRECIPITATION DATA] SYMBOLS USED IN COLUMN 16
AVERAGE MONTHLY: 54.3 TOTAL FOR MONTH: 1.07 1 = FOG OR MIST
DPTR FM NORMAL: M DPTR FM NORMAL: M 2 = FOG REDUCING VISIBILITY
HIGHEST: 79 ON 18 GRTST 24HR 0.48 ON 12-12 TO 1/4 MILE OR LESS
LOWEST: 28 ON 27 3 = THUNDER
SNOW, ICE PELLETS, HAIL 4 = ICE PELLETS
TOTAL MONTH: M 5 = HAIL
GRTST 24HR M ON M 6 = FREEZING RAIN OR DRIZZLE
GRTST DEPTH: M ON M 7 = DUSTSTORM OR SANDSTORM:
VSBY 1/2 MILE OR LESS
8 = SMOKE OR HAZE
[NO. OF DAYS WITH] [WEATHER - DAYS WITH] 9 = BLOWING SNOW
X = TORNADO
MAX 32 OR BELOW: 0 0.01 INCH OR MORE: 7
MAX 90 OR ABOVE: 0 0.10 INCH OR MORE: 4
MIN 32 OR BELOW: 3 0.50 INCH OR MORE: 0
MIN 0 OR BELOW: 0 1.00 INCH OR MORE: 0
[HDD (BASE 65) ]
TOTAL THIS MO. 300 CLEAR (SCALE 0-3) 11
DPTR FM NORMAL M PTCLDY (SCALE 4-7) 9
TOTAL FM JUL 1 1198 CLOUDY (SCALE 8-10) 9
DPTR FM NORMAL M
[CDD (BASE 65) ]
TOTAL THIS MO. 7
DPTR FM NORMAL M [PRESSURE DATA]
TOTAL FM JAN 1 38 HIGHEST SLP M ON M
DPTR FM NORMAL M LOWEST SLP M ON M
[REMARKS]
#FINAL-02-20#