000
CXUS54 KEWX 011010
CF63T5
PRELIMINARY LOCAL CLIMATOLOGICAL DATA (WS FORM: F-6)
STATION: LA GRANGE
MONTH: SEPTEMBER
YEAR: 2023
LATITUDE: 29 54 N
LONGITUDE: 96 57 W
TEMPERATURE IN F: :PCPN: SNOW: WIND :SUNSHINE: SKY :PK WND
================================================================================
1 2 3 4 5 6A 6B 7 8 9 10 11 12 13 14 15 16 17 18
12Z AVG MX 2MIN
DY MAX MIN AVG DEP HDD CDD WTR SNW DPTH SPD SPD DIR MIN PSBL S-S WX SPD DR
================================================================================
1 100 72 86 M 0 21 0.00 M M 2.8 7 100 M M 1 1 M M
2 101 72 87 M 0 22 0.00 M M 4.0 10 140 M M 1 M M
3 100 73 87 M 0 22 0.00 M M 5.4 13 150 M M 1 20 150
4 101 77 89 M 0 24 0.00 M M 8.2 14 150 M M 2 24 170
5 103 79 91 M 0 26 0.00 M M 8.2 16 170 M M 3 23 170
6 102 76 89 M 0 24 0.00 M M 4.3 10 170 M M 2 M M
7 103 78 91 M 0 26 0.00 M M 6.4 13 160 M M 1 18 160
8 105 78 92 M 0 27 0.00 M M 6.0 12 170 M M 0 20 150
9 103 78 91 M 0 26 0.00 M M 7.5 13 270 M M 3 22 270
10 97 77 87 M 0 22 0.00 M M 4.5 8 90 M M 0 M M
11 96 68 82 M 0 17 0.00 M M 4.0 10 160 M M 2 20 110
12 98 75 87 M 0 22 0.00 M M 3.8 14 320 M M 5 18 320
13 93 74 84 M 0 19 0.06 M M 6.2 12 20 M M 7 1 16 30
14 94 73 84 M 0 19 T M M 4.1 15 150 M M 8 1 22 150
15 89 75 82 M 0 17 0.00 M M 4.2 12 20 M M 6 1 24 40
16 88 72 80 M 0 15 0.29 M M 2.8 25 320 M M 6 13 38 320
17 92 71 82 M 0 17 0.00 M M 3.3 8 50 M M 2 M M
18 95 69 82 M 0 17 0.00 M M 2.5 7 160 M M 1 M M
19 94 69 82 M 0 17 0.00 M M 5.5 13 170 M M 1 20 170
20 97 71 84 M 0 19 0.00 M M 7.0 15 180 M M 1 18 120
21 98 73 86 M 0 21 0.00 M M 5.6 12 160 M M 2 18 150
22 97 73 85 M 0 20 0.00 M M 6.3 14 150 M M 3 22 150
23 99 77 88 M 0 23 0.00 M M 7.9 13 170 M M 3 18 190
24 100 78 89 M 0 24 T M M 9.4 21 160 M M 3 25 170
25 98 75 87 M 0 22 T M M 6.1 13 170 M M 6 21 60
26 94 71 83 M 0 18 0.00 M M 3.5 9 70 M M 1 M M
27 94 72 83 M 0 18 0.00 M M 3.1 16 150 M M 3 22 150
28 94 69 82 M 0 17 0.00 M M 3.9 10 110 M M 2 M M
29 94 70 82 M 0 17 0.00 M M 4.4 12 140 M M 1 1 17 140
30 95 71 83 M 0 18 0.00 M M 4.3 10 110 M M 1 M M
================================================================================
SM 2914 2206 0 617 0.35 M 155.2 M 78
================================================================================
AV 97.1 73.5 5.2 FASTST M M 3 MAX(MPH)
MISC ----> 25 320 38 320
================================================================================
NOTES:
# LAST OF SEVERAL OCCURRENCES
COLUMN 17 PEAK WIND IN M.P.H.
PRELIMINARY LOCAL CLIMATOLOGICAL DATA (WS FORM: F-6) , PAGE 2
STATION: LA GRANGE
MONTH: SEPTEMBER
YEAR: 2023
LATITUDE: 29 54 N
LONGITUDE: 96 57 W
[TEMPERATURE DATA] [PRECIPITATION DATA] SYMBOLS USED IN COLUMN 16
AVERAGE MONTHLY: 85.3 TOTAL FOR MONTH: 0.35 1 = FOG OR MIST
DPTR FM NORMAL: 0.0 DPTR FM NORMAL: M 2 = FOG REDUCING VISIBILITY
HIGHEST: 105 ON 8 GRTST 24HR 0.29 ON 16-16 TO 1/4 MILE OR LESS
LOWEST: 68 ON 11 3 = THUNDER
SNOW, ICE PELLETS, HAIL 4 = ICE PELLETS
TOTAL MONTH: M 5 = HAIL
GRTST 24HR M ON M 6 = FREEZING RAIN OR DRIZZLE
GRTST DEPTH: M ON M 7 = DUSTSTORM OR SANDSTORM:
VSBY 1/2 MILE OR LESS
8 = SMOKE OR HAZE
[NO. OF DAYS WITH] [WEATHER - DAYS WITH] 9 = BLOWING SNOW
X = TORNADO
MAX 32 OR BELOW: 0 0.01 INCH OR MORE: 2
MAX 90 OR ABOVE: 28 0.10 INCH OR MORE: 1
MIN 32 OR BELOW: 0 0.50 INCH OR MORE: 0
MIN 0 OR BELOW: 0 1.00 INCH OR MORE: 0
[HDD (BASE 65) ]
TOTAL THIS MO. 0 CLEAR (SCALE 0-3) 23
DPTR FM NORMAL M PTCLDY (SCALE 4-7) 6
TOTAL FM JUL 1 0 CLOUDY (SCALE 8-10) 1
DPTR FM NORMAL M
[CDD (BASE 65) ]
TOTAL THIS MO. 617
DPTR FM NORMAL M [PRESSURE DATA]
TOTAL FM JAN 1 3365 HIGHEST SLP M ON M
DPTR FM NORMAL M LOWEST SLP M ON M
[REMARKS]
#FINAL-09-23#