000
CXUS51 KPHI 012032
CLM55N
CLIMATE REPORT
NATIONAL WEATHER SERVICE MOUNT HOLLY NJ
432 PM EDT MON MAY 01 2023
...................................
...THE ATLANTIC CITY MARINA NJ CLIMATE SUMMARY FOR THE MONTH OF APRIL 2023...
CLIMATE NORMAL PERIOD: 1991 TO 2020
CLIMATE RECORD PERIOD: 1873 TO 2023
WEATHER OBSERVED NORMAL DEPART LAST YEAR`S
VALUE DATE(S) VALUE FROM VALUE
NORMAL
..............................................................
TEMPERATURE (F)
RECORD
HIGH 91 04/25/1960
LOW 15 04/01/1923
HIGHEST 83 04/13 MM MM 72
LOWEST 40 04/08 MM MM 38
04/09
04/10
AVG. MAXIMUM 61.2 57.1 4.1 57.9
AVG. MINIMUM 50.4 45.6 4.8 46.1
MEAN 55.8 51.4 4.4 52.0
DAYS MAX >= 90 0 0.0 0.0 0
DAYS MAX <= 32 0 0.0 0.0 0
DAYS MIN <= 32 0 0.4 -0.4 0
DAYS MIN <= 0 0 0.0 0.0 0
PRECIPITATION (INCHES)
RECORD
MAXIMUM 8.43 2009
MINIMUM 0.82 1976
TOTALS 6.14 3.36 2.78 3.18
DAILY AVG. 0.20 0.11 0.09 0.11
DAYS >= .01 11 10.6 0.4 9
DAYS >= .10 9 6.2 2.8 5
DAYS >= .50 4 2.3 1.7 2
DAYS >= 1.00 2 0.7 1.3 2
GREATEST
24 HR. TOTAL 2.36 04/29 TO 04/29 1.29
DEGREE DAYS
HEATING TOTAL 281 413 -132 382
SINCE 7/1 3500 4242 -742 MM
COOLING TOTAL 11 3 8 0
SINCE 1/1 11 3 8 MM
..............................................................
WIND (MPH)
AVERAGE WIND SPEED 9.0
HIGHEST WIND SPEED/DIRECTION 37/310 DATE 04/01
- INDICATES NEGATIVE NUMBERS.
R INDICATES RECORD WAS SET OR TIED.
MM INDICATES DATA IS MISSING.
T INDICATES TRACE AMOUNT.
$$