000
CXUS54 KMAF 012306
CF66R6
PRELIMINARY LOCAL CLIMATOLOGICAL DATA (WS FORM: F-6)
STATION: TERRELL COUNTY AIRPORT
MONTH: MARCH
YEAR: 2023
LATITUDE: 30 2 N
LONGITUDE: 102 13 W
TEMPERATURE IN F: :PCPN: SNOW: WIND :SUNSHINE: SKY :PK WND
================================================================================
1 2 3 4 5 6A 6B 7 8 9 10 11 12 13 14 15 16 17 18
12Z AVG MX 2MIN
DY MAX MIN AVG DEP HDD CDD WTR SNW DPTH SPD SPD DIR MIN PSBL S-S WX SPD DR
================================================================================
1 85 56 71 13 0 6 0.00 M M 7.0 30 250 M M 0 42 250
2 89 49 69 11 0 4 0.00 M M 16.0 43 330 M M 0 60 320
3 72 45 59 1 6 0 0.00 M M 13.5 24 250 M M 0 34 250
4 80 39 60 1 5 0 0.00 M M 4.8 14 130 M M 0 18 140
5 84 47 66 7 0 1 0.00 M M 5.8 14 140 M M 0 19 150
6 85 52 69 10 0 4 0.00 M M 7.2 10 20 M M 0 15 110
7 85 57 71 11 0 6 0.00 M M 7.5 14 90 M M 0 21 130
8 69 57 63 3 2 0 0.03 M M 8.1 15 80 M M 0 20 100
9 83 56 70 10 0 5 0.00 M M 5.4 12 360 M M 0 17 340
10 72 55 64 4 1 0 0.00 M M 8.5 15 20 M M 0 21 30
11 92 52 72 11 0 7 0.00 M M 11.5 25 230 M M 0 36 220
12 86 62 74 13 0 9 0.00 M M 9.3 20 300 M M 0 28 320
13 73 47 60 -1 5 0 0.00 M M 11.1 17 100 M M 0 25 100
14 71 48 60 -1 5 0 0.00 M M 9.9 18 100 M M 0 26 100
15 74 54 64 2 1 0 0.00 M M 11.2 22 100 M M 0 31 100
16 87 49 68 6 0 3 0.01 M M 12.1 38 350 M M 0 52 340
17 53 40 47 -15 18 0 0.23 M M 10.2 23 10 M M 0 35 20
18 42 33 38 -24 27 0 0.36 M M 5.9 16 90 M M 0 21 80
19 55 37 46 -17 19 0 0.00 M M 8.9 23 120 M M 0 32 130
20 62 38 50 -13 15 0 0.00 M M 9.0 21 120 M M 0 28 100
21 73 46 60 -3 5 0 0.00 M M 5.2 13 150 M M 0 18 140
22 82 55 69 5 0 4 0.00 M M 7.0 15 120 M M 0 21 120
23 88 65 77 13 0 12 0.00 M M 7.2 17 130 M M 0 24 120
24 78 55 67 3 0 2 0.00 M M 15.4 26 350 M M 0 38 350
25 78 40 59 -5 6 0 0.00 M M M M M M M 0 M M
26 83 46 65 0 0 0 0.00 M M M M M M M 0 M M
27 81 54 68 3 0 3 0.00 M M M M M M M 0 M M
28 61 49 55 -10 10 0 0.00 M M M M M M M 0 M M
29 73 51 62 -3 3 0 0.00 M M M M M M M 0 M M
30 77 53 65 -1 0 0 0.00 M M M M M M M 0 M M
31 85 50 68 2 0 3 0.00 M M M M M M M 0 M M
================================================================================
SM 2358 1537 128 69 0.63 M 217.7 M 0
================================================================================
AV 76.1 49.6 9.1 FASTST M M 0 MAX(MPH)
MISC ----> 43 330 60 320
================================================================================
NOTES:
# LAST OF SEVERAL OCCURRENCES
COLUMN 17 PEAK WIND IN M.P.H.
PRELIMINARY LOCAL CLIMATOLOGICAL DATA (WS FORM: F-6) , PAGE 2
STATION: TERRELL COUNTY AIRPORT
MONTH: MARCH
YEAR: 2023
LATITUDE: 30 2 N
LONGITUDE: 102 13 W
[TEMPERATURE DATA] [PRECIPITATION DATA] SYMBOLS USED IN COLUMN 16
AVERAGE MONTHLY: 62.8 TOTAL FOR MONTH: 0.63 1 = FOG OR MIST
DPTR FM NORMAL: 0.9 DPTR FM NORMAL: 0.08 2 = FOG REDUCING VISIBILITY
HIGHEST: 92 ON 11 GRTST 24HR 0.41 ON 17-18 TO 1/4 MILE OR LESS
LOWEST: 33 ON 18 3 = THUNDER
SNOW, ICE PELLETS, HAIL 4 = ICE PELLETS
TOTAL MONTH: M 5 = HAIL
GRTST 24HR M ON M 6 = FREEZING RAIN OR DRIZZLE
GRTST DEPTH: M ON M 7 = DUSTSTORM OR SANDSTORM:
VSBY 1/2 MILE OR LESS
8 = SMOKE OR HAZE
[NO. OF DAYS WITH] [WEATHER - DAYS WITH] 9 = BLOWING SNOW
X = TORNADO
MAX 32 OR BELOW: 0 0.01 INCH OR MORE: 4
MAX 90 OR ABOVE: 1 0.10 INCH OR MORE: 2
MIN 32 OR BELOW: 0 0.50 INCH OR MORE: 0
MIN 0 OR BELOW: 0 1.00 INCH OR MORE: 0
[HDD (BASE 65) ]
TOTAL THIS MO. 128 CLEAR (SCALE 0-3) 31
DPTR FM NORMAL -23 PTCLDY (SCALE 4-7) 0
TOTAL FM JUL 1 1665 CLOUDY (SCALE 8-10) 0
DPTR FM NORMAL -24
[CDD (BASE 65) ]
TOTAL THIS MO. 69
DPTR FM NORMAL 14 [PRESSURE DATA]
TOTAL FM JAN 1 85 HIGHEST SLP 30.48 ON 19
DPTR FM NORMAL 20 LOWEST SLP 29.36 ON 2
[REMARKS]
#FINAL-03-23#