000
CXUS54 KMAF 011535
CF66R6
PRELIMINARY LOCAL CLIMATOLOGICAL DATA (WS FORM: F-6)
STATION: TERRELL COUNTY AIRPORT
MONTH: JUNE
YEAR: 2022
LATITUDE: 30 2 N
LONGITUDE: 102 13 W
TEMPERATURE IN F: :PCPN: SNOW: WIND :SUNSHINE: SKY :PK WND
================================================================================
1 2 3 4 5 6A 6B 7 8 9 10 11 12 13 14 15 16 17 18
12Z AVG MX 2MIN
DY MAX MIN AVG DEP HDD CDD WTR SNW DPTH SPD SPD DIR MIN PSBL S-S WX SPD DR
================================================================================
1 95 73 84 3 0 19 0.00 M M 16.1 29 200 M M 0 37 110
2 94 73 84 3 0 19 0.00 M M 11.5 23 40 M M 0 29 100
3 97 68 83 1 0 18 M M M 10.5 15 120 M M 0 23 110
4 99 66 83 1 0 18 0.05 M M 7.5 24 150 M M 0 31 160
5 107 69 88 6 0 23 0.00 M M 8.4 24 220 M M 0 31 220
6 110 70 90 8 0 25 0.00 M M 7.6 20 160 M M 0 30 100
7 105 74 90 8 0 25 0.00 M M 9.0 22 130 M M 0 31 100
8 104 76 90 8 0 25 0.00 M M 12.5 25 110 M M 0 33 90
9 97 77 87 5 0 22 0.00 M M 13.9 22 110 M M 0 30 100
10 101 72 87 5 0 22 0.00 M M 7.7 17 90 M M 0 25 110
11 105 71 88 6 0 23 0.00 M M 8.0 18 110 M M 0 27 110
12 107 74 91 8 0 26 0.00 M M 12.7 25 120 M M 0 34 130
13 103 78 91 8 0 26 0.00 M M 17.0 30 120 M M 0 39 130
14 100 74 87 4 0 22 0.00 M M 15.1 25 110 M M 0 33 120
15 99 73 86 3 0 21 0.00 M M 13.8 28 130 M M 0 39 130
16 100 75 88 5 0 23 0.00 M M 17.8 29 120 M M 0 37 120
17 98 73 86 3 0 21 0.00 M M 13.0 25 100 M M 0 32 100
18 97 72 85 2 0 20 0.00 M M 13.7 25 120 M M 0 33 100
19 97 76 87 4 0 22 0.00 M M 17.0 26 120 M M 0 35 110
20 99 75 87 4 0 22 0.00 M M 15.6 26 120 M M 0 36 90
21 98 76 87 4 0 22 0.00 M M 15.9 25 110 M M 0 32 100
22 96 75 86 3 0 21 0.00 M M 13.8 23 120 M M 0 30 100
23 100 70 85 2 0 20 0.00 M M 10.5 22 110 M M 0 28 170
24 102 71 87 4 0 22 0.00 M M 10.4 22 130 M M 0 30 130
25 102 74 88 5 0 23 0.00 M M 11.8 23 110 M M 0 32 100
26 98 76 87 4 0 22 0.00 M M 12.0 22 90 M M 0 28 120
27 98 76 87 4 0 22 0.00 M M 10.6 37 60 M M 0 46 60
28 96 72 84 1 0 19 0.00 M M 9.0 22 90 M M 0 26 140
29 97 70 84 0 0 19 0.00 M M 7.0 20 100 M M 0 24 100
30 100 73 87 3 0 22 0.00 M M 8.1 21 90 M M 0 28 100
================================================================================
SM 3001 2192 0 654 0.05 M 357.5 M 0
================================================================================
AV100.0 73.1 11.9 FASTST M M 0 MAX(MPH)
MISC ----> 37 60 46 60
================================================================================
NOTES:
# LAST OF SEVERAL OCCURRENCES
COLUMN 17 PEAK WIND IN M.P.H.
PRELIMINARY LOCAL CLIMATOLOGICAL DATA (WS FORM: F-6) , PAGE 2
STATION: TERRELL COUNTY AIRPORT
MONTH: JUNE
YEAR: 2022
LATITUDE: 30 2 N
LONGITUDE: 102 13 W
[TEMPERATURE DATA] [PRECIPITATION DATA] SYMBOLS USED IN COLUMN 16
AVERAGE MONTHLY: 86.6 TOTAL FOR MONTH: 0.05 1 = FOG OR MIST
DPTR FM NORMAL: 3.9 DPTR FM NORMAL: -1.18 2 = FOG REDUCING VISIBILITY
HIGHEST: 110 ON 6 GRTST 24HR 0.05 ON 4- 5 TO 1/4 MILE OR LESS
LOWEST: 66 ON 4 3 = THUNDER
SNOW, ICE PELLETS, HAIL 4 = ICE PELLETS
TOTAL MONTH: M 5 = HAIL
GRTST 24HR M ON M 6 = FREEZING RAIN OR DRIZZLE
GRTST DEPTH: M ON M 7 = DUSTSTORM OR SANDSTORM:
VSBY 1/2 MILE OR LESS
8 = SMOKE OR HAZE
[NO. OF DAYS WITH] [WEATHER - DAYS WITH] 9 = BLOWING SNOW
X = TORNADO
MAX 32 OR BELOW: 0 0.01 INCH OR MORE: 1
MAX 90 OR ABOVE: 30 0.10 INCH OR MORE: 0
MIN 32 OR BELOW: 0 0.50 INCH OR MORE: 0
MIN 0 OR BELOW: 0 1.00 INCH OR MORE: 0
[HDD (BASE 65) ]
TOTAL THIS MO. 0 CLEAR (SCALE 0-3) 30
DPTR FM NORMAL 0 PTCLDY (SCALE 4-7) 0
TOTAL FM JUL 1 1485 CLOUDY (SCALE 8-10) 0
DPTR FM NORMAL -242
[CDD (BASE 65) ]
TOTAL THIS MO. 654
DPTR FM NORMAL 124 [PRESSURE DATA]
TOTAL FM JAN 1 1544 HIGHEST SLP 30.13 ON 28
DPTR FM NORMAL 383 LOWEST SLP 29.49 ON 6
[REMARKS]
#FINAL-06-22#