000
CXUS51 KPHI 150141
CF6ABE
PRELIMINARY LOCAL CLIMATOLOGICAL DATA (WS FORM: F-6)
STATION: ALLENTOWN PA
MONTH: JUNE
YEAR: 2022
LATITUDE: 40 39 N
LONGITUDE: 75 26 W
TEMPERATURE IN F: :PCPN: SNOW: WIND :SUNSHINE: SKY :PK WND
================================================================================
1 2 3 4 5 6A 6B 7 8 9 10 11 12 13 14 15 16 17 18
12Z AVG MX 2MIN
DY MAX MIN AVG DEP HDD CDD WTR SNW DPTH SPD SPD DIR MIN PSBL S-S WX SPD DR
================================================================================
1 84 62 73 6 0 8 0.18 0.0 0 7.4 17 80 M M 4 13 23 110
2 78 62 70 3 0 5 0.32 0.0 0 4.2 18 300 M M 8 13 24 350
3 78 57 68 1 0 3 0.03 0.0 0 4.7 16 310 M M 4 1 22 330
4 80 51 66 -2 0 1 0.00 0.0 0 5.3 16 270 M M 0 25 300
5 77 48 63 -5 2 0 0.00 0.0 0 3.9 12 30 M M 0 15 30
6 81 50 66 -2 0 1 0.00 0.0 0 6.7 16 210 M M 0 25 190
7 78 54 66 -2 0 1 0.37 0.0 0 8.5 18 180 M M 6 1 26 170
8 81 64 73 4 0 8 T 0.0 0 4.8 14 310 M M 4 1 20 310
9 78 59 69 0 0 4 0.41 0.0 0 10.8 26 250 M M 6 13 34 250
10 76 52 64 -5 1 0 0.00 0.0 0 6.5 15 320 M M 0 21 280
11 73 56 65 -5 0 0 0.00 0.0 0 3.2 12 240 M M 3 14 230
12 75 55 65 -5 0 0 0.15 0.0 0 3.8 13 220 M M 8 1 15 240
13 86 61 74 4 0 9 0.00 0.0 0 4.2 14 260 M M 3 12 20 250
14 83 64 74 3 0 9 0.00 0.0 0 4.5 14 350 M M 0 19 90
15 87 58 73 2 0 8 0.00 0.0 0 5.0 17 140 M M 2 24 140
16 74 62 68 -3 0 3 1.26 0.0 0 7.7 16 70 M M 9 13 20 180
17 87 66 77 5 0 12 0.00 0.0 0 9.2 20 310 M M 5 27 320
18 69 57 63 -9 2 0 0.00 0.0 0 13.0 26 340 M M 5 35 320
19 71 51 61 -11 4 0 0.00 0.0 0 11.5 26 330 M M 0 35 340
20 78 46 62 -10 3 0 0.00 0.0 0 5.1 14 320 M M 0 19 320
21 78 52 65 -8 0 0 T 0.0 0 2.6 12 220 M M 2 15 160
22 76 60 68 -5 0 3 0.30 0.0 0 9.1 18 100 M M 7 1 22 110
23 67 55 61 -12 4 0 0.49 0.0 0 4.6 12 70 M M 9 1 16 90
24 82 54 68 -5 0 3 0.00 0.0 0 3.4 12 240 M M 4 12 16 240
25 88 61 75 1 0 10 0.00 0.0 0 3.4 10 250 M M 1 1 13 280
26 88 63 76 2 0 11 T 0.0 0 7.5 18 180 M M 3 1 30 170
27 79 67 73 -1 0 8 0.41 0.0 0 6.7 13 340 M M 6 1 19 210
28 78 57 68 -6 0 3 0.00 0.0 0 5.0 15 280 M M 2 22 260
29 84 54 69 -5 0 4 0.00 0.0 0 4.7 17 230 M M 1 21 230
30 87 57 72 -2 0 7 0.00 0.0 0 4.1 13 250 M M 1 19 260
================================================================================
SM 2381 1715 16 121 3.92 0.0 181.1 M 103
================================================================================
AV 79.4 57.2 6.0 FASTST M M 3 MAX(MPH)
MISC ----> # 26 250 # 35 320
================================================================================
NOTES:
# LAST OF SEVERAL OCCURRENCES
COLUMN 17 PEAK WIND IN M.P.H.
PRELIMINARY LOCAL CLIMATOLOGICAL DATA (WS FORM: F-6) , PAGE 2
STATION: ALLENTOWN PA
MONTH: JUNE
YEAR: 2022
LATITUDE: 40 39 N
LONGITUDE: 75 26 W
[TEMPERATURE DATA] [PRECIPITATION DATA] SYMBOLS USED IN COLUMN 16
AVERAGE MONTHLY: 68.3 TOTAL FOR MONTH: 3.92 1 = FOG OR MIST
DPTR FM NORMAL: -2.6 DPTR FM NORMAL: -0.48 2 = FOG REDUCING VISIBILITY
HIGHEST: 88 ON 25,26 GRTST 24HR 1.26 ON 16-16 TO 1/4 MILE OR LESS
LOWEST: 46 ON 20 3 = THUNDER
SNOW, ICE PELLETS, HAIL 4 = ICE PELLETS
TOTAL MONTH: 0.0 INCH 5 = HAIL
GRTST 24HR 0.0 6 = FREEZING RAIN OR DRIZZLE
GRTST DEPTH: 0 7 = DUSTSTORM OR SANDSTORM:
VSBY 1/2 MILE OR LESS
8 = SMOKE OR HAZE
[NO. OF DAYS WITH] [WEATHER - DAYS WITH] 9 = BLOWING SNOW
X = TORNADO
MAX 32 OR BELOW: 0 0.01 INCH OR MORE: 10
MAX 90 OR ABOVE: 0 0.10 INCH OR MORE: 9
MIN 32 OR BELOW: 0 0.50 INCH OR MORE: 1
MIN 0 OR BELOW: 0 1.00 INCH OR MORE: 1
[HDD (BASE 65) ]
TOTAL THIS MO. 16 CLEAR (SCALE 0-3) 16
DPTR FM NORMAL -3 PTCLDY (SCALE 4-7) 11
TOTAL FM JUL 1 5209 CLOUDY (SCALE 8-10) 3
DPTR FM NORMAL -84
[CDD (BASE 65) ]
TOTAL THIS MO. 121
DPTR FM NORMAL -75 [PRESSURE DATA]
TOTAL FM JAN 1 181 HIGHEST SLP 30.25 ON 29
DPTR FM NORMAL -83 LOWEST SLP 29.57 ON 9
[REMARKS]
#FINAL-06-22#