000
CXUS53 KABR 041324
CLAABR
CLIMATE REPORT
NATIONAL WEATHER SERVICE ABERDEEN SD
724 AM CST WED JAN 04 2023
...................................
...THE ABERDEEN SD CLIMATE SUMMARY FOR THE YEAR OF 2022...
CLIMATE NORMAL PERIOD 1991 TO 2020
CLIMATE RECORD PERIOD 1893 TO 2023
WEATHER OBSERVED NORMAL DEPART LAST YEAR`S
VALUE DATE(S) VALUE FROM VALUE DATE(S)
NORMAL
................................................................
TEMPERATURE (F)
RECORD
HIGH 115 07/09/1936
07/06/1936
LOW -46 01/12/1912
HIGHEST 101 06/19 MM MM 104 06/05
LOWEST -22 02/23 MM MM -25 02/15
AVG. MAXIMUM 56.1 56.3 -0.2 60.4
AVG. MINIMUM 31.1 31.8 -0.7 35.0
MEAN 43.6 44.1 -0.5 47.7
DAYS MAX >= 90 24 15.0 9.0 45
DAYS MAX <= 32 76 78.0 -2.0 51
DAYS MIN <= 32 189 178.9 10.1 169
DAYS MIN <= 0 48 38.5 9.5 23
PRECIPITATION (INCHES)
RECORD
MAXIMUM 42.11 1896
MINIMUM 7.88 1976
TOTALS 21.13 21.82 -0.69 19.26
DAILY AVG. 0.06
DAYS >= .01 85 98.3 -13.3 84
DAYS >= .10 41 45.9 -4.9 41
DAYS >= .50 12 12.9 -0.9 12
DAYS >= 1.00 3 4.0 -1.0 4
SNOWFALL (INCHES)
RECORDS
TOTAL 97.3 2019
TOTALS 37.4 42.7 -5.3 25.6
LIQUID EQUIV 3.70 4.20 -0.50 2.60
SINCE 7/1 20.2 15.8 4.4 MM
LIQUID 7/1 2.02 1.50 0.52 MM
DAYS >= TRACE 75 34.0 41.0 63
DAYS >= 1.0 16 13.0 3.0 9
GREATEST
SNOW DEPTH 10 12/26 5 03/11
12/27
DEGREE DAYS
HEATING TOTAL 8509 8222 287 7134
SINCE 7/1 3393 3268 125 MM
COOLING TOTAL 837 630 207 986
SINCE 1/1 837 630 207 MM
FREEZE DATES
RECORD
EARLIEST MM
LATEST MM
EARLIEST 09/28
LATEST 05/22
................................................................
WIND (MPH)
AVERAGE WIND SPEED 11.3
HIGHEST WIND SPEED/DIRECTION 46/160 DATE 06/13
HIGHEST GUST SPEED/DIRECTION 67/010 DATE 06/20
WEATHER CONDITIONS. NUMBER OF DAYS WITH
THUNDERSTORM 36 MIXED PRECIP 0
HEAVY RAIN 16 RAIN 24
LIGHT RAIN 70 FREEZING RAIN 2
LT FREEZING RAIN 6 HAIL 1
HEAVY SNOW 5 SNOW 13
LIGHT SNOW 61 SLEET 0
FOG 123 FOG W/VIS <= 1/4 MILE 26
HAZE 62
- INDICATES NEGATIVE NUMBERS.
R INDICATES RECORD WAS SET OR TIED.
MM INDICATES DATA IS MISSING.
T INDICATES TRACE AMOUNT.
$$