000
CXUS51 KPHI 150141
CF6ACY
PRELIMINARY LOCAL CLIMATOLOGICAL DATA (WS FORM: F-6)
STATION: ATLANTIC CITY NJ
MONTH: JUNE
YEAR: 2022
LATITUDE: 39 27 N
LONGITUDE: 74 34 W
TEMPERATURE IN F: :PCPN: SNOW: WIND :SUNSHINE: SKY :PK WND
================================================================================
1 2 3 4 5 6A 6B 7 8 9 10 11 12 13 14 15 16 17 18
12Z AVG MX 2MIN
DY MAX MIN AVG DEP HDD CDD WTR SNW DPTH SPD SPD DIR MIN PSBL S-S WX SPD DR
================================================================================
1 78 63 71 4 0 6 0.00 0.0 0 8.5 16 40 M M 7 1 21 50
2 89 63 76 9 0 11 0.46 0.0 0 4.1 23 10 M M 5 13 30 360
3 76 57 67 0 0 2 0.01 0.0 0 4.5 14 130 M M 7 12 19 120
4 81 56 69 1 0 4 0.00 0.0 0 4.7 15 170 M M 1 1 21 170
5 74 52 63 -5 2 0 0.00 0.0 0 7.5 18 60 M M 0 26 50
6 79 47 63 -5 2 0 0.00 0.0 0 5.5 15 200 M M 0 22 160
7 79 56 68 -1 0 3 0.01 0.0 0 11.8 22 170 M M 2 33 170
8 89 68 79 10 0 14 T 0.0 0 8.8 17 190 M M 5 1 25 180
9 86 63 75 6 0 10 0.23 0.0 0 13.9 26 310 M M 4 13 37 300
10 82 54 68 -2 0 3 0.00 0.0 0 8.3 17 290 M M 0 23 320
11 78 63 71 1 0 6 T 0.0 0 4.7 17 290 M M 5 21 290
12 77 62 70 0 0 5 0.44 0.0 0 6.9 15 160 M M 6 13 24 190
13 89 66 78 7 0 13 T 0.0 0 4.9 15 290 M M 2 23 260
14 79 59 69 -2 0 4 0.02 0.0 0 5.8 18 320 M M 1 3 23 310
15 82 59 71 0 0 6 0.00 0.0 0 7.6 16 110 M M 0 22 120
16 75 65 70 -2 0 5 0.46 0.0 0 9.4 17 170 M M 7 13 26 150
17 96 67 82 10 0 17 0.00 0.0 0 9.6 26 280 M M 1 37 280
18 76 57 67 -5 0 2 0.00 0.0 0 14.9 28 310 M M 4 38 300
19 76 50 63 -10 2 0 0.00 0.0 0 13.0 28 330 M M 0 8 36 330
20 78 50 64 -9 1 0 0.00 0.0 0 6.3 18 310 M M 2 8 23 300
21 82 53 68 -5 0 3 0.00 0.0 0 4.6 14 210 M M 3 22 210
22 70 63 67 -7 0 2 0.13 0.0 0 10.7 20 130 M M 9 1 30 140
23 74 58 66 -8 0 1 0.06 0.0 0 6.2 17 110 M M 6 1 25 100
24 79 58 69 -5 0 4 0.00 0.0 0 4.8 14 170 M M 5 12 19 160
25 90 65 78 4 0 13 0.00 0.0 0 6.9 16 200 M M 2 26 210
26 87 68 78 3 0 13 0.00 0.0 0 10.2 20 190 M M 0 27 190
27 87 70 79 4 0 14 0.77 0.0 0 8.1 23 310 M M 6 123 30 300
28 79 64 72 -3 0 7 0.00 0.0 0 6.8 14 10 M M 3 12 22 360
29 86 61 74 -1 0 9 0.00 0.0 0 6.8 21 200 M M 1 27 200
30 90 66 78 2 0 13 0.00 0.0 0 6.8 17 190 M M 0 23 190
================================================================================
SM 2443 1803 7 190 2.59 0.0 232.6 M 94
================================================================================
AV 81.4 60.1 7.8 FASTST M M 3 MAX(MPH)
MISC ----> # 28 310 38 300
================================================================================
NOTES:
# LAST OF SEVERAL OCCURRENCES
COLUMN 17 PEAK WIND IN M.P.H.
PRELIMINARY LOCAL CLIMATOLOGICAL DATA (WS FORM: F-6) , PAGE 2
STATION: ATLANTIC CITY NJ
MONTH: JUNE
YEAR: 2022
LATITUDE: 39 27 N
LONGITUDE: 74 34 W
[TEMPERATURE DATA] [PRECIPITATION DATA] SYMBOLS USED IN COLUMN 16
AVERAGE MONTHLY: 70.8 TOTAL FOR MONTH: 2.59 1 = FOG OR MIST
DPTR FM NORMAL: -0.6 DPTR FM NORMAL: -0.99 2 = FOG REDUCING VISIBILITY
HIGHEST: 96 ON 17 GRTST 24HR 0.77 ON 27-27 TO 1/4 MILE OR LESS
LOWEST: 47 ON 6 3 = THUNDER
SNOW, ICE PELLETS, HAIL 4 = ICE PELLETS
TOTAL MONTH: 0.0 INCH 5 = HAIL
GRTST 24HR 0.0 6 = FREEZING RAIN OR DRIZZLE
GRTST DEPTH: 0 7 = DUSTSTORM OR SANDSTORM:
VSBY 1/2 MILE OR LESS
8 = SMOKE OR HAZE
[NO. OF DAYS WITH] [WEATHER - DAYS WITH] 9 = BLOWING SNOW
X = TORNADO
MAX 32 OR BELOW: 0 0.01 INCH OR MORE: 10
MAX 90 OR ABOVE: 3 0.10 INCH OR MORE: 6
MIN 32 OR BELOW: 0 0.50 INCH OR MORE: 1
MIN 0 OR BELOW: 0 1.00 INCH OR MORE: 0
[HDD (BASE 65) ]
TOTAL THIS MO. 7 CLEAR (SCALE 0-3) 15
DPTR FM NORMAL -15 PTCLDY (SCALE 4-7) 14
TOTAL FM JUL 1 4334 CLOUDY (SCALE 8-10) 1
DPTR FM NORMAL -365
[CDD (BASE 65) ]
TOTAL THIS MO. 190
DPTR FM NORMAL -24 [PRESSURE DATA]
TOTAL FM JAN 1 287 HIGHEST SLP 30.26 ON 29
DPTR FM NORMAL -1 LOWEST SLP 29.61 ON 17
[REMARKS]
#FINAL-06-22#