000
CXUS54 KLZK 011130
CF6ADF
PRELIMINARY LOCAL CLIMATOLOGICAL DATA (WS FORM: F-6)
STATION: ARKADELPHIA AIRPORT
MONTH: OCTOBER
YEAR: 2021
LATITUDE: 34 9 N
LONGITUDE: 93 4 W
TEMPERATURE IN F: :PCPN: SNOW: WIND :SUNSHINE: SKY :PK WND
================================================================================
1 2 3 4 5 6A 6B 7 8 9 10 11 12 13 14 15 16 17 18
12Z AVG MX 2MIN
DY MAX MIN AVG DEP HDD CDD WTR SNW DPTH SPD SPD DIR MIN PSBL S-S WX SPD DR
================================================================================
1 80 66 73 5 0 8 0.27 M M 2.3 9 170 M M 8 1 M M
2 86 70 78 11 0 13 0.14 M M 2.1 8 170 M M 8 1 M M
3 87 60 74 7 0 9 0.00 M M 2.8 12 240 M M 7 1 M M
4 85 56 71 4 0 6 0.00 M M 2.0 8 20 M M 2 1 16 360
5 84 55 70 4 0 5 0.00 M M 2.5 9 10 M M 3 M M
6 82 57 70 4 0 5 0.00 M M 1.1 5 300 M M 5 M M
7 88 55 72 6 0 7 0.00 M M 2.7 10 260 M M 2 12 M M
8 91 54 73 8 0 8 0.00 M M 3.3 13 200 M M 0 1 16 220
9 90 56 73 8 0 8 0.00 M M 4.4 14 230 M M 1 12 18 230
10 88 57 73 9 0 8 0.00 M M 5.1 16 220 M M 4 12 21 190
11 81 52 67 3 0 2 0.01 M M 9.0 16 260 M M 4 1 27 260
12 84 49 67 3 0 2 0.03 M M 1.8 7 170 M M 4 1 M M
13 87 69 78 15 0 13 0.01 M M 5.8 15 200 M M 5 22 200
14 82 68 75 12 0 10 0.08 M M 2.7 13 240 M M 7 1 21 240
15 87 49 68 5 0 3 0.01 M M 6.6 22 330 M M 7 12 28 330
16 73 41 57 -5 8 0 0.00 M M 4.6 17 360 M M 0 1 23 360
17 77 35 56 -6 9 0 0.00 M M 1.0 6 10 M M 1 12 M M
18 76 39 58 -4 7 0 0.00 M M 1.4 7 170 M M 0 1 M M
19 75 37 56 -5 9 0 0.00 M M 1.6 9 160 M M 0 M M
20 84 43 64 3 1 0 0.00 M M 2.0 9 180 M M 2 12 M M
21 83 47 65 4 0 0 0.00 M M 4.0 13 340 M M 2 1 M M
22 79 41 60 0 5 0 0.00 M M 1.6 7 220 M M 1 M M
23 85 46 66 6 0 1 0.00 M M 4.0 15 180 M M 3 18 190
24 89 59 74 14 0 9 0.00 M M 7.1 20 210 M M 5 1 30 190
25 82 51 67 7 0 2 T M M 4.8 14 210 M M 2 13 18 210
26 74 51 63 4 2 0 0.00 M M 3.8 6 99 M M 5 M M
27 70 57 64 5 1 0 0.83 M M 3.6 16 210 M M 8 1 24 270
28 60 54 57 -2 8 0 T M M 11.9 20 290 M M 10 33 290
29 60 53 57 -1 8 0 0.00 M M 10.6 17 320 M M 10 28 300
30 74 39 57 -1 8 0 0.00 M M 4.6 12 360 M M 2 8 17 320
31 76 33 55 -3 10 0 0.00 M M 1.2 6 30 M M 0 M M
================================================================================
SM 2499 1599 76 119 1.38 M 122.0 M 118
================================================================================
AV 80.6 51.6 3.9 FASTST M M 4 MAX(MPH)
MISC ----> 22 330 33 290
================================================================================
NOTES:
# LAST OF SEVERAL OCCURRENCES
COLUMN 17 PEAK WIND IN M.P.H.
PRELIMINARY LOCAL CLIMATOLOGICAL DATA (WS FORM: F-6) , PAGE 2
STATION: ARKADELPHIA AIRPORT
MONTH: OCTOBER
YEAR: 2021
LATITUDE: 34 9 N
LONGITUDE: 93 4 W
[TEMPERATURE DATA] [PRECIPITATION DATA] SYMBOLS USED IN COLUMN 16
AVERAGE MONTHLY: 66.1 TOTAL FOR MONTH: 1.38 1 = FOG OR MIST
DPTR FM NORMAL: 3.6 DPTR FM NORMAL: -3.97 2 = FOG REDUCING VISIBILITY
HIGHEST: 91 ON 8 GRTST 24HR 0.83 ON 27-27 TO 1/4 MILE OR LESS
LOWEST: 33 ON 31 3 = THUNDER
SNOW, ICE PELLETS, HAIL 4 = ICE PELLETS
TOTAL MONTH: M 5 = HAIL
GRTST 24HR M ON M 6 = FREEZING RAIN OR DRIZZLE
GRTST DEPTH: M ON M 7 = DUSTSTORM OR SANDSTORM:
VSBY 1/2 MILE OR LESS
8 = SMOKE OR HAZE
[NO. OF DAYS WITH] [WEATHER - DAYS WITH] 9 = BLOWING SNOW
X = TORNADO
MAX 32 OR BELOW: 0 0.01 INCH OR MORE: 8
MAX 90 OR ABOVE: 2 0.10 INCH OR MORE: 3
MIN 32 OR BELOW: 0 0.50 INCH OR MORE: 1
MIN 0 OR BELOW: 0 1.00 INCH OR MORE: 0
[HDD (BASE 65) ]
TOTAL THIS MO. 76 CLEAR (SCALE 0-3) 15
DPTR FM NORMAL -65 PTCLDY (SCALE 4-7) 13
TOTAL FM JUL 1 78 CLOUDY (SCALE 8-10) 3
DPTR FM NORMAL -78
[CDD (BASE 65) ]
TOTAL THIS MO. 119
DPTR FM NORMAL 56 [PRESSURE DATA]
TOTAL FM JAN 1 2202 HIGHEST SLP M ON M
DPTR FM NORMAL 291 LOWEST SLP M ON M
[REMARKS]
#FINAL-10-21#