000
CXAK56 PAFC 011344 RRC
CF6ADQ
PRELIMINARY LOCAL CLIMATOLOGICAL DATA (WS FORM: F-6)
STATION: KODIAK
MONTH: JANUARY
YEAR: 2021
LATITUDE: 57 45 N
LONGITUDE: 152 31 W
TEMPERATURE IN F: :PCPN: SNOW: WIND :SUNSHINE: SKY :PK WND
================================================================================
1 2 3 4 5 6A 6B 7 8 9 10 11 12 13 14 15 16 17 18
12Z AVG MX 2MIN
DY MAX MIN AVG DEP HDD CDD WTR SNW DPTH SPD SPD DIR MIN PSBL S-S WX SPD DR
================================================================================
1 37 34 36 5 29 0 0.28 M M 12.2 22 80 M M 9 18 26 30
2 35 32 34 3 31 0 0.65 M M 16.6 28 300 M M 10 18 35 290
3 32 17 25 -6 40 0 0.03 M M 5.1 8 280 M M 5 9 270
4 38 22 30 -1 35 0 0.63 M M 6.5 21 40 M M 9 16 17 320
5 40 33 37 6 28 0 1.28 M M 17.7 36 30 M M 10 1 48 30
6 39 35 37 6 28 0 0.76 M M 13.9 32 30 M M 8 1 40 30
7 41 33 37 6 28 0 0.78 M M 10.1 29 30 M M 10 1 35 30
8 37 28 33 2 32 0 0.23 M M 9.3 20 300 M M 10 18 24 310
9 42 26 34 3 31 0 1.42 M M 14.1 37 100 M M 9 1 56 30
10 42 34 38 7 27 0 1.12 M M 16.5 33 60 M M 10 1 39 60
11 38 34 36 5 29 0 1.02 M M 12.2 25 110 M M 9 1 30 110
12 37 27 32 2 33 0 0.72 M M 4.9 23 110 M M 9 12 27 100
13 36 24 30 0 35 0 0.01 M M 3.3 10 190 M M 3 13 180
14 39 32 36 6 29 0 0.73 M M 22.6 39 50 M M 9 1 50 10
15 39 29 34 4 31 0 0.06 M M 7.2 25 60 M M 8 1 31 70
16 40 37 39 9 26 0 1.10 M M 16.3 41 50 M M 10 1 53 50
17 40 35 38 8 27 0 0.15 M M 10.5 24 60 M M 8 1 29 50
18 44 33 39 9 26 0 0.93 M M 16.3 38 90 M M 9 1 47 70
19 41 22 32 2 33 0 0.31 M M 7.7 24 130 M M 5 1 29 300
20 43 31 37 7 28 0 0.12 M M 6.9 24 140 M M 5 32 140
21 42 38 40 10 25 0 0.56 M M 12.5 23 140 M M 10 1 29 140
22 41 31 36 6 29 0 0.43 M M 5.6 15 120 M M 6 12 18 120
23 43 34 39 9 26 0 0.05 M M 11.4 28 250 M M 3 40 270
24 40 23 32 2 33 0 0.00 M M 19.2 39 270 M M 0 57 280
25 40 24 32 2 33 0 0.04 M M 9.8 20 30 M M 6 1 27 290
26 39 27 33 3 32 0 0.00 M M 9.1 20 300 M M 0 26 290
27 35 27 31 1 34 0 0.08 M M 2.4 9 100 M M 7 1 10 100
28 36 33 35 5 30 0 0.24 M M 13.5 30 290 M M 10 18 42 290
29 37 33 35 5 30 0 T M M 15.8 25 290 M M 5 32 290
30 34 26 30 0 35 0 0.00 M M 17.7 31 290 M M 0 43 290
31 34 26 30 0 35 0 0.00 M M 6.1 15 290 M M 0 20 270
================================================================================
SM 1201 920 948 0 13.73 M 353.0 M 212
================================================================================
AV 38.7 29.7 11.4 FASTST M M 7 MAX(MPH)
MISC ----> 41 50 57 280
================================================================================
NOTES:
# LAST OF SEVERAL OCCURRENCES
COLUMN 17 PEAK WIND IN M.P.H.
PRELIMINARY LOCAL CLIMATOLOGICAL DATA (WS FORM: F-6) , PAGE 2
STATION: KODIAK
MONTH: JANUARY
YEAR: 2021
LATITUDE: 57 45 N
LONGITUDE: 152 31 W
[TEMPERATURE DATA] [PRECIPITATION DATA] SYMBOLS USED IN COLUMN 16
AVERAGE MONTHLY: 34.2 TOTAL FOR MONTH: 13.73 1 = FOG OR MIST
DPTR FM NORMAL: 3.7 DPTR FM NORMAL: 5.44 2 = FOG REDUCING VISIBILITY
HIGHEST: 44 ON 18 GRTST 24HR 1.42 ON 9- 9 TO 1/4 MILE OR LESS
LOWEST: 17 ON 3 3 = THUNDER
SNOW, ICE PELLETS, HAIL 4 = ICE PELLETS
TOTAL MONTH: M 5 = HAIL
GRTST 24HR M ON M 6 = FREEZING RAIN OR DRIZZLE
GRTST DEPTH: M ON M 7 = DUSTSTORM OR SANDSTORM:
VSBY 1/2 MILE OR LESS
8 = SMOKE OR HAZE
[NO. OF DAYS WITH] [WEATHER - DAYS WITH] 9 = BLOWING SNOW
X = TORNADO
MAX 32 OR BELOW: 1 0.01 INCH OR MORE: 26
MAX 90 OR ABOVE: 0 0.10 INCH OR MORE: 20
MIN 32 OR BELOW: 18 0.50 INCH OR MORE: 13
MIN 0 OR BELOW: 0 1.00 INCH OR MORE: 5
[HDD (BASE 65) ]
TOTAL THIS MO. 948 CLEAR (SCALE 0-3) 5
DPTR FM NORMAL -123 PTCLDY (SCALE 4-7) 10
TOTAL FM JUL 1 4392 CLOUDY (SCALE 8-10) 16
DPTR FM NORMAL -524
[CDD (BASE 65) ]
TOTAL THIS MO. 0
DPTR FM NORMAL 0 [PRESSURE DATA]
TOTAL FM JAN 1 0 HIGHEST SLP 30.16 ON 21
DPTR FM NORMAL 0 LOWEST SLP 28.33 ON 10
[REMARKS]
#FINAL-01-21#