000
CXAK58 PADQ 010958
CLMADQ
CLIMATE REPORT
NATIONAL WEATHER SERVICE ANCHORAGE, AK
158 AM AKDT SAT APR 01 2023
...................................
...THE KODIAK CLIMATE SUMMARY FOR THE MONTH OF MARCH 2023...
CLIMATE NORMAL PERIOD: 1991 TO 2020
CLIMATE RECORD PERIOD: 1913 TO 2023
WEATHER OBSERVED NORMAL DEPART LAST YEAR`S
VALUE DATE(S) VALUE FROM VALUE
NORMAL
..............................................................
TEMPERATURE (F)
RECORD
HIGH 57 03/24/1963
LOW -6 03/06/1971
03/05/1971
HIGHEST 54 MM MM 47
LOWEST 14 MM MM 19
AVG. MAXIMUM 39.3 38.8 0.5 41.2
AVG. MINIMUM 25.8 27.6 -1.8 31.4
MEAN 32.5 33.2 -0.7 36.3
DAYS MAX >= 90 0 0.0 0.0 0
DAYS MAX <= 32 6 5.3 0.7 0
DAYS MIN <= 32 28 22.7 5.3 17
DAYS MIN <= 0 0 0.0 0.0 0
PRECIPITATION (INCHES)
RECORD
MAXIMUM 10.41 2022
MINIMUM 1.91 2021
TOTALS 1.78R 4.82 -3.04 10.41
DAILY AVG. 0.06 0.16 -0.10 0.34
DAYS >= .01 10 15.9 -5.9 25
DAYS >= .10 6 9.4 -3.4 17
DAYS >= .50 0 3.3 -3.3 6
DAYS >= 1.00 0 1.0 -1.0 3
GREATEST
24 HR. TOTAL 0.82 02/28 TO 03/01 1.99
STORM TOTAL 0.33 1.43
(MM/DD(HH))
DEGREE DAYS
HEATING TOTAL 999 986 13 882
SINCE 7/1 6257 6529 -272 MM
COOLING TOTAL 0 0 0 0
SINCE 1/1 0 0 0 MM
FREEZE DATES
RECORD
EARLIEST MM
LATEST MM
EARLIEST 10/27
LATEST 04/26
..............................................................
WIND (MPH)
AVERAGE WIND SPEED 11.9
RESULTANT WIND SPEED/DIRECTION 8/290
HIGHEST WIND SPEED/DIRECTION 54/280 DATE 03/02
HIGHEST GUST SPEED/DIRECTION 68/290 DATE 03/02
SKY COVER
POSSIBLE SUNSHINE (PERCENT) MM
AVERAGE SKY COVER 0.33
NUMBER OF DAYS FAIR 20
NUMBER OF DAYS PC 5
NUMBER OF DAYS CLOUDY 6
AVERAGE RH (PERCENT) 66
WEATHER CONDITIONS. NUMBER OF DAYS WITH
THUNDERSTORM 0 MIXED PRECIP 0
HEAVY RAIN 0 RAIN 0
LIGHT RAIN 3 FREEZING RAIN 0
LT FREEZING RAIN 0 HAIL 0
HEAVY SNOW 4 SNOW 7
LIGHT SNOW 12 SLEET 0
FOG 10 FOG W/VIS <= 1/4 MILE 3
HAZE 8
- INDICATES NEGATIVE NUMBERS.
R INDICATES RECORD WAS SET OR TIED.
MM INDICATES DATA IS MISSING.
T INDICATES TRACE AMOUNT.
$$