000
CXUS52 KCAE 011500
CF6AGS
PRELIMINARY LOCAL CLIMATOLOGICAL DATA (WS FORM: F-6)
STATION: AUGUSTA BUSH FIELD GA
MONTH: NOVEMBER
YEAR: 2022
LATITUDE: 33 22 N
LONGITUDE: 81 58 W
TEMPERATURE IN F: :PCPN: SNOW: WIND :SUNSHINE: SKY :PK WND
================================================================================
1 2 3 4 5 6A 6B 7 8 9 10 11 12 13 14 15 16 17 18
12Z AVG MX 2MIN
DY MAX MIN AVG DEP HDD CDD WTR SNW DPTH SPD SPD DIR MIN PSBL S-S WX SPD DR
================================================================================
1 76 53 65 5 0 0 0.00 0.0 0 3.5 10 360 M M 8 1 14 360
2 80 51 66 6 0 1 0.00 0.0 0 4.1 12 20 M M M 1 15 90
3 77 50 64 5 1 0 0.00 0.0 0 4.1 15 30 M M M 1 18 20
4 81 46 64 5 1 0 0.00 0.0 0 3.4 14 70 M M M 1 16 60
5 82 56 69 10 0 4 0.56 0.0 0 3.0 17 150 M M M 26 150
6 80 63 72 14 0 7 0.04 0.0 0 4.3 16 160 M M M 22 160
7 85 60 73 15 0 8 0.00 0.0 0 2.5 12 20 M M M 12 15 10
8 80 53 67 9 0 2 0.00 0.0 0 8.4 25 70 M M M 12 21 40
9 70 50 60 3 5 0 0.00 0.0 0 12.1 22 50 M M M 28 30
10 72 59 66 9 0 1 0.44 0.0 0 14.7 21 50 M M M 1 35 40
11 72 67 70 13 0 5 0.77 0.0 0 12.2 28 190 M M M 1 36 210
12 78 54 66 10 0 1 T 0.0 0 7.5 17 290 M M M 2 21 310
13 60 40 50 -6 15 0 0.00 0.0 0 8.7 20 320 M M M 24 320
14 59 34 47 -9 18 0 0.00 0.0 0 7.7 15 30 M M M 18 20
15 57 49 53 -3 12 0 0.03 0.0 0 5.8 17 340 M M M 1 20 320
16 58 47 53 -2 12 0 0.00 0.0 0 8.1 14 310 M M M 20 310
17 55 33 44 -11 21 0 0.00 0.0 0 6.3 16 300 M M M 20 310
18 57 26 42 -13 23 0 0.00 0.0 0 1.1 9 350 M M M 8 13 350
19 61 26 44 -10 21 0 0.00 0.0 M 4.9 15 310 M M M 1 18 260
20 50 31 41 -13 24 0 0.00 0.0 M 4.8 12 330 M M M 15 290
21 61 26 44 -10 21 0 0.00 0.0 M 3.5 10 60 M M 1 13 80
22 65 39 52 -2 13 0 0.00 0.0 0 2.7 9 30 M M 6 13 20
23 71 47 59 5 6 0 0.00 0.0 0 2.8 9 80 M M 8 12 70
24 65 49 57 4 8 0 0.08 0.0 0 5.7 15 30 M M 9 1 26 30
25 64 46 55 2 10 0 0.16 0.0 0 3.8 12 350 M M 8 12 14 340
26 69 39 54 1 11 0 T 0.0 0 2.5 12 130 M M 6 12 15 140
27 79 53 66 13 0 1 0.24 0.0 0 11.1 31 260 M M 5 1 40 270
28 70 41 56 4 9 0 0.00 0.0 0 6.5 18 290 M M 0 1 24 290
29 71 34 53 1 12 0 0.00 0.0 0 3.1 10 120 M M 1 128 13 110
30 68 47 58 6 7 0 0.70 M 0 8.6 26 310 M M 6 13 34 310
================================================================================
SM 2073 1369 250 30 3.02 0.0 177.5 M 58
================================================================================
AV 69.1 45.6 5.9 FASTST M M 5 MAX(MPH)
MISC ----> 31 260 40 270
================================================================================
NOTES:
# LAST OF SEVERAL OCCURRENCES
COLUMN 17 PEAK WIND IN M.P.H.
PRELIMINARY LOCAL CLIMATOLOGICAL DATA (WS FORM: F-6) , PAGE 2
STATION: AUGUSTA BUSH FIELD GA
MONTH: NOVEMBER
YEAR: 2022
LATITUDE: 33 22 N
LONGITUDE: 81 58 W
[TEMPERATURE DATA] [PRECIPITATION DATA] SYMBOLS USED IN COLUMN 16
AVERAGE MONTHLY: 57.4 TOTAL FOR MONTH: 3.02 1 = FOG OR MIST
DPTR FM NORMAL: 1.8 DPTR FM NORMAL: 0.36 2 = FOG REDUCING VISIBILITY
HIGHEST: 85 ON 7 GRTST 24HR 0.77 ON 11-11 TO 1/4 MILE OR LESS
LOWEST: 26 ON 21,19 3 = THUNDER
SNOW, ICE PELLETS, HAIL 4 = ICE PELLETS
TOTAL MONTH: 0.0 INCH 5 = HAIL
GRTST 24HR 0.0 6 = FREEZING RAIN OR DRIZZLE
GRTST DEPTH: 0 7 = DUSTSTORM OR SANDSTORM:
VSBY 1/2 MILE OR LESS
8 = SMOKE OR HAZE
[NO. OF DAYS WITH] [WEATHER - DAYS WITH] 9 = BLOWING SNOW
X = TORNADO
MAX 32 OR BELOW: 0 0.01 INCH OR MORE: 9
MAX 90 OR ABOVE: 0 0.10 INCH OR MORE: 6
MIN 32 OR BELOW: 4 0.50 INCH OR MORE: 3
MIN 0 OR BELOW: 0 1.00 INCH OR MORE: 0
[HDD (BASE 65) ]
TOTAL THIS MO. 250 CLEAR (SCALE 0-3) 3
DPTR FM NORMAL -48 PTCLDY (SCALE 4-7) 6
TOTAL FM JUL 1 383 CLOUDY (SCALE 8-10) 21
DPTR FM NORMAL 2
[CDD (BASE 65) ]
TOTAL THIS MO. 30
DPTR FM NORMAL 12 [PRESSURE DATA]
TOTAL FM JAN 1 2133 HIGHEST SLP 30.48 ON 21
DPTR FM NORMAL -226 LOWEST SLP 29.62 ON 11
[REMARKS]
#FINAL-11-22#