000
CXUS55 KCAE 011400
CF6AGS
PRELIMINARY LOCAL CLIMATOLOGICAL DATA (WS FORM: F-6)
STATION: AUGUSTA BUSH FIELD GA
MONTH: JULY
YEAR: 2020
LATITUDE: 33 22 N
LONGITUDE: 81 58 W
TEMPERATURE IN F: :PCPN: SNOW: WIND :SUNSHINE: SKY :PK WND
================================================================================
1 2 3 4 5 6A 6B 7 8 9 10 11 12 13 14 15 16 17 18
12Z AVG MX 2MIN
DY MAX MIN AVG DEP HDD CDD WTR SNW DPTH SPD SPD DIR MIN PSBL S-S WX SPD DR
================================================================================
1 93 72 83 2 0 18 0.01 0.0 0 4.9 18 280 M M 3 25 280
2 96 73 85 4 0 20 0.00 0.0 0 4.1 12 20 M M 3 17 40
3 96 70 83 2 0 18 0.00 0.0 0 2.9 10 100 M M 0 1 12 80
4 96 71 84 3 0 19 0.00 0.0 0 2.6 14 90 M M 1 128 17 100
5 95 69 82 1 0 17 0.00 0.0 0 4.2 15 140 M M 0 18 19 140
6 90 72 81 0 0 16 1.43 0.0 0 4.7 22 220 M M 7 13 30 230
7 82 75 79 -2 0 14 4.64 0.0 0 6.3 14 140 M M 10 123 20 140
8 90 75 83 2 0 18 0.01 0.0 0 5.7 13 340 M M 8 18 16 350
9 92 75 84 2 0 19 T 0.0 0 4.6 13 360 M M 5 16 340
10 96 74 85 3 0 20 0.00 0.0 0 3.1 12 40 M M 2 18 16 20
11 96 73 85 3 0 20 0.00 0.0 0 3.4 14 310 M M 1 1 17 300
12 96 70 83 1 0 18 0.00 0.0 0 2.3 8 220 M M 0 1 11 240
13 96 73 85 3 0 20 0.00 0.0 0 3.3 14 290 M M 1 19 300
14 98 71 85 3 0 20 0.00 0.0 0 2.0 10 270 M M 1 1 13 270
15 99 70 85 3 0 20 T 0.0 0 3.5 14 160 M M 1 1 20 150
16 97 73 85 3 0 20 0.00 0.0 0 4.7 12 130 M M 2 12 15 140
17 96 73 85 3 0 20 T 0.0 0 2.4 8 130 M M 2 1 10 110
18 97 73 85 3 0 20 0.00 0.0 0 2.8 10 210 M M 2 12 13 220
19 98 73 86 4 0 21 0.00 0.0 0 3.4 9 190 M M 0 1 12 190
20 100 74 87 5 0 22 T 0.0 0 3.9 23 80 M M 0 3 29 80
21 97 74 86 4 0 21 0.00 0.0 0 4.6 17 180 M M 1 13 23 180
22 97 71 84 2 0 19 0.00 0.0 0 3.7 24 180 M M 1 128 28 180
23 98 71 85 3 0 20 0.32 0.0 0 2.6 20 130 M M 2 13 26 110
24 97 72 85 3 0 20 0.16 0.0 0 3.9 20 140 M M 2 123 28 140
25 93 73 83 1 0 18 0.05 0.0 0 2.8 22 80 M M 2 13 30 70
26 95 70 83 1 0 18 0.01 0.0 0 2.4 9 120 M M 1 1 12 120
27 98 74 86 4 0 21 0.23 0.0 0 3.7 25 320 M M 2 3 32 310
28 98 74 86 4 0 21 0.09 0.0 0 4.1 17 260 M M 2 138 23 250
29 94 75 85 3 0 20 0.05 0.0 0 7.9 17 250 M M 3 1 22 190
30 92 77 85 3 0 20 0.09 0.0 0 6.2 15 280 M M 7 138 25 280
31 98 78 88 6 0 23 0.00 0.0 0 9.9 18 210 M M 1 3 23 270
================================================================================
SM 2956 2258 0 601 7.09 0.0 126.6 M 73
================================================================================
AV 95.4 72.8 4.1 FASTST M M 2 MAX(MPH)
MISC ----> # 25 320 # 32 310
================================================================================
NOTES:
# LAST OF SEVERAL OCCURRENCES
COLUMN 17 PEAK WIND IN M.P.H.
PRELIMINARY LOCAL CLIMATOLOGICAL DATA (WS FORM: F-6) , PAGE 2
STATION: AUGUSTA BUSH FIELD GA
MONTH: JULY
YEAR: 2020
LATITUDE: 33 22 N
LONGITUDE: 81 58 W
[TEMPERATURE DATA] [PRECIPITATION DATA] SYMBOLS USED IN COLUMN 16
AVERAGE MONTHLY: 84.1 TOTAL FOR MONTH: 7.09 1 = FOG OR MIST
DPTR FM NORMAL: 2.5 DPTR FM NORMAL: 2.76 2 = FOG REDUCING VISIBILITY
HIGHEST: 100 ON 20 GRTST 24HR 4.64 ON 7- 7 TO 1/4 MILE OR LESS
LOWEST: 69 ON 5 3 = THUNDER
SNOW, ICE PELLETS, HAIL 4 = ICE PELLETS
TOTAL MONTH: 0.0 INCH 5 = HAIL
GRTST 24HR 0.0 6 = FREEZING RAIN OR DRIZZLE
GRTST DEPTH: 0 7 = DUSTSTORM OR SANDSTORM:
VSBY 1/2 MILE OR LESS
8 = SMOKE OR HAZE
[NO. OF DAYS WITH] [WEATHER - DAYS WITH] 9 = BLOWING SNOW
X = TORNADO
MAX 32 OR BELOW: 0 0.01 INCH OR MORE: 12
MAX 90 OR ABOVE: 30 0.10 INCH OR MORE: 5
MIN 32 OR BELOW: 0 0.50 INCH OR MORE: 2
MIN 0 OR BELOW: 0 1.00 INCH OR MORE: 2
[HDD (BASE 65) ]
TOTAL THIS MO. 0 CLEAR (SCALE 0-3) 26
DPTR FM NORMAL 0 PTCLDY (SCALE 4-7) 4
TOTAL FM JUL 1 0 CLOUDY (SCALE 8-10) 1
DPTR FM NORMAL 0
[CDD (BASE 65) ]
TOTAL THIS MO. 601
DPTR FM NORMAL 86 [PRESSURE DATA]
TOTAL FM JAN 1 1442 HIGHEST SLP 30.20 ON 17
DPTR FM NORMAL 236 LOWEST SLP 29.75 ON 12
[REMARKS]
#FINAL-07-20#