000
CXUS55 KCYS 011019
CF6AIA
PRELIMINARY LOCAL CLIMATOLOGICAL DATA (WS FORM: F-6) ...CORRECTED...
STATION: ALLIANCE NEBRASKA AIRPORT
MONTH: JULY
YEAR: 2020
LATITUDE: 42 2 N
LONGITUDE: 102 48 W
TEMPERATURE IN F: :PCPN: SNOW: WIND :SUNSHINE: SKY :PK WND
================================================================================
1 2 3 4 5 6A 6B 7 8 9 10 11 12 13 14 15 16 17 18
12Z AVG MX 2MIN
DY MAX MIN AVG DEP HDD CDD WTR SNW DPTH SPD SPD DIR MIN PSBL S-S WX SPD DR
================================================================================
1 89 46 68 -2 0 3 0.00 M M 12.3 24 160 M M 0 36 170
2 90 58 74 4 0 9 0.00 M M 16.3 28 190 M M 2 37 200
3 94 54 74 4 0 9 0.00 M M M M M M M 0 M M
4 93 55 74 4 0 9 0.00 M M 12.5 25 140 M M 0 37 150
5 95 56 76 5 0 11 0.04 M M 10.8 23 180 M M 0 3 34 180
6 97 58 78 7 0 13 T M M 12.7 45 220 M M 0 3 68 230
7 102 63 83 12 0 18 T M M 18.8 35 180 M M 0 3 45 180
8 93 57 75 4 0 10 0.00 M M 8.7 23 160 M M 0 3 30 110
9 90 50 70 -2 0 5 0.35 M M 9.8 40 360 M M 1 13 53 360
10 101 59 80 8 0 15 0.01 M M M M M M M 0 3 M M
11 89 54 72 0 0 7 0.00 M M M M M M M 0 M M
12 97 58 78 6 0 13 0.00 M M M M M M M 2 M M
13 87 57 72 0 0 7 0.01 M M 6.8 21 190 M M 1 3 32 190
14 78 57 68 -4 0 3 0.01 M M 13.3 29 50 M M 5 37 50
15 82 54 68 -5 0 3 0.02 M M 11.5 28 30 M M 4 3 40 30
16 92 58 75 2 0 10 0.00 M M 8.4 17 160 M M 0 24 160
17 102 57 80 7 0 15 0.00 M M 7.8 17 200 M M 0 26 220
18 91 57 74 1 0 9 0.00 M M 11.3 24 10 M M 0 33 360
19 90 57 74 1 0 9 0.12 M M 9.8 26 10 M M 5 3 37 10
20 87 58 73 0 0 8 T M M 8.7 25 40 M M 1 3 32 40
21 84 54 69 -4 0 4 0.00 M M 9.1 28 150 M M 4 3 36 150
22 92 55 74 1 0 9 0.00 M M 12.5 21 130 M M 0 29 130
23 100 64 82 9 0 17 0.00 M M 12.8 30 170 M M 0 42 170
24 93 56 75 2 0 10 0.00 M M 8.0 21 340 M M 0 26 340
25 95 63 79 6 0 14 0.00 M M 7.9 23 310 M M 2 31 280
26 81 62 72 -1 0 7 0.00 M M 9.7 22 10 M M 4 1 28 30
27 89 62 76 3 0 11 0.00 M M 8.8 21 140 M M 4 30 110
28 93 57 75 2 0 10 0.33 M M 9.9 37 320 M M 2 13 47 330
29 89 59 74 1 0 9 0.35 M M 9.1 36 310 M M 3 13 48 310
30 81 57 69 -4 0 4 0.04 M M 6.9 18 360 M M 6 24 10
31 89 52 71 -2 0 6 0.01 M M 5.6 16 50 M M 1 22 310
================================================================================
SM 2825 1764 0 287 1.29 M 279.8 M 47
================================================================================
AV 91.1 56.9 10.4 FASTST M M 2 MAX(MPH)
MISC ----> # 45 220 # 68 230
================================================================================
NOTES:
# LAST OF SEVERAL OCCURRENCES
COLUMN 17 PEAK WIND IN M.P.H.
PRELIMINARY LOCAL CLIMATOLOGICAL DATA (WS FORM: F-6) , PAGE 2
STATION: ALLIANCE NEBRASKA AIRPORT
MONTH: JULY
YEAR: 2020
LATITUDE: 42 2 N
LONGITUDE: 102 48 W
[TEMPERATURE DATA] [PRECIPITATION DATA] SYMBOLS USED IN COLUMN 16
AVERAGE MONTHLY: 74.0 TOTAL FOR MONTH: 1.29 1 = FOG OR MIST
DPTR FM NORMAL: 1.8 DPTR FM NORMAL: -1.03 2 = FOG REDUCING VISIBILITY
HIGHEST: 102 ON 17, 7 GRTST 24HR 0.35 ON 29-29 TO 1/4 MILE OR LESS
LOWEST: 46 ON 1 3 = THUNDER
SNOW, ICE PELLETS, HAIL 4 = ICE PELLETS
TOTAL MONTH: M 5 = HAIL
GRTST 24HR M ON M 6 = FREEZING RAIN OR DRIZZLE
GRTST DEPTH: M ON M 7 = DUSTSTORM OR SANDSTORM:
VSBY 1/2 MILE OR LESS
8 = SMOKE OR HAZE
[NO. OF DAYS WITH] [WEATHER - DAYS WITH] 9 = BLOWING SNOW
X = TORNADO
MAX 32 OR BELOW: 0 0.01 INCH OR MORE: 11
MAX 90 OR ABOVE: 19 0.10 INCH OR MORE: 4
MIN 32 OR BELOW: 0 0.50 INCH OR MORE: 0
MIN 0 OR BELOW: 0 1.00 INCH OR MORE: 0
[HDD (BASE 65) ]
TOTAL THIS MO. 0 CLEAR (SCALE 0-3) 24
DPTR FM NORMAL -12 PTCLDY (SCALE 4-7) 7
TOTAL FM JUL 1 0 CLOUDY (SCALE 8-10) 0
DPTR FM NORMAL -12
[CDD (BASE 65) ]
TOTAL THIS MO. 287
DPTR FM NORMAL 53 [PRESSURE DATA]
TOTAL FM JAN 1 443 HIGHEST SLP 30.14 ON 30
DPTR FM NORMAL 111 LOWEST SLP 29.61 ON 7
[REMARKS]
JULY 3RD, 10TH-12TH...MISSING WIND DATA.
#FINAL-07-20#