000
CXUS53 KGRB 050129
CF6AIG
PRELIMINARY LOCAL CLIMATOLOGICAL DATA (WS FORM: F-6)
STATION: ANTIGO AWOS
MONTH: NOVEMBER
YEAR: 2020
LATITUDE: 45 9 N
LONGITUDE: 89 8 W
TEMPERATURE IN F: :PCPN: SNOW: WIND :SUNSHINE: SKY :PK WND
================================================================================
1 2 3 4 5 6A 6B 7 8 9 10 11 12 13 14 15 16 17 18
12Z AVG MX 2MIN
DY MAX MIN AVG DEP HDD CDD WTR SNW DPTH SPD SPD DIR MIN PSBL S-S WX SPD DR
================================================================================
1 40 23 32 -6 33 0 M M M 18.2 31 330 M M 6 8 45 310
2 48 21 35 -3 30 0 M M M 9.9 17 250 M M 0 25 280
3 66 24 45 8 20 0 M M M 6.1 14 230 M M 0 22 230
4 70 37 54 17 11 0 M M M 5.7 13 250 M M 0 17 250
5 67 38 53 17 12 0 M M M 3.8 8 320 M M 0 M M
6 72 36 54 18 11 0 M M M 7.0 16 240 M M 0 21 230
7 70 51 61 26 4 0 M M M 11.4 17 210 M M 0 24 230
8 68 42 55 20 10 0 M M M 10.9 18 170 M M 2 23 170
9 67 51 59 25 6 0 0.31 M M 13.3 24 200 M M 9 1 30 200
10 57 33 45 11 20 0 1.08 M M 9.8 23 230 M M 10 1 32 230
11 37 27 32 -1 33 0 M M M 13.3 26 250 M M 4 39 270
12 44 26 35 2 30 0 0.01 M T 8.7 17 300 M M 4 1 23 300
13 31 20 26 -6 39 0 M M M 9.6 15 300 M M 5 24 310
14 38 19 29 -3 36 0 0.11 M M 12.3 22 130 M M 5 30 130
15 39 28 34 3 31 0 0.05 M M 15.8 26 290 M M 10 1 38 290
16 30 21 26 -4 39 0 M M M 12.4 25 300 M M 7 33 300
17 34 16 25 -5 40 0 M M M 9.4 15 330 M M 0 23 330
18 41 19 30 1 35 0 M M M 10.9 20 160 M M 2 25 180
19 55 32 44 15 21 0 M M M 5.4 15 250 M M 0 22 230
20 36 29 33 5 32 0 M M M 10.4 20 290 M M 8 1 28 300
21 34 18 26 -2 39 0 M M M 1.9 6 280 M M 0 M M
22 35 19 27 0 38 0 M M M 6.0 14 300 M M 7 1 21 300
23 32 23 28 2 37 0 M M M 6.8 14 290 M M 3 20 290
24 32 20 26 0 39 0 M M M 11.0 15 140 M M 9 1 21 130
25 33 28 31 6 34 0 M M M 5.0 10 40 M M 10 12 M M
26 34 30 32 7 33 0 M M M 8.3 15 260 M M 10 12 21 270
27 34 24 29 5 36 0 M M M 9.3 16 290 M M 6 22 290
28 47 22 35 11 30 0 M M M 7.9 12 230 M M 0 16 230
29 37 23 30 7 35 0 M M M 10.7 22 330 M M 6 28 320
30 28 18 23 0 42 0 M M M 15.1 23 360 M M 8 29 350
================================================================================
SM 1356 818 856 0 1.56 M 286.3 M 131
================================================================================
AV 45.2 27.3 9.5 FASTST M M 4 MAX(MPH)
MISC ----> 31 330 45 310
================================================================================
NOTES:
# LAST OF SEVERAL OCCURRENCES
COLUMN 17 PEAK WIND IN M.P.H.
PRELIMINARY LOCAL CLIMATOLOGICAL DATA (WS FORM: F-6) , PAGE 2
STATION: ANTIGO AWOS
MONTH: NOVEMBER
YEAR: 2020
LATITUDE: 45 9 N
LONGITUDE: 89 8 W
[TEMPERATURE DATA] [PRECIPITATION DATA] SYMBOLS USED IN COLUMN 16
AVERAGE MONTHLY: 36.2 TOTAL FOR MONTH: 1.56 1 = FOG OR MIST
DPTR FM NORMAL: 5.7 DPTR FM NORMAL: -0.37 2 = FOG REDUCING VISIBILITY
HIGHEST: 72 ON 6 GRTST 24HR 1.08 ON 10-10 TO 1/4 MILE OR LESS
LOWEST: 16 ON 17 3 = THUNDER
SNOW, ICE PELLETS, HAIL 4 = ICE PELLETS
TOTAL MONTH: M 5 = HAIL
GRTST 24HR M ON M 6 = FREEZING RAIN OR DRIZZLE
GRTST DEPTH: T 7 = DUSTSTORM OR SANDSTORM:
VSBY 1/2 MILE OR LESS
8 = SMOKE OR HAZE
[NO. OF DAYS WITH] [WEATHER - DAYS WITH] 9 = BLOWING SNOW
X = TORNADO
MAX 32 OR BELOW: 5 0.01 INCH OR MORE: 5
MAX 90 OR ABOVE: 0 0.10 INCH OR MORE: 3
MIN 32 OR BELOW: 23 0.50 INCH OR MORE: 1
MIN 0 OR BELOW: 0 1.00 INCH OR MORE: 1
[HDD (BASE 65) ]
TOTAL THIS MO. 856 CLEAR (SCALE 0-3) 13
DPTR FM NORMAL -179 PTCLDY (SCALE 4-7) 9
TOTAL FM JUL 1 2040 CLOUDY (SCALE 8-10) 8
DPTR FM NORMAL -59
[CDD (BASE 65) ]
TOTAL THIS MO. 0
DPTR FM NORMAL 0 [PRESSURE DATA]
TOTAL FM JAN 1 304 HIGHEST SLP M ON M
DPTR FM NORMAL 44 LOWEST SLP M ON M
[REMARKS]
#FINAL-11-20#