000
CXUS55 KBOU 011000
CF6AKO
PRELIMINARY LOCAL CLIMATOLOGICAL DATA (WS FORM: F-6)
STATION: AKRON CO
MONTH: JANUARY
YEAR: 2022
LATITUDE: 40 10 N
LONGITUDE: 103 13 W
TEMPERATURE IN F: :PCPN: SNOW: WIND :SUNSHINE: SKY :PK WND
================================================================================
1 2 3 4 5 6A 6B 7 8 9 10 11 12 13 14 15 16 17 18
12Z AVG MX 2MIN
DY MAX MIN AVG DEP HDD CDD WTR SNW DPTH SPD SPD DIR MIN PSBL S-S WX SPD DR
================================================================================
1 5 -5 0 -28 65 0 0.01 M M 10.3 17 250 M M 6 18 23 270
2 35 -5 15 -13 50 0 0.00 M M 11.3 17 250 M M 0 22 250
3 49 19 34 5 31 0 0.00 M M 9.2 18 220 M M 0 24 240
4 49 15 32 3 33 0 T M M 19.6 48 300 M M 1 65 310
5 32 -3 15 -14 50 0 0.02 M M 13.3 33 90 M M 9 1 43 90
6 10 -3 4 -25 61 0 T M M 7.0 18 250 M M 6 26 250
7 40 7 24 -5 41 0 0.00 M M 8.5 21 150 M M 0 31 160
8 45 19 32 3 33 0 T M M 11.3 22 360 M M 2 34 10
9 35 14 25 -4 40 0 0.00 M M 10.8 25 220 M M 1 34 210
10 51 21 36 7 29 0 0.00 M M 11.4 23 230 M M 0 33 230
11 50 26 38 9 27 0 0.00 M M 12.0 23 10 M M 0 31 360
12 49 23 36 7 29 0 0.00 M M 10.4 20 260 M M 0 27 230
13 59 26 43 14 22 0 0.00 M M 8.0 23 300 M M 0 34 290
14 51 20 36 7 29 0 T M M 24.0 43 340 M M 6 56 350
15 39 9 24 -5 41 0 0.00 M M 9.2 17 340 M M 1 22 330
16 49 21 35 6 30 0 0.00 M M 11.7 29 350 M M 0 37 350
17 57 27 42 13 23 0 0.00 M M 10.3 18 240 M M 0 24 230
18 51 28 40 11 25 0 0.00 M M 11.2 21 80 M M 0 27 80
19 28 9 19 -10 46 0 T M M 8.6 16 50 M M 10 18 22 40
20 34 9 22 -7 43 0 0.00 M M 7.3 13 250 M M 5 17 240
21 42 11 27 -2 38 0 T M M 10.7 23 350 M M 6 18 31 360
22 47 18 33 4 32 0 0.00 M M 12.3 28 230 M M 0 36 230
23 53 23 38 9 27 0 0.00 M M 11.5 18 280 M M 0 25 270
24 47 20 34 5 31 0 T M M 10.8 22 350 M M 3 29 330
25 31 10 21 -8 44 0 0.23 M M 8.1 23 10 M M 8 1 28 10
26 26 12 19 -10 46 0 0.00 M M 12.2 18 280 M M 0 25 220
27 32 12 22 -7 43 0 0.02 M M 10.8 24 340 M M 5 1 30 340
28 37 8 23 -6 42 0 0.00 M M 13.8 18 220 M M 0 25 270
29 45 20 33 4 32 0 0.00 M M 9.9 16 260 M M 0 21 260
30 47 18 33 4 32 0 0.00 M M 9.0 15 270 M M 0 18 240
31 49 19 34 5 31 0 0.00 M M 13.4 31 350 M M 0 42 360
================================================================================
SM 1274 448 1146 0 0.28 M 347.9 M 69
================================================================================
AV 41.1 14.5 11.2 FASTST M M 2 MAX(MPH)
MISC ----> 48 300 65 310
================================================================================
NOTES:
# LAST OF SEVERAL OCCURRENCES
COLUMN 17 PEAK WIND IN M.P.H.
PRELIMINARY LOCAL CLIMATOLOGICAL DATA (WS FORM: F-6) , PAGE 2
STATION: AKRON CO
MONTH: JANUARY
YEAR: 2022
LATITUDE: 40 10 N
LONGITUDE: 103 13 W
[TEMPERATURE DATA] [PRECIPITATION DATA] SYMBOLS USED IN COLUMN 16
AVERAGE MONTHLY: 27.8 TOTAL FOR MONTH: 0.28 1 = FOG OR MIST
DPTR FM NORMAL: -1.3 DPTR FM NORMAL: 0.11 2 = FOG REDUCING VISIBILITY
HIGHEST: 59 ON 13 GRTST 24HR 0.25 ON 25-25 TO 1/4 MILE OR LESS
LOWEST: -5 ON 1, 2 3 = THUNDER
SNOW, ICE PELLETS, HAIL 4 = ICE PELLETS
TOTAL MONTH: M 5 = HAIL
GRTST 24HR M ON M 6 = FREEZING RAIN OR DRIZZLE
GRTST DEPTH: M ON M 7 = DUSTSTORM OR SANDSTORM:
VSBY 1/2 MILE OR LESS
8 = SMOKE OR HAZE
[NO. OF DAYS WITH] [WEATHER - DAYS WITH] 9 = BLOWING SNOW
X = TORNADO
MAX 32 OR BELOW: 7 0.01 INCH OR MORE: 4
MAX 90 OR ABOVE: 0 0.10 INCH OR MORE: 1
MIN 32 OR BELOW: 31 0.50 INCH OR MORE: 0
MIN 0 OR BELOW: 4 1.00 INCH OR MORE: 0
[HDD (BASE 65) ]
TOTAL THIS MO. 1146 CLEAR (SCALE 0-3) 22
DPTR FM NORMAL 35 PTCLDY (SCALE 4-7) 6
TOTAL FM JUL 1 3003 CLOUDY (SCALE 8-10) 3
DPTR FM NORMAL -622
[CDD (BASE 65) ]
TOTAL THIS MO. 0
DPTR FM NORMAL 0 [PRESSURE DATA]
TOTAL FM JAN 1 0 HIGHEST SLP 30.69 ON 9
DPTR FM NORMAL 0 LOWEST SLP 29.57 ON 7
[REMARKS]
#FINAL-01-22#