000
CXUS55 KALY 021703
CF6ALB
PRELIMINARY LOCAL CLIMATOLOGICAL DATA (WS FORM: F-6)
STATION: ALBANY NY
MONTH: OCTOBER
YEAR: 2020
LATITUDE: 42 45 N
LONGITUDE: 73 48 W
TEMPERATURE IN F: :PCPN: SNOW: WIND :SUNSHINE: SKY :PK WND
================================================================================
1 2 3 4 5 6A 6B 7 8 9 10 11 12 13 14 15 16 17 18
12Z AVG MX 2MIN
DY MAX MIN AVG DEP HDD CDD WTR SNW DPTH SPD SPD DIR MIN PSBL S-S WX SPD DR
================================================================================
1 68 48 58 3 7 0 0.00 0.0 0 6.0 17 280 M M 5 22 270
2 60 43 52 -3 13 0 0.09 0.0 0 2.7 10 300 M M 7 1 12 300
3 58 37 48 -7 17 0 0.01 0.0 0 4.3 18 270 M M 5 1 22 280
4 58 33 46 -8 19 0 0.00 0.0 0 1.2 8 120 M M 6 12 10 120
5 64 39 52 -2 13 0 0.00 0.0 0 1.0 8 300 M M 7 12 10 310
6 65 41 53 0 12 0 0.00 0.0 0 7.5 21 160 M M 6 12 26 150
7 64 48 56 3 9 0 0.15 0.0 0 13.1 67 280 M M 7 13 67 270
8 56 38 47 -5 18 0 0.00 0.0 0 11.7 22 310 M M 2 31 300
9 60 38 49 -3 16 0 0.00 0.0 0 2.2 10 190 M M 4 10 190
10 76 50 63 11 2 0 0.09 0.0 0 13.1 20 200 M M 4 29 180
11 63 39 51 0 14 0 0.00 0.0 0 8.6 20 350 M M 6 24 20
12 54 38 46 -5 19 0 0.00 0.0 0 4.6 15 140 M M 9 21 150
13 52 44 48 -3 17 0 0.62 0.0 0 4.7 12 270 M M 10 1 15 280
14 66 37 52 2 13 0 0.00 0.0 0 4.5 20 300 M M 3 1 28 270
15 71 42 57 7 8 0 0.00 0.0 0 11.3 26 170 M M 6 42 150
16 56 43 50 0 15 0 0.37 0.0 0 4.9 12 300 M M 10 1 16 270
17 56 35 46 -3 19 0 0.00 0.0 0 7.2 18 260 M M 4 24 280
18 58 30 44 -5 21 0 0.00 0.0 0 5.9 21 160 M M 6 1 28 150
19 58 44 51 3 14 0 0.06 0.0 0 6.8 18 160 M M 9 1 25 160
20 64 47 56 8 9 0 0.07 0.0 0 8.9 20 160 M M 10 1 30 170
21 70 46 58 10 7 0 T 0.0 0 9.1 24 170 M M 8 1 32 160
22 68 48 58 10 7 0 0.00 0.0 0 1.3 8 320 M M 6 11 320
23 72 53 63 16 2 0 0.00 0.0 0 10.7 24 170 M M 5 1 31 180
24 60 40 50 3 15 0 T 0.0 0 13.3 25 260 M M 8 35 260
25 46 32 39 -7 26 0 0.00 0.0 0 6.5 14 350 M M 5 19 30
26 49 35 42 -4 23 0 0.29 0.0 0 6.1 15 160 M M 10 1 20 160
27 48 38 43 -3 22 0 0.05 0.0 0 4.9 10 300 M M 9 1 14 280
28 48 36 42 -4 23 0 0.09 0.0 0 2.1 8 170 M M 10 12 10 150
29 44 37 41 -4 24 0 1.03 0.0 0 5.2 17 360 M M 10 12 24 340
30 37 25 31 -14 34 0 0.21 1.2 1 7.7 18 360 M M 8 1 26 360
31 40 19 30 -15 35 0 0.00 0.0 0 2.7 10 160 M M 2 1 15 160
================================================================================
SM 1809 1223 493 0 3.13 1.2 199.8 M 207
================================================================================
AV 58.4 39.5 6.4 FASTST M M 7 MAX(MPH)
MISC ----> 67 280 67 270
================================================================================
NOTES:
# LAST OF SEVERAL OCCURRENCES
COLUMN 17 PEAK WIND IN M.P.H.
PRELIMINARY LOCAL CLIMATOLOGICAL DATA (WS FORM: F-6) , PAGE 2
STATION: ALBANY NY
MONTH: OCTOBER
YEAR: 2020
LATITUDE: 42 45 N
LONGITUDE: 73 48 W
[TEMPERATURE DATA] [PRECIPITATION DATA] SYMBOLS USED IN COLUMN 16
AVERAGE MONTHLY: 48.9 TOTAL FOR MONTH: 3.13 1 = FOG OR MIST
DPTR FM NORMAL: -0.8 DPTR FM NORMAL: -0.55 2 = FOG REDUCING VISIBILITY
HIGHEST: 76 ON 10 GRTST 24HR 1.24 ON 29-30 TO 1/4 MILE OR LESS
LOWEST: 19 ON 31 3 = THUNDER
SNOW, ICE PELLETS, HAIL 4 = ICE PELLETS
TOTAL MONTH: 1.2 INCHES 5 = HAIL
GRTST 24HR 1.2 ON 30-30 6 = FREEZING RAIN OR DRIZZLE
GRTST DEPTH: 1 ON 30 7 = DUSTSTORM OR SANDSTORM:
VSBY 1/2 MILE OR LESS
8 = SMOKE OR HAZE
[NO. OF DAYS WITH] [WEATHER - DAYS WITH] 9 = BLOWING SNOW
X = TORNADO
MAX 32 OR BELOW: 0 0.01 INCH OR MORE: 13
MAX 90 OR ABOVE: 0 0.10 INCH OR MORE: 6
MIN 32 OR BELOW: 4 0.50 INCH OR MORE: 2
MIN 0 OR BELOW: 0 1.00 INCH OR MORE: 1
[HDD (BASE 65) ]
TOTAL THIS MO. 493 CLEAR (SCALE 0-3) 3
DPTR FM NORMAL 15 PTCLDY (SCALE 4-7) 19
TOTAL FM JUL 1 694 CLOUDY (SCALE 8-10) 9
DPTR FM NORMAL 48
[CDD (BASE 65) ]
TOTAL THIS MO. 0
DPTR FM NORMAL -4 [PRESSURE DATA]
TOTAL FM JAN 1 815 HIGHEST SLP 30.57 ON 31
DPTR FM NORMAL 217 LOWEST SLP 29.49 ON 7
[REMARKS]
#FINAL-10-20#