000
CXUS55 KALY 010710
CF6ALB
PRELIMINARY LOCAL CLIMATOLOGICAL DATA (WS FORM: F-6)
STATION: ALBANY NY
MONTH: AUGUST
YEAR: 2020
LATITUDE: 42 45 N
LONGITUDE: 73 48 W
TEMPERATURE IN F: :PCPN: SNOW: WIND :SUNSHINE: SKY :PK WND
================================================================================
1 2 3 4 5 6A 6B 7 8 9 10 11 12 13 14 15 16 17 18
12Z AVG MX 2MIN
DY MAX MIN AVG DEP HDD CDD WTR SNW DPTH SPD SPD DIR MIN PSBL S-S WX SPD DR
================================================================================
1 85 63 74 2 0 9 0.00 0.0 0 2.4 9 350 M M 5 13 340
2 84 71 78 6 0 13 0.01 0.0 0 11.2 21 160 M M 8 1 29 120
3 82 66 74 2 0 9 0.00 0.0 0 7.6 21 270 M M 6 26 260
4 72 63 68 -4 0 3 3.92 0.0 0 8.6 30 280 M M 9 12 39 280
5 79 58 69 -3 0 4 0.00 0.0 0 7.2 17 270 M M 4 1 24 280
6 76 55 66 -6 0 1 0.00 0.0 0 2.8 12 320 M M 5 16 340
7 73 58 66 -5 0 1 0.07 0.0 0 2.7 8 320 M M 9 1 12 90
8 83 64 74 3 0 9 0.23 0.0 0 2.5 8 170 M M 5 13 10 160
9 85 64 75 4 0 10 0.00 0.0 0 4.4 12 240 M M 5 14 240
10 87 64 76 5 0 11 0.31 0.0 0 4.8 23 220 M M 6 3 31 220
11 87 66 77 6 0 12 0.01 0.0 0 8.5 24 280 M M 7 3 30 280
12 83 62 73 2 0 8 0.00 0.0 0 3.9 14 280 M M 7 1 19 290
13 84 60 72 1 0 7 0.00 0.0 0 1.9 7 350 M M 5 9 10
14 83 61 72 1 0 7 0.00 0.0 0 6.2 16 10 M M 6 22 10
15 82 60 71 0 0 6 T 0.0 0 5.5 13 30 M M 6 17 120
16 75 57 66 -4 0 1 0.00 0.0 0 3.3 12 100 M M 7 18 130
17 78 54 66 -4 0 1 T 0.0 0 4.2 10 160 M M 6 1 14 140
18 77 55 66 -4 0 1 0.01 0.0 0 6.7 20 290 M M 5 1 24 300
19 75 52 64 -6 1 0 0.00 0.0 0 5.2 16 280 M M 5 23 290
20 76 48 62 -8 3 0 0.00 0.0 0 2.9 14 260 M M 3 17 260
21 84 55 70 0 0 5 0.00 0.0 0 5.8 13 240 M M 3 16 240
22 84 61 73 3 0 8 0.00 0.0 0 4.7 16 270 M M 4 21 270
23 85 59 72 3 0 7 0.04 0.0 0 3.9 21 230 M M 5 123 27 220
24 87 60 74 5 0 9 0.05 0.0 0 3.4 12 220 M M 5 13 20 210
25 80 60 70 1 0 5 T 0.0 0 8.7 22 280 M M 5 3 30 300
26 69 52 61 -8 4 0 0.00 0.0 0 11.0 23 270 M M 4 31 280
27 63 54 59 -9 6 0 0.40 0.0 0 3.4 13 160 M M 10 13 18 140
28 74 55 65 -3 0 0 0.00 0.0 0 5.6 21 270 M M 7 12 28 270
29 78 59 69 1 0 4 1.02 0.0 0 8.8 33 280 M M 8 13 44 290
30 70 50 60 -8 5 0 0.00 0.0 0 8.0 20 280 M M 5 25 290
31 72 46 59 -9 6 0 0.00 0.0 0 3.9 12 160 M M 5 1 14 150
================================================================================
SM 2452 1812 25 151 6.07 0.0 169.7 M 180
================================================================================
AV 79.1 58.5 5.5 FASTST M M 6 MAX(MPH)
MISC ----> 33 280 44 290
================================================================================
NOTES:
# LAST OF SEVERAL OCCURRENCES
COLUMN 17 PEAK WIND IN M.P.H.
PRELIMINARY LOCAL CLIMATOLOGICAL DATA (WS FORM: F-6) , PAGE 2
STATION: ALBANY NY
MONTH: AUGUST
YEAR: 2020
LATITUDE: 42 45 N
LONGITUDE: 73 48 W
[TEMPERATURE DATA] [PRECIPITATION DATA] SYMBOLS USED IN COLUMN 16
AVERAGE MONTHLY: 68.8 TOTAL FOR MONTH: 6.07 1 = FOG OR MIST
DPTR FM NORMAL: -1.3 DPTR FM NORMAL: 2.61 2 = FOG REDUCING VISIBILITY
HIGHEST: 87 ON 24,11 GRTST 24HR 3.92 ON 4- 4 TO 1/4 MILE OR LESS
LOWEST: 46 ON 31 3 = THUNDER
SNOW, ICE PELLETS, HAIL 4 = ICE PELLETS
TOTAL MONTH: 0.0 INCH 5 = HAIL
GRTST 24HR 0.0 6 = FREEZING RAIN OR DRIZZLE
GRTST DEPTH: 0 7 = DUSTSTORM OR SANDSTORM:
VSBY 1/2 MILE OR LESS
8 = SMOKE OR HAZE
[NO. OF DAYS WITH] [WEATHER - DAYS WITH] 9 = BLOWING SNOW
X = TORNADO
MAX 32 OR BELOW: 0 0.01 INCH OR MORE: 11
MAX 90 OR ABOVE: 0 0.10 INCH OR MORE: 5
MIN 32 OR BELOW: 0 0.50 INCH OR MORE: 2
MIN 0 OR BELOW: 0 1.00 INCH OR MORE: 2
[HDD (BASE 65) ]
TOTAL THIS MO. 25 CLEAR (SCALE 0-3) 1
DPTR FM NORMAL 7 PTCLDY (SCALE 4-7) 26
TOTAL FM JUL 1 25 CLOUDY (SCALE 8-10) 4
DPTR FM NORMAL 6
[CDD (BASE 65) ]
TOTAL THIS MO. 151
DPTR FM NORMAL -26 [PRESSURE DATA]
TOTAL FM JAN 1 790 HIGHEST SLP M ON M
DPTR FM NORMAL 247 LOWEST SLP 29.36 ON 29
[REMARKS]
#FINAL-08-20#