034
CXUS55 KALY 010810
CF6ALB
PRELIMINARY LOCAL CLIMATOLOGICAL DATA (WS FORM: F-6)
STATION: ALBANY NY
MONTH: JANUARY
YEAR: 2021
LATITUDE: 42 45 N
LONGITUDE: 73 48 W
TEMPERATURE IN F: :PCPN: SNOW: WIND :SUNSHINE: SKY :PK WND
================================================================================
1 2 3 4 5 6A 6B 7 8 9 10 11 12 13 14 15 16 17 18
12Z AVG MX 2MIN
DY MAX MIN AVG DEP HDD CDD WTR SNW DPTH SPD SPD DIR MIN PSBL S-S WX SPD DR
================================================================================
1 32 16 24 0 41 0 0.26 1.5 0 2.2 9 280 M M 6 146 12 280
2 40 29 35 12 30 0 0.45 T 1 8.1 26 270 M M 8 146 36 290
3 33 28 31 8 34 0 0.19 2.7 T 3.4 10 130 M M 10 1 14 130
4 34 28 31 8 34 0 0.04 0.4 3 2.9 8 330 M M 10 16 10 330
5 33 28 31 8 34 0 T T 1 5.8 13 360 M M 10 1 18 360
6 31 25 28 5 37 0 T T 1 9.0 15 300 M M 10 19 300
7 30 21 26 3 39 0 0.00 0.0 1 11.5 18 280 M M 7 23 310
8 24 15 20 -2 45 0 0.00 0.0 T 9.2 15 310 M M 6 19 300
9 28 13 21 -1 44 0 0.00 0.0 T 7.2 13 310 M M 5 16 320
10 25 13 19 -3 46 0 0.00 0.0 T 5.1 13 320 M M 4 15 330
11 28 16 22 0 43 0 T T T 1.9 7 160 M M 10 1 9 150
12 31 23 27 5 38 0 T T T 3.4 8 140 M M 10 1 11 150
13 32 23 28 6 37 0 T T T 5.2 12 170 M M 9 1 15 170
14 34 28 31 9 34 0 0.00 0.0 T 2.4 10 160 M M 10 18 16 150
15 38 19 29 7 36 0 T 0.0 T 3.8 15 140 M M 8 1 20 130
16 37 30 34 12 31 0 0.44 0.4 T 8.1 20 270 M M 10 146 26 260
17 36 28 32 10 33 0 0.01 T T 8.1 23 260 M M 10 31 270
18 34 22 28 6 37 0 T T T 9.2 25 280 M M 9 46 35 280
19 35 20 28 6 37 0 T 0.1 T 4.0 17 240 M M 9 1 19 250
20 30 14 22 0 43 0 0.02 0.3 T 9.2 28 270 M M 7 14 37 280
21 31 14 23 1 42 0 0.02 1.3 T 7.3 17 160 M M 9 1 25 160
22 36 23 30 8 35 0 T T 1 9.2 23 270 M M 8 1 30 260
23 24 11 18 -4 47 0 T 0.1 T 17.2 30 270 M M 5 1 39 300
24 20 6 13 -9 52 0 0.00 0.0 T 14.9 26 270 M M 2 34 260
25 29 5 17 -5 48 0 0.00 0.0 T 1.4 8 340 M M 4 10 310
26 24 15 20 -2 45 0 0.32 4.0 T 3.4 8 320 M M 10 12 10 310
27 28 23 26 3 39 0 0.10 1.3 5 7.6 17 280 M M 10 1 22 270
28 24 9 17 -6 48 0 T T 4 14.0 29 300 M M 6 36 280
29 14 0 7 -16 58 0 T T 3 12.3 23 290 M M 5 31 290
30 17 -2 8 -15 57 0 0.00 0.0 2 10.2 22 270 M M 2 29 300
31 17 -7 5 -18 60 0 0.00 0.0 2 2.8 10 350 M M 6 12 340
================================================================================
SM 909 536 1284 0 1.85 12.1 220.0 M 235
================================================================================
AV 29.3 17.3 7.1 FASTST M M 8 MAX(MPH)
MISC ----> 30 270 39 300
================================================================================
NOTES:
# LAST OF SEVERAL OCCURRENCES
COLUMN 17 PEAK WIND IN M.P.H.
PRELIMINARY LOCAL CLIMATOLOGICAL DATA (WS FORM: F-6) , PAGE 2
STATION: ALBANY NY
MONTH: JANUARY
YEAR: 2021
LATITUDE: 42 45 N
LONGITUDE: 73 48 W
[TEMPERATURE DATA] [PRECIPITATION DATA] SYMBOLS USED IN COLUMN 16
AVERAGE MONTHLY: 23.3 TOTAL FOR MONTH: 1.85 1 = FOG OR MIST
DPTR FM NORMAL: 0.7 DPTR FM NORMAL: -0.74 2 = FOG REDUCING VISIBILITY
HIGHEST: 40 ON 2 GRTST 24HR 0.66 ON 16-16 TO 1/4 MILE OR LESS
LOWEST: -7 ON 31 3 = THUNDER
SNOW, ICE PELLETS, HAIL 4 = ICE PELLETS
TOTAL MONTH: 12.1 INCHES 5 = HAIL
GRTST 24HR 4.0 ON 26-26 6 = FREEZING RAIN OR DRIZZLE
GRTST DEPTH: 5 ON 27 7 = DUSTSTORM OR SANDSTORM:
VSBY 1/2 MILE OR LESS
8 = SMOKE OR HAZE
[NO. OF DAYS WITH] [WEATHER - DAYS WITH] 9 = BLOWING SNOW
X = TORNADO
MAX 32 OR BELOW: 20 0.01 INCH OR MORE: 10
MAX 90 OR ABOVE: 0 0.10 INCH OR MORE: 6
MIN 32 OR BELOW: 31 0.50 INCH OR MORE: 0
MIN 0 OR BELOW: 3 1.00 INCH OR MORE: 0
[HDD (BASE 65) ]
TOTAL THIS MO. 1284 CLEAR (SCALE 0-3) 2
DPTR FM NORMAL -32 PTCLDY (SCALE 4-7) 12
TOTAL FM JUL 1 3769 CLOUDY (SCALE 8-10) 17
DPTR FM NORMAL -84
[CDD (BASE 65) ]
TOTAL THIS MO. 0
DPTR FM NORMAL 0 [PRESSURE DATA]
TOTAL FM JAN 1 0 HIGHEST SLP 30.56 ON 1
DPTR FM NORMAL 0 LOWEST SLP 29.31 ON 16
[REMARKS]
#FINAL-01-21#