000
CXUS54 KEPZ 011030
CF6ALM
PRELIMINARY LOCAL CLIMATOLOGICAL DATA (WS FORM: F-6)
STATION: ALAMOGORDO
MONTH: SEPTEMBER
YEAR: 2021
LATITUDE: 32 49 N
LONGITUDE: 106 0 W
TEMPERATURE IN F: :PCPN: SNOW: WIND :SUNSHINE: SKY :PK WND
================================================================================
1 2 3 4 5 6A 6B 7 8 9 10 11 12 13 14 15 16 17 18
12Z AVG MX 2MIN
DY MAX MIN AVG DEP HDD CDD WTR SNW DPTH SPD SPD DIR MIN PSBL S-S WX SPD DR
================================================================================
1 88 68 78 M 0 13 0.00 M M 8.0 21 270 M M 5 27 270
2 90 66 78 M 0 13 0.00 M M 4.6 10 300 M M 5 16 300
3 93 64 79 M 0 14 0.00 M M 5.1 24 180 M M 1 27 180
4 86 72 79 M 0 14 0.00 M M 7.4 22 340 M M 2 31 340
5 84 68 76 M 0 11 0.00 M M 6.2 18 160 M M 3 23 160
6 90 57 74 M 0 9 0.00 M M 4.1 9 290 M M 0 18 40
7 93 64 79 M 0 14 0.00 M M 4.4 12 170 M M 0 16 220
8 95 68 82 M 0 17 0.00 M M 6.9 17 190 M M 0 23 200
9 93 64 79 M 0 14 0.00 M M 5.6 12 170 M M 0 15 190
10 95 63 79 M 0 14 0.00 M M 5.0 12 160 M M 0 17 99
11 95 59 77 M 0 12 0.00 M M 6.5 14 170 M M 0 16 220
12 91 57 74 M 0 9 0.00 M M 5.5 13 170 M M 1 20 170
13 91 54 73 M 0 8 0.00 M M 5.1 10 320 M M 0 14 200
14 97 61 79 M 0 14 0.00 M M 3.6 9 150 M M 1 15 0
15 93 61 77 M 0 12 0.00 M M 11.3 28 150 M M 1 3 37 240
16 93 61 77 M 0 12 0.00 M M 4.3 9 190 M M 0 33 210
17 95 63 79 M 0 14 0.00 M M 5.0 10 80 M M 0 16 300
18 95 57 76 M 0 11 0.00 M M 6.6 12 220 M M 0 16 180
19 95 59 77 M 0 12 0.00 M M 8.9 17 190 M M 1 24 190
20 90 64 77 M 0 12 0.00 M M 4.9 13 270 M M 0 28 330
21 M 55 M M M M 0.00 M M 7.5 12 140 M M 0 18 30
22 M M M M M M 0.00 M M M M M M M M M M
23 M M M M M M M M M M M M M M M M M
24 M M M M M M 0.00 M M 2.3 7 120 M M 0 M M
25 73 55 64 M 1 0 0.00 M M 6.5 15 340 M M 2 23 350
26 82 52 67 M 0 2 0.24 M M 4.5 14 10 M M 2 8 32 0
27 77 55 66 M 0 1 0.00 M M 6.1 12 280 M M 2 15 270
28 75 55 65 M 0 0 0.04 M M 8.0 17 20 M M 7 28 20
29 79 52 66 M 0 1 0.00 M M 3.9 9 320 M M 1 15 320
30 70 52 61 M 4 0 0.26 M M 6.5 22 250 M M 5 1 30 120
================================================================================
SM 2298 1626 5 253 0.54 M 164.2 M 39
================================================================================
AV 88.4 60.2 5.9 FASTST M M 1 MAX(MPH)
MISC ----> 28 150 37 240
================================================================================
NOTES:
# LAST OF SEVERAL OCCURRENCES
COLUMN 17 PEAK WIND IN M.P.H.
PRELIMINARY LOCAL CLIMATOLOGICAL DATA (WS FORM: F-6) , PAGE 2
STATION: ALAMOGORDO
MONTH: SEPTEMBER
YEAR: 2021
LATITUDE: 32 49 N
LONGITUDE: 106 0 W
[TEMPERATURE DATA] [PRECIPITATION DATA] SYMBOLS USED IN COLUMN 16
AVERAGE MONTHLY: 74.3 TOTAL FOR MONTH: 0.54 1 = FOG OR MIST
DPTR FM NORMAL: 0.0 DPTR FM NORMAL: M 2 = FOG REDUCING VISIBILITY
HIGHEST: 97 ON 14 GRTST 24HR 0.26 ON 30-30 TO 1/4 MILE OR LESS
LOWEST: 52 ON 30,29 3 = THUNDER
SNOW, ICE PELLETS, HAIL 4 = ICE PELLETS
TOTAL MONTH: M 5 = HAIL
GRTST 24HR M ON M 6 = FREEZING RAIN OR DRIZZLE
GRTST DEPTH: M ON M 7 = DUSTSTORM OR SANDSTORM:
VSBY 1/2 MILE OR LESS
8 = SMOKE OR HAZE
[NO. OF DAYS WITH] [WEATHER - DAYS WITH] 9 = BLOWING SNOW
X = TORNADO
MAX 32 OR BELOW: 0 0.01 INCH OR MORE: 3
MAX 90 OR ABOVE: 17 0.10 INCH OR MORE: 2
MIN 32 OR BELOW: 0 0.50 INCH OR MORE: 0
MIN 0 OR BELOW: 0 1.00 INCH OR MORE: 0
[HDD (BASE 65) ]
TOTAL THIS MO. 5 CLEAR (SCALE 0-3) 24
DPTR FM NORMAL M PTCLDY (SCALE 4-7) 4
TOTAL FM JUL 1 5 CLOUDY (SCALE 8-10) 2
DPTR FM NORMAL M
[CDD (BASE 65) ]
TOTAL THIS MO. 253
DPTR FM NORMAL M [PRESSURE DATA]
TOTAL FM JAN 1 1754 HIGHEST SLP M ON M
DPTR FM NORMAL M LOWEST SLP M ON M
[REMARKS]
#FINAL-09-21#