000
CXUS54 KEPZ 011200
CF6ALM
PRELIMINARY LOCAL CLIMATOLOGICAL DATA (WS FORM: F-6)
STATION: ALAMOGORDO
MONTH: APRIL
YEAR: 2020
LATITUDE: 32 49 N
LONGITUDE: 106 0 W
TEMPERATURE IN F: :PCPN: SNOW: WIND :SUNSHINE: SKY :PK WND
================================================================================
1 2 3 4 5 6A 6B 7 8 9 10 11 12 13 14 15 16 17 18
12Z AVG MX 2MIN
DY MAX MIN AVG DEP HDD CDD WTR SNW DPTH SPD SPD DIR MIN PSBL S-S WX SPD DR
================================================================================
1 81 50 66 M 0 1 0.00 0.0 0 11.8 25 240 M M 1 33 240
2 77 54 66 M 0 1 0.00 0.0 0 10.4 17 230 M M 0 25 220
3 75 46 61 M 4 0 0.00 M 0 9.7 24 190 M M 0 32 160
4 75 41 58 M 7 0 0.00 M 0 9.4 18 230 M M 0 24 160
5 75 46 61 M 4 0 0.00 M 0 10.7 16 230 M M 0 24 230
6 75 48 62 M 3 0 0.00 0.0 0 8.3 15 240 M M 2 22 200
7 77 46 62 M 3 0 0.00 0.0 0 6.2 12 290 M M 0 M M
8 77 48 63 M 2 0 0.00 0.0 0 6.0 14 200 M M 0 23 190
9 77 54 66 M 0 1 0.00 0.0 0 7.0 17 250 M M 2 25 250
10 75 45 60 M 5 0 0.00 0.0 0 5.7 17 250 M M 1 23 250
11 72 46 59 M 6 0 0.00 0.0 0 10.0 22 240 M M 1 31 240
12 72 41 57 M 8 0 0.00 0.0 0 8.9 23 240 M M 3 32 240
13 72 50 61 M 4 0 0.00 0.0 0 15.4 28 240 M M 3 35 230
14 64 41 53 M 12 0 0.00 0.0 0 7.4 16 20 M M 2 23 20
15 68 36 52 M 13 0 0.00 0.0 0 4.9 10 150 M M 0 17 300
16 77 43 60 M 5 0 0.00 0.0 0 9.2 15 230 M M 0 23 200
17 79 50 65 M 0 0 0.00 0.0 0 8.6 18 220 M M 0 27 230
18 79 46 63 M 2 0 0.00 0.0 0 10.9 23 250 M M 0 32 250
19 75 48 62 M 3 0 0.00 0.0 0 8.0 14 270 M M 0 21 270
20 77 50 64 M 1 0 0.00 0.0 0 5.6 13 240 M M 0 17 290
21 81 50 66 M 0 1 0.00 0.0 0 9.0 17 200 M M 0 27 200
22 77 48 63 M 2 0 0.00 0.0 0 10.8 21 350 M M 1 39 320
23 81 45 63 M 2 0 0.00 0.0 0 5.7 13 260 M M 0 24 290
24 82 57 70 M 0 5 0.00 0.0 0 9.4 20 360 M M 0 28 350
25 81 50 66 M 0 1 0.00 0.0 0 5.7 14 60 M M 0 M M
26 88 46 67 M 0 2 0.00 0.0 0 8.5 13 180 M M 0 25 240
27 90 54 72 M 0 7 0.00 0.0 0 5.8 14 260 M M 0 17 210
28 90 57 74 M 0 9 0.00 0.0 0 5.8 14 320 M M 0 24 320
29 82 54 68 M 0 3 0.03 0.0 0 9.1 15 160 M M 0 24 190
30 88 50 69 M 0 4 0.00 0.0 0 5.9 12 180 M M 0 M M
================================================================================
SM 2339 1440 86 35 0.03 0.0 249.8 M 16
================================================================================
AV 78.0 48.0 8.3 FASTST M M 1 MAX(MPH)
MISC ----> # 28 240 # 39 320
================================================================================
NOTES:
# LAST OF SEVERAL OCCURRENCES
COLUMN 17 PEAK WIND IN M.P.H.
PRELIMINARY LOCAL CLIMATOLOGICAL DATA (WS FORM: F-6) , PAGE 2
STATION: ALAMOGORDO
MONTH: APRIL
YEAR: 2020
LATITUDE: 32 49 N
LONGITUDE: 106 0 W
[TEMPERATURE DATA] [PRECIPITATION DATA] SYMBOLS USED IN COLUMN 16
AVERAGE MONTHLY: 63.0 TOTAL FOR MONTH: 0.03 1 = FOG OR MIST
DPTR FM NORMAL: M DPTR FM NORMAL: M 2 = FOG REDUCING VISIBILITY
HIGHEST: 90 ON 28,27 GRTST 24HR 0.03 ON 29-29 TO 1/4 MILE OR LESS
LOWEST: 36 ON 15 3 = THUNDER
SNOW, ICE PELLETS, HAIL 4 = ICE PELLETS
TOTAL MONTH: 0.0 INCH 5 = HAIL
GRTST 24HR 0.0 6 = FREEZING RAIN OR DRIZZLE
GRTST DEPTH: 0 7 = DUSTSTORM OR SANDSTORM:
VSBY 1/2 MILE OR LESS
8 = SMOKE OR HAZE
[NO. OF DAYS WITH] [WEATHER - DAYS WITH] 9 = BLOWING SNOW
X = TORNADO
MAX 32 OR BELOW: 0 0.01 INCH OR MORE: 1
MAX 90 OR ABOVE: 2 0.10 INCH OR MORE: 0
MIN 32 OR BELOW: 0 0.50 INCH OR MORE: 0
MIN 0 OR BELOW: 0 1.00 INCH OR MORE: 0
[HDD (BASE 65) ]
TOTAL THIS MO. 86 CLEAR (SCALE 0-3) 29
DPTR FM NORMAL M PTCLDY (SCALE 4-7) 1
TOTAL FM JUL 1 2830 CLOUDY (SCALE 8-10) 0
DPTR FM NORMAL M
[CDD (BASE 65) ]
TOTAL THIS MO. 35
DPTR FM NORMAL M [PRESSURE DATA]
TOTAL FM JAN 1 35 HIGHEST SLP M ON M
DPTR FM NORMAL M LOWEST SLP M ON M
[REMARKS]
#FINAL-04-20#