000
CXUS56 KPDT 011810
CF6ALW
PRELIMINARY LOCAL CLIMATOLOGICAL DATA (WS FORM: F-6)
STATION: WALLA WALLA WA
MONTH: SEPTEMBER
YEAR: 2022
LATITUDE: 46 5 N
LONGITUDE: 118 17 W
TEMPERATURE IN F: :PCPN: SNOW: WIND :SUNSHINE: SKY :PK WND
================================================================================
1 2 3 4 5 6A 6B 7 8 9 10 11 12 13 14 15 16 17 18
12Z AVG MX 2MIN
DY MAX MIN AVG DEP HDD CDD WTR SNW DPTH SPD SPD DIR MIN PSBL S-S WX SPD DR
================================================================================
1 96 69 83 12 0 18 0.00 M M 8.1 17 210 M M 0 23 210
2 103 62 83 13 0 18 0.00 M M 6.6 20 50 M M 0 8 27 40
3 86 66 76 6 0 11 T M M 10.4 30 270 M M 0 8 42 280
4 88 57 73 3 0 8 0.00 M M 8.1 15 210 M M 0 22 210
5 84 59 72 2 0 7 0.00 M M 6.6 15 220 M M 0 19 220
6 86 56 71 2 0 6 0.00 M M 4.5 10 80 M M 0 12 270
7 89 62 76 7 0 11 0.00 M M 6.5 16 230 M M 0 8 20 240
8 77 55 66 -3 0 1 0.00 M M 6.9 12 220 M M 0 8 16 220
9 81 51 66 -2 0 1 0.00 M M 6.5 14 70 M M 0 8 18 10
10 87 50 69 1 0 4 0.00 M M 5.3 12 350 M M 0 8 15 350
11 82 56 69 1 0 4 0.00 M M 4.7 15 260 M M 0 8 19 250
12 79 58 69 1 0 4 0.00 M M 5.3 14 240 M M 0 8 18 250
13 74 54 64 -3 1 0 T M M 5.8 16 180 M M 1 38 23 210
14 76 56 66 -1 0 1 0.05 M M 6.1 17 200 M M 2 38 23 200
15 75 56 66 -1 0 1 0.00 M M 7.0 15 220 M M 0 8 20 230
16 73 55 64 -2 1 0 0.00 M M 11.5 24 220 M M 1 8 33 250
17 76 46 61 -5 4 0 T M M 7.1 21 70 M M 2 3 27 70
18 66 53 60 -6 5 0 0.01 M M 7.1 20 200 M M 2 24 190
19 78 49 64 -1 1 0 0.00 M M 4.9 12 80 M M 0 13 260
20 78 50 64 -1 1 0 0.00 M M 6.1 17 250 M M 0 22 280
21 67 52 60 -4 5 0 T M M 8.1 17 190 M M 3 23 190
22 75 60 68 4 0 3 T M M 18.3 28 230 M M 5 8 36 220
23 78 53 66 2 0 1 0.00 M M 9.2 17 240 M M 0 8 24 190
24 81 51 66 3 0 1 0.00 M M 5.1 9 240 M M 0 13 250
25 82 50 66 3 0 1 0.00 M M 4.4 10 270 M M 0 14 260
26 81 53 67 5 0 2 0.00 M M 4.7 9 90 M M 0 8 12 250
27 88 56 72 10 0 7 0.00 M M 4.4 12 90 M M 0 13 270
28 81 57 69 7 0 4 T M M 8.1 18 250 M M 1 22 250
29 73 57 65 4 0 0 0.11 M M 10.1 18 220 M M 9 3 23 250
30 72 53 63 2 2 0 0.01 M M 7.5 17 180 M M 5 23 180
================================================================================
SM 2412 1662 20 114 0.18 M 215.0 M 31
================================================================================
AV 80.4 55.4 7.2 FASTST M M 1 MAX(MPH)
MISC ----> 30 270 42 280
================================================================================
NOTES:
# LAST OF SEVERAL OCCURRENCES
COLUMN 17 PEAK WIND IN M.P.H.
PRELIMINARY LOCAL CLIMATOLOGICAL DATA (WS FORM: F-6) , PAGE 2
STATION: WALLA WALLA WA
MONTH: SEPTEMBER
YEAR: 2022
LATITUDE: 46 5 N
LONGITUDE: 118 17 W
[TEMPERATURE DATA] [PRECIPITATION DATA] SYMBOLS USED IN COLUMN 16
AVERAGE MONTHLY: 67.9 TOTAL FOR MONTH: 0.18 1 = FOG OR MIST
DPTR FM NORMAL: 1.7 DPTR FM NORMAL: -0.46 2 = FOG REDUCING VISIBILITY
HIGHEST: 103 ON 2 GRTST 24HR 0.11 ON 29-29 TO 1/4 MILE OR LESS
LOWEST: 46 ON 17 3 = THUNDER
SNOW, ICE PELLETS, HAIL 4 = ICE PELLETS
TOTAL MONTH: M 5 = HAIL
GRTST 24HR M ON M 6 = FREEZING RAIN OR DRIZZLE
GRTST DEPTH: M ON M 7 = DUSTSTORM OR SANDSTORM:
VSBY 1/2 MILE OR LESS
8 = SMOKE OR HAZE
[NO. OF DAYS WITH] [WEATHER - DAYS WITH] 9 = BLOWING SNOW
X = TORNADO
MAX 32 OR BELOW: 0 0.01 INCH OR MORE: 4
MAX 90 OR ABOVE: 2 0.10 INCH OR MORE: 1
MIN 32 OR BELOW: 0 0.50 INCH OR MORE: 0
MIN 0 OR BELOW: 0 1.00 INCH OR MORE: 0
[HDD (BASE 65) ]
TOTAL THIS MO. 20 CLEAR (SCALE 0-3) 27
DPTR FM NORMAL -48 PTCLDY (SCALE 4-7) 2
TOTAL FM JUL 1 20 CLOUDY (SCALE 8-10) 1
DPTR FM NORMAL -58
[CDD (BASE 65) ]
TOTAL THIS MO. 114
DPTR FM NORMAL 10 [PRESSURE DATA]
TOTAL FM JAN 1 1004 HIGHEST SLP 30.23 ON 25
DPTR FM NORMAL 73 LOWEST SLP 29.64 ON 17
[REMARKS]
#FINAL-09-22#