000
CXUS54 KBMX 011010
CF6ANB
PRELIMINARY LOCAL CLIMATOLOGICAL DATA (WS FORM: F-6)
STATION: ANNISTON
MONTH: AUGUST
YEAR: 2021
LATITUDE: 33 35 N
LONGITUDE: 85 51 W
TEMPERATURE IN F: :PCPN: SNOW: WIND :SUNSHINE: SKY :PK WND
================================================================================
1 2 3 4 5 6A 6B 7 8 9 10 11 12 13 14 15 16 17 18
12Z AVG MX 2MIN
DY MAX MIN AVG DEP HDD CDD WTR SNW DPTH SPD SPD DIR MIN PSBL S-S WX SPD DR
================================================================================
1 90 71 81 0 0 16 0.00 0.0 0 3.6 10 340 M M 2 15 340
2 86 72 79 -2 0 14 T 0.0 0 2.3 12 350 M M 2 18 15 360
3 88 71 80 -1 0 15 0.00 0.0 0 3.0 13 10 M M 5 18 17 360
4 87 70 79 -2 0 14 0.02 0.0 0 4.8 14 90 M M 5 1 18 90
5 89 69 79 -2 0 14 0.00 0.0 0 4.1 10 130 M M 2 16 140
6 89 70 80 -1 0 15 0.00 0.0 0 2.6 9 360 M M 3 11 60
7 90 71 81 0 0 16 0.00 0.0 0 4.0 18 310 M M 3 25 310
8 90 70 80 0 0 15 0.00 0.0 0 2.8 9 240 M M 1 14 240
9 90 71 81 1 0 16 0.83 0.0 M 3.5 20 220 M M 2 123 23 230
10 93 72 83 3 0 18 T 0.0 0 2.3 10 220 M M M 14 220
11 92 73 83 3 0 18 0.18 0.0 0 1.8 22 260 M M 1 13 29 260
12 90 73 82 2 0 17 0.01 0.0 0 2.3 7 210 M M 3 13 10 190
13 93 71 82 2 0 17 0.00 0.0 0 1.4 8 140 M M 0 11 130
14 94 72 83 3 0 18 T 0.0 M 2.2 13 70 M M 2 38 17 50
15 90 73 82 2 0 17 0.20 0.0 M 4.6 10 190 M M 3 13 16 190
16 87 73 80 0 0 15 0.03 0.0 M 5.1 15 130 M M 5 1 20 130
17 86 72 79 -1 0 14 0.71 0.0 0 6.2 16 10 M M 6 1 23 10
18 92 70 81 1 0 16 T 0.0 M 1.6 7 160 M M 2 9 150
19 87 73 80 0 0 15 0.30 0.0 M 2.2 17 320 M M 4 13 26 310
20 86 73 80 0 0 15 0.13 0.0 0 4.4 12 250 M M 6 1 14 250
21 85 75 80 0 0 15 0.05 0.0 0 4.8 12 260 M M 7 18 15 230
22 90 74 82 2 0 17 0.10 0.0 0 4.6 15 320 M M 6 24 320
23 94 71 83 3 0 18 0.00 0.0 0 2.4 10 350 M M 0 1 14 330
24 95 71 83 4 0 18 0.00 0.0 0 3.4 8 360 M M 1 11 100
25 95 72 84 5 0 19 0.22 0.0 0 4.6 24 110 M M 1 13 37 100
26 90 71 81 2 0 16 0.00 0.0 0 4.0 9 80 M M 4 14 60
27 91 73 82 3 0 17 0.09 0.0 0 4.4 21 120 M M 1 3 32 120
28 91 73 82 3 0 17 0.00 0.0 0 5.4 14 100 M M 4 20 110
29 90 75 83 4 0 18 T 0.0 0 4.8 14 100 M M 4 21 100
30 85 73 79 1 0 14 0.33 0.0 0 5.9 13 130 M M 3 1 20 110
31 80 73 77 -1 0 12 0.83 0.0 0 9.7 17 220 M M 10 18 25 170
================================================================================
SM 2775 2231 0 496 4.03 0.0 118.8 M 98
================================================================================
AV 89.5 72.0 3.8 FASTST M M 3 MAX(MPH)
MISC ----> 24 110 37 100
================================================================================
NOTES:
# LAST OF SEVERAL OCCURRENCES
COLUMN 17 PEAK WIND IN M.P.H.
PRELIMINARY LOCAL CLIMATOLOGICAL DATA (WS FORM: F-6) , PAGE 2
STATION: ANNISTON
MONTH: AUGUST
YEAR: 2021
LATITUDE: 33 35 N
LONGITUDE: 85 51 W
[TEMPERATURE DATA] [PRECIPITATION DATA] SYMBOLS USED IN COLUMN 16
AVERAGE MONTHLY: 80.7 TOTAL FOR MONTH: 4.03 1 = FOG OR MIST
DPTR FM NORMAL: 0.8 DPTR FM NORMAL: 0.52 2 = FOG REDUCING VISIBILITY
HIGHEST: 95 ON 25,24 GRTST 24HR 1.16 ON 30-31 TO 1/4 MILE OR LESS
LOWEST: 69 ON 5 3 = THUNDER
SNOW, ICE PELLETS, HAIL 4 = ICE PELLETS
TOTAL MONTH: 0.0 INCH 5 = HAIL
GRTST 24HR 0.0 6 = FREEZING RAIN OR DRIZZLE
GRTST DEPTH: 0 7 = DUSTSTORM OR SANDSTORM:
VSBY 1/2 MILE OR LESS
8 = SMOKE OR HAZE
[NO. OF DAYS WITH] [WEATHER - DAYS WITH] 9 = BLOWING SNOW
X = TORNADO
MAX 32 OR BELOW: 0 0.01 INCH OR MORE: 15
MAX 90 OR ABOVE: 19 0.10 INCH OR MORE: 10
MIN 32 OR BELOW: 0 0.50 INCH OR MORE: 3
MIN 0 OR BELOW: 0 1.00 INCH OR MORE: 0
[HDD (BASE 65) ]
TOTAL THIS MO. 0 CLEAR (SCALE 0-3) 16
DPTR FM NORMAL 0 PTCLDY (SCALE 4-7) 13
TOTAL FM JUL 1 0 CLOUDY (SCALE 8-10) 2
DPTR FM NORMAL 0
[CDD (BASE 65) ]
TOTAL THIS MO. 496
DPTR FM NORMAL 34 [PRESSURE DATA]
TOTAL FM JAN 1 1557 HIGHEST SLP 30.20 ON 10
DPTR FM NORMAL -23 LOWEST SLP 29.60 ON 31
[REMARKS]
#FINAL-08-21#